{"id":9577,"date":"2020-07-03T22:29:30","date_gmt":"2020-07-03T15:29:30","guid":{"rendered":"https:\/\/thucpham.com\/?post_type=product&#038;p=9577"},"modified":"2023-12-19T13:33:40","modified_gmt":"2023-12-19T06:33:40","slug":"chup-hut-mui-inox-dang-doi-viet-nam","status":"publish","type":"product","link":"https:\/\/thucpham.com\/vinacom\/chup-hut-mui-inox-dang-doi-viet-nam\/","title":{"rendered":"Ch\u1ee5p H\u00fat M\u00f9i Inox D\u1ea1ng \u0110\u00f4i Vi\u1ec7t Nam"},"content":{"rendered":"<h2><strong><span style=\"font-size: 85%;\">Th\u00f4ng tin s\u1ea3n ph\u1ea9m<\/span><\/strong><\/h2>\n<p style=\"text-align: justify;\"><span style=\"font-weight: 400;\"><strong>Ch\u1ee5p h\u00fat m\u00f9i inox d\u1ea1ng \u0111\u00f4i Vi\u1ec7t Nam<\/strong> v\u1edbi t\u00ednh n\u0103ng h\u00fat m\u00f9i, h\u00fat kh\u00f3i, h\u00fat \u1ea9m nh\u1eb1m h\u1ea1n ch\u1ebf b\u00e1m b\u1ea9n b\u1edfi c\u00e1c l\u1edbp d\u1ea7u m\u1ee1, l\u00e0 s\u1ea3n ph\u1ea9m ch\u1ea5t l\u01b0\u1ee3ng gi\u00fap khu b\u1ebfp t\u1eadp th\u1ec3, b\u1ebfp gia \u0111\u00ecnh, b\u1ebfp nh\u00e0 h\u00e0ng tr\u1edf n\u00ean s\u1ea1ch s\u1ebd v\u00e0 tho\u00e1ng m\u00e1t. Kh\u00f4ng ch\u1ec9 v\u1eady, ch\u1ee5p h\u00fat m\u00f9i \u0111\u00f4i c\u00f2n g\u00f3p ph\u1ea7n \u0111\u1ea3m b\u1ea3o v\u1ec7 sinh an to\u00e0n th\u1ef1c ph\u1ea9m khi n\u1ea5u \u0103n. \u0110\u00e2y l\u00e0 m\u1ed9t ph\u1ea7n kh\u00f4ng th\u1ec3 thi\u1ebfu trong h\u1ec7 th\u1ed1ng h\u00fat m\u00f9i v\u00e0 h\u00fat kh\u00f3i c\u00f4ng nghi\u1ec7p.<\/span><\/p>\n<p><img class=\"aligncenter wp-image-11805 size-full\" src=\"https:\/\/thucpham.com\/wp-content\/uploads\/2020\/07\/chup-hut-mui-inox-dang-doi-viet-nam-banner.jpg\" alt=\"Ch\u1ee5p h\u00fat m\u00f9i inox d\u1ea1ng \u0111\u00f4i Vi\u1ec7t Nam\" width=\"820\" height=\"656\" srcset=\"https:\/\/thucpham.com\/vinacom\/wp-content\/uploads\/2020\/07\/chup-hut-mui-inox-dang-doi-viet-nam-banner.jpg 820w, https:\/\/thucpham.com\/vinacom\/wp-content\/uploads\/2020\/07\/chup-hut-mui-inox-dang-doi-viet-nam-banner-300x240.jpg 300w, https:\/\/thucpham.com\/vinacom\/wp-content\/uploads\/2020\/07\/chup-hut-mui-inox-dang-doi-viet-nam-banner-768x614.jpg 768w, https:\/\/thucpham.com\/vinacom\/wp-content\/uploads\/2020\/07\/chup-hut-mui-inox-dang-doi-viet-nam-banner-24x19.jpg 24w, https:\/\/thucpham.com\/vinacom\/wp-content\/uploads\/2020\/07\/chup-hut-mui-inox-dang-doi-viet-nam-banner-36x29.jpg 36w, https:\/\/thucpham.com\/vinacom\/wp-content\/uploads\/2020\/07\/chup-hut-mui-inox-dang-doi-viet-nam-banner-48x38.jpg 48w, https:\/\/thucpham.com\/vinacom\/wp-content\/uploads\/2020\/07\/chup-hut-mui-inox-dang-doi-viet-nam-banner-510x408.jpg 510w\" sizes=\"(max-width: 820px) 100vw, 820px\" title=\"\"><\/p>\n<p style=\"text-align: center;\"><em>Th\u00f4ng tin s\u1ea3n ph\u1ea9m ch\u1ee5p h\u00fat m\u00f9i inox d\u1ea1ng \u0111\u00f4i Vi\u1ec7t Nam<\/em><\/p>\n<h2><span style=\"font-weight: 400; font-size: 85%;\"><strong>\u01afu \u0111i\u1ec3m ch\u1ee5p h\u00fat m\u00f9i inox d\u1ea1ng \u0111\u00f4i Vi\u1ec7t Nam<\/strong><\/span><\/h2>\n<p style=\"text-align: justify;\"><span style=\"font-weight: 400;\"><strong>Ch\u1ee5p h\u00fat m\u00f9i inox d\u1ea1ng \u0111\u00f4i Vi\u1ec7t Nam<\/strong> \u0111\u01b0\u1ee3c s\u1ea3n xu\u1ea5t t\u1eeb ch\u1ea5t li\u1ec7u <a href=\"https:\/\/vi.wikipedia.org\/wiki\/Th%C3%A9p_kh%C3%B4ng_g%E1%BB%89\" target=\"_blank\" rel=\"noopener nofollow\" data-schema-attribute=\"\">inox nh\u1eadp ngo\u1ea1i<\/a> ch\u1ea5t l\u01b0\u1ee3ng cao, d\u00e0y 0,8mm, \u0111\u01b0\u1ee3c c\u1eaft s\u1ea5n b\u1eb1ng m\u00e1y th\u1ee7y l\u1ef1c, v\u00e0 h\u00e0n b\u1eb1ng kh\u00ed Argon ch\u1ed1ng oxy h\u00f3a \u0111\u1ec3 \u0111\u1ea3m b\u1ea3o cho ch\u1ee5p lu\u00f4n s\u00e1ng b\u00f3ng, b\u1ec1n b\u1ec9, v\u00e0 d\u1ec5 d\u00e0ng v\u1ec7 sinh. \u0110\u1eb7c bi\u1ec7t, ch\u1ea5t li\u1ec7u inox c\u00f3 kh\u1ea3 n\u0103ng ch\u1ecbu nhi\u1ec7t t\u1ed1t, kh\u00f4ng b\u1ecb han g\u1ec9 khi s\u1eed d\u1ee5ng trong th\u1eddi gian d\u00e0i v\u00e0 c\u0169ng ph\u00f9 h\u1ee3p v\u1edbi m\u00f4i tr\u01b0\u1eddng nhi\u1ec7t \u0111\u1ed9 cao, nhi\u1ec1u d\u1ea7u m\u1ee1 nh\u01b0 khu v\u1ef1c b\u1ebfp.<\/span><\/p>\n<p style=\"text-align: justify;\"><span style=\"font-weight: 400;\">Ngo\u00e0i ra, s\u1ea3n ph\u1ea9m c\u00f2n c\u00f3 phin l\u1ecdc m\u1ee1 k\u1ebft h\u1ee3p v\u1edbi c\u1ed1c h\u1ee9ng m\u1ee1 r\u1ea5t ti\u1ec7n l\u1ee3i khi s\u1eed d\u1ee5ng. D\u1ea7u m\u1ee1 khi \u0111\u01b0\u1ee3c h\u00fat l\u00ean tr\u00ean phin l\u1ecdc m\u1ee1 s\u1ebd kh\u00f4ng ch\u1ea3y ng\u01b0\u1ee3c xu\u1ed1ng khu b\u1ebfp n\u1ea5u gi\u00fap kh\u00f4ng gian b\u1ebfp lu\u00f4n s\u1ea1ch s\u1ebd, kh\u00f4 r\u00e1o. Ch\u1ee5p h\u00fat m\u00f9i inox \u0111\u1ea1t ti\u00eau chu\u1ea9n ch\u1ea5t l\u01b0\u1ee3ng ISO 9001:2008, an to\u00e0n v\u1ec7 sinh th\u1ef1c ph\u1ea9m ch\u1eafc ch\u1eafn s\u1ebd l\u00e0m h\u00e0i l\u00f2ng c\u1ea3 nh\u1eefng kh\u00e1ch h\u00e0ng kh\u00f3 t\u00ednh nh\u1ea5t. <\/span><\/p>\n","protected":false},"excerpt":{"rendered":"<ul>\n<li style=\"font-weight: 400;\"><span style=\"font-weight: 400;\">L\u00e0m b\u1eb1ng inox nh\u1eadp ngo\u1ea1i ch\u00e2\u0301t l\u01b0\u01a1\u0323ng cao v\u1edbi \u0111\u1ed9 d\u00e0y 0,8mm<\/span><\/li>\n<li style=\"font-weight: 400;\"><span style=\"font-weight: 400;\">C\u00f3 phin l\u1ecdc m\u1ee1 v\u00e0 c\u1ed1c h\u1ee9ng m\u1ee1 ti\u1ec7n d\u1ee5ng<\/span><\/li>\n<li style=\"font-weight: 400;\"><span style=\"font-weight: 400;\">G\u1ea5p b\u1eb1ng m\u00e1y g\u1ea5p thu\u1ef7 l\u1ef1c, \u0111\u01b0\u1eddng n\u00e9t s\u1eafc s\u1ea3o, vu\u00f4ng v\u1eafn<\/span><\/li>\n<li style=\"font-weight: 400;\"><span style=\"font-weight: 400;\">C\u00f3 \u0111\u00e8n chi\u1ebfu s\u00e1ng t\u1ea1o kh\u00f4ng gian nh\u00ecn t\u1ed1t nh\u1ea5t cho ng\u01b0\u1eddi s\u1eed d\u1ee5ng<\/span><\/li>\n<li style=\"font-weight: 400;\"><span style=\"font-weight: 400;\">\u00c1p su\u1ea5t h\u00fat l\u1edbn gi\u00fap h\u00fat m\u00f9i, h\u00fat kh\u00f3i hi\u1ec7u qu\u1ea3<\/span><\/li>\n<li style=\"font-weight: 400;\"><span style=\"font-weight: 400;\">\u0110\u1ea1t ti\u00eau chu\u1ea9n ch\u1ea5t l\u01b0\u1ee3ng ISO 9001:2008<\/span><\/li>\n<\/ul>\n","protected":false},"featured_media":36764,"comment_status":"open","ping_status":"closed","template":"","meta":[],"product_cat":[205,467],"product_tag":[],"_links":{"self":[{"href":"https:\/\/thucpham.com\/vinacom\/wp-json\/wp\/v2\/product\/9577"}],"collection":[{"href":"https:\/\/thucpham.com\/vinacom\/wp-json\/wp\/v2\/product"}],"about":[{"href":"https:\/\/thucpham.com\/vinacom\/wp-json\/wp\/v2\/types\/product"}],"replies":[{"embeddable":true,"href":"https:\/\/thucpham.com\/vinacom\/wp-json\/wp\/v2\/comments?post=9577"}],"wp:featuredmedia":[{"embeddable":true,"href":"https:\/\/thucpham.com\/vinacom\/wp-json\/wp\/v2\/media\/36764"}],"wp:attachment":[{"href":"https:\/\/thucpham.com\/vinacom\/wp-json\/wp\/v2\/media?parent=9577"}],"wp:term":[{"taxonomy":"product_cat","embeddable":true,"href":"https:\/\/thucpham.com\/vinacom\/wp-json\/wp\/v2\/product_cat?post=9577"},{"taxonomy":"product_tag","embeddable":true,"href":"https:\/\/thucpham.com\/vinacom\/wp-json\/wp\/v2\/product_tag?post=9577"}],"curies":[{"name":"wp","href":"https:\/\/api.w.org\/{rel}","templated":true}]}}