{"id":9541,"date":"2020-07-03T20:32:05","date_gmt":"2020-07-03T20:32:05","guid":{"rendered":"https:\/\/thucpham.com\/?post_type=product&#038;p=9541"},"modified":"2024-07-10T16:24:57","modified_gmt":"2024-07-10T09:24:57","slug":"lo-nuong-salamander-berjaya","status":"publish","type":"product","link":"https:\/\/thucpham.com\/vinacom\/lo-nuong-salamander-berjaya\/","title":{"rendered":"L\u00f2 N\u01b0\u1edbng Salamander Berjaya SALA 22N"},"content":{"rendered":"<h2><span style=\"font-size: 85%;\"><strong>Th\u00f4ng tin s\u1ea3n ph\u1ea9m<\/strong><\/span><\/h2>\n<p style=\"text-align: justify;\"><span style=\"font-weight: 400;\">V\u1edbi thi\u1ebft k\u1ebf hi\u1ec7n \u0111\u1ea1i, \u0111\u1ed9 b\u1ec1n cao, v\u00e0 ch\u1ea5t l\u01b0\u1ee3ng v\u01b0\u1ee3t tr\u1ed9i, <strong>l\u00f2 n\u01b0\u1edbng Salamander Berjaya SALA 22N<\/strong> \u0111ang \u0111\u01b0\u1ee3c r\u1ea5t nhi\u1ec1u kh\u00e1ch h\u00e0ng tin t\u01b0\u1edfng v\u00e0 s\u1eed d\u1ee5ng. Th\u00eam v\u00e0o \u0111\u00f3, l\u00f2 c\u00f3 th\u1ec3 g\u1eafn \u0111\u01b0\u1ee3c tr\u00ean t\u01b0\u1eddng n\u00ean gi\u00fap ti\u1ebft ki\u1ec7m di\u1ec7n t\u00edch cho kh\u00f4ng gian b\u1ebfp. Ngo\u00e0i ra, v\u1edbi thi\u1ebft k\u1ebf g\u1ecdn g\u00e0ng, tr\u1ecdng l\u01b0\u1ee3ng 53kg kh\u00f4ng qu\u00e1 n\u1eb7ng, c\u00f3 th\u1ec3 d\u1ec5 d\u00e0ng di chuy\u1ec3n l\u00f2 n\u01b0\u1edbng.<\/span><\/p>\n<p><img class=\"aligncenter wp-image-11680 size-full\" src=\"https:\/\/thucpham.com\/wp-content\/uploads\/2020\/07\/lo-nuong-Salamander-Sala-22N-banner.jpg\" alt=\"L\u00f2 n\u01b0\u1edbng Salamander Berjaya SALA 22N\" width=\"820\" height=\"656\" srcset=\"https:\/\/thucpham.com\/vinacom\/wp-content\/uploads\/2020\/07\/lo-nuong-Salamander-Sala-22N-banner.jpg 820w, https:\/\/thucpham.com\/vinacom\/wp-content\/uploads\/2020\/07\/lo-nuong-Salamander-Sala-22N-banner-300x240.jpg 300w, https:\/\/thucpham.com\/vinacom\/wp-content\/uploads\/2020\/07\/lo-nuong-Salamander-Sala-22N-banner-768x614.jpg 768w, https:\/\/thucpham.com\/vinacom\/wp-content\/uploads\/2020\/07\/lo-nuong-Salamander-Sala-22N-banner-24x19.jpg 24w, https:\/\/thucpham.com\/vinacom\/wp-content\/uploads\/2020\/07\/lo-nuong-Salamander-Sala-22N-banner-36x29.jpg 36w, https:\/\/thucpham.com\/vinacom\/wp-content\/uploads\/2020\/07\/lo-nuong-Salamander-Sala-22N-banner-48x38.jpg 48w, https:\/\/thucpham.com\/vinacom\/wp-content\/uploads\/2020\/07\/lo-nuong-Salamander-Sala-22N-banner-510x408.jpg 510w\" sizes=\"(max-width: 820px) 100vw, 820px\" title=\"\"><\/p>\n<p style=\"text-align: center;\"><em>Th\u00f4ng tin s\u1ea3n ph\u1ea9m l\u00f2 n\u01b0\u1edbng Salamander Berjaya SALA 22N<\/em><\/p>\n<h2><span style=\"font-weight: 400; font-size: 85%;\"><strong>\u01afu \u0111i\u1ec3m l\u00f2 n\u01b0\u1edbng Salamander Berjaya<\/strong><\/span><\/h2>\n<p style=\"text-align: justify;\"><span style=\"font-weight: 400;\"><strong>L\u00f2 n\u01b0\u1edbng Salamander Berjaya SALA 22N<\/strong> ho\u1ea1t \u0111\u1ed9ng m\u1ea1nh m\u1ebd v\u01a1\u0301i 1 b\u00ea\u0301p l\u1edbn v\u00e0 co\u0301 khay h\u01b0\u0301ng m\u01a1\u0303 th\u01b0\u0300a la\u0300m b\u0103\u0300ng <a href=\"https:\/\/vi.wikipedia.org\/wiki\/Th%C3%A9p_kh%C3%B4ng_g%E1%BB%89\" target=\"_blank\" rel=\"noopener nofollow\" data-schema-attribute=\"\">inox kh\u00f4ng g\u1ec9<\/a>, d\u1ec5 d\u00e0ng th\u00e1o r\u1eddi \u0111\u1ec3 v\u1ec7 sinh. Ph\u1ea7n v\u1ecf l\u00e0m b\u1eb1ng inox 304 t\u1ea1o n\u00ean v\u1ebb sang tr\u1ecdng, b\u1eaft m\u1eaft, s\u00e1ng b\u00f3ng l\u00e0m kh\u00f4ng gian b\u1ebfp b\u1eebng s\u00e1ng, kh\u01a1i d\u1eady ngu\u1ed3n c\u1ea3m h\u1ee9ng trong vi\u1ec7c t\u1ea1o ra nh\u1eefng m\u00f3n \u0103n ngon, h\u1ea5p d\u1eabn v\u00e0 l\u00e0m h\u00e0i l\u00f2ng th\u1ef1c kh\u00e1ch. Th\u00e2n b\u1ebfp \u0111\u01b0\u1ee3c k\u1ebft c\u1ea5u t\u1eeb th\u00e9p kh\u00f4ng g\u1ec9, c\u00f4ng ngh\u1ec7 cao n\u00ean lu\u00f4n t\u1ea1o ra \u0111\u1ed9 c\u1ee9ng c\u00e1p, ch\u1eafc ch\u1eafn cho b\u1ebfp, kh\u00f4ng h\u1ec1 x\u1ea3y ra t\u00ecnh tr\u1ea1ng m\u00e9o m\u00f3 khi s\u1eed d\u1ee5ng.<\/span><\/p>\n<p style=\"text-align: justify;\"><span style=\"font-weight: 400;\">V\u1edbi l\u01b0\u1ee3ng gas ti\u00eau th\u1ee5 38500 Btu \/ Hr (MJ \/ Hr) gi\u00fap hi\u1ec7u su\u1ea5t n\u01b0\u1edbng hi\u1ec7u qu\u1ea3, th\u1eddi gian n\u01b0\u1edbng nhanh ch\u00f3ng, ti\u1ebft ki\u1ec7m gas. Th\u00eam v\u00e0o \u0111\u00f3, khay n\u01b0\u1edbng \u0111\u01b0\u1ee3c l\u00e0m t\u1eeb lo\u1ea1i th\u00e9p chuy\u00ean d\u1ee5ng, kh\u1ea3 n\u0103ng ch\u1ecbu nhi\u1ec7t t\u1ed1t \u0111\u1ed3ng th\u1eddi kh\u00f4ng ch\u1ee9a c\u00e1c ch\u1ea5t \u0111\u1ed9c h\u1ea1i g\u00e2y \u1ea3nh h\u01b0\u1edfng s\u1ee9c kho\u1ebb c\u1ee7a ng\u01b0\u1eddi ti\u00eau d\u00f9ng. <strong>L\u00f2 n\u01b0\u1edbng Salamander Berjaya SALA 22N<\/strong> \u0111\u01b0\u1ee3c trang b\u1ecb c\u00e1c n\u00fat \u0111i\u1ec1u khi\u1ec3n nhi\u1ec7t \u0111\u1ed9, \u0111i\u1ec1u ch\u1ec9nh d\u1ec5 d\u00e0ng sao cho ph\u00f9 h\u1ee3p v\u1edbi t\u1eebng lo\u1ea1i th\u1ef1c ph\u1ea9m, l\u00e0m cho m\u00f3n \u0103n \u0111\u01b0\u1ee3c ho\u00e0n h\u1ea3o v\u00e0 ngon h\u01a1n.<\/span><\/p>\n<p style=\"text-align: justify;\"><span style=\"font-weight: 400;\"><em>L\u00f2 n\u01b0\u1edbng Salamander Berjaya SALA 22N<\/em> \u0111\u01b0\u1ee3c nh\u1eadp kh\u1ea9u tr\u1ef1c ti\u1ebfp t\u1eeb nh\u00e0 s\u1ea3n xu\u1ea5t Berjaya &#8211; m\u1ed9t th\u01b0\u01a1ng hi\u1ec7u n\u1ed5i ti\u1ebfng t\u1ea1i Malaysia chuy\u00ean cung c\u1ea5p c\u00e1c thi\u1ebft b\u1ecb b\u1ebfp c\u00f4ng nghi\u1ec7p v\u00ec v\u1eady ng\u01b0\u1eddi d\u00f9ng ho\u00e0n to\u00e0n c\u00f3 th\u1ec3 y\u00ean t\u00e2m v\u1ec1 ch\u1ea5t l\u01b0\u1ee3ng s\u1ea3n ph\u1ea9m. B\u1ea1n c\u0169ng c\u00f3 th\u1ec3 tham kh\u1ea3o th\u00eam m\u1ed9t v\u00e0i model <a href=\"https:\/\/thucpham.com\/bep-nuong-lo-nuong-cong-nghiep\/\">b\u1ebfp n\u01b0\u1edbng l\u00f2 n\u01b0\u1edbng c\u00f4ng nghi\u1ec7p<\/a> c\u1ee7a h\u00e0ng Berjaya \u0111ang cung c\u1ea5p \u0111\u1ec3 c\u00f3 th\u1ec3 c\u00f3 l\u1ef1a ch\u1ecdn ph\u00f9 h\u1ee3p nh\u1ea5t: <span data-sheets-value=\"{&quot;1&quot;:2,&quot;2&quot;:&quot;B\u1ebfp N\u01b0\u1edbng 5 H\u1ecdng D\u00f9ng Gas Berjaya&quot;}\" data-sheets-userformat=\"{&quot;2&quot;:14466,&quot;4&quot;:{&quot;1&quot;:2,&quot;2&quot;:16777215},&quot;10&quot;:2,&quot;14&quot;:{&quot;1&quot;:2,&quot;2&quot;:0},&quot;15&quot;:&quot;Arial&quot;,&quot;16&quot;:10}\"><a href=\"https:\/\/thucpham.com\/bep-nuong-5-hong-dung-gas-berjaya\/\">B\u1ebfp N\u01b0\u1edbng 5 H\u1ecdng D\u00f9ng Gas Berjaya<\/a>, <a href=\"https:\/\/thucpham.com\/lo-nuong-dien-3-tang-berjaya\/\">L\u00f2 N\u01b0\u1edbng \u0110i\u1ec7n 3 T\u1ea7ng Berjaya<\/a>,&#8230;<\/span><\/span><\/p>\n","protected":false},"excerpt":{"rendered":"<ul>\n<li style=\"font-weight: 400;\"><span style=\"font-weight: 400;\">L\u00e0m ho\u00e0n to\u00e0n t\u1eeb th\u00e9p ch\u1ed1ng g\u1ec9, ch\u1ed1ng m\u00f2n, b\u1ec1n \u0111\u1eb9p theo th\u1eddi gian<\/span><\/li>\n<li style=\"font-weight: 400;\"><span style=\"font-weight: 400;\">L\u00f2 \u0111\u01b0\u01a1\u0323c treo l\u00ean t\u01b0\u01a1\u0300ng hay \u0111\u0103\u0323t tr\u00ean ba\u0300n ti\u00ea\u0301t ki\u00ea\u0323m di\u00ea\u0323n ti\u0301ch b\u00ea\u0301p<\/span><\/li>\n<li style=\"font-weight: 400;\"><span style=\"font-weight: 400;\">Co\u0301 van gas \u0111i\u00ea\u0300u chi\u0309nh m\u01b0\u0301c nhi\u00ea\u0323t phu\u0300 h\u01a1\u0323p<\/span><\/li>\n<li style=\"font-weight: 400;\"><span style=\"font-weight: 400;\">Thi\u1ebft k\u1ebf g\u1ecdn, kh\u00f4ng qu\u00e1 n\u1eb7ng, c\u00f3 th\u1ec3 di chuy\u1ec3n d\u1ec5 d\u00e0ng.<\/span><\/li>\n<li style=\"font-weight: 400;\"><span style=\"font-weight: 400;\">Khay h\u1ee9ng m\u1ee1 th\u1eeba b\u1eb1ng inox b\u00ean d\u01b0\u01a1\u0301i, tha\u0301o ra v\u00ea\u0323 sinh d\u00ea\u0303 da\u0300ng\u00a0<\/span><\/li>\n<li style=\"font-weight: 400;\"><span style=\"font-weight: 400;\">Linh ho\u1ea1t \u0111i\u1ec1u ch\u1ec9nh nhi\u1ec7t \u0111\u1ed9 \u0111\u1ec3 ph\u00f9 h\u1ee3p v\u1edbi t\u1eebng lo\u1ea1i \u0111\u1ed3 n\u01b0\u1edbng<\/span><\/li>\n<\/ul>\n","protected":false},"featured_media":36696,"comment_status":"open","ping_status":"closed","template":"","meta":[],"product_cat":[202,247],"product_tag":[],"_links":{"self":[{"href":"https:\/\/thucpham.com\/vinacom\/wp-json\/wp\/v2\/product\/9541"}],"collection":[{"href":"https:\/\/thucpham.com\/vinacom\/wp-json\/wp\/v2\/product"}],"about":[{"href":"https:\/\/thucpham.com\/vinacom\/wp-json\/wp\/v2\/types\/product"}],"replies":[{"embeddable":true,"href":"https:\/\/thucpham.com\/vinacom\/wp-json\/wp\/v2\/comments?post=9541"}],"wp:featuredmedia":[{"embeddable":true,"href":"https:\/\/thucpham.com\/vinacom\/wp-json\/wp\/v2\/media\/36696"}],"wp:attachment":[{"href":"https:\/\/thucpham.com\/vinacom\/wp-json\/wp\/v2\/media?parent=9541"}],"wp:term":[{"taxonomy":"product_cat","embeddable":true,"href":"https:\/\/thucpham.com\/vinacom\/wp-json\/wp\/v2\/product_cat?post=9541"},{"taxonomy":"product_tag","embeddable":true,"href":"https:\/\/thucpham.com\/vinacom\/wp-json\/wp\/v2\/product_tag?post=9541"}],"curies":[{"name":"wp","href":"https:\/\/api.w.org\/{rel}","templated":true}]}}