{"id":9531,"date":"2020-07-03T20:15:43","date_gmt":"2020-07-03T20:15:43","guid":{"rendered":"https:\/\/thucpham.com\/?post_type=product&#038;p=9531"},"modified":"2021-12-04T10:27:41","modified_gmt":"2021-12-04T03:27:41","slug":"lo-nuong-dien-2-tang-berjaya","status":"publish","type":"product","link":"https:\/\/thucpham.com\/vinacom\/lo-nuong-dien-2-tang-berjaya\/","title":{"rendered":"L\u00f2 N\u01b0\u1edbng \u0110i\u1ec7n 2 T\u1ea7ng Berjaya"},"content":{"rendered":"<p style=\"text-align: justify\"><b><i>L\u00f2 n\u01b0\u1edbng \u0111i\u1ec7n 2 t\u1ea7ng Berjaya BJY-E13KW-2BD<\/i><\/b><span style=\"font-weight: 400\"> l\u00e0 m\u1ed9t s\u1ea3n ph\u1ea9m thu\u1ed9c th\u01b0\u01a1ng hi\u1ec7u Berjaya, Malaysia, \u0111\u01b0\u1ee3c s\u1ea3n xu\u1ea5t tr\u00ean d\u00e2y chuy\u1ec1n c\u00f4ng ngh\u1ec7 cao v\u00e0 \u0111\u01b0\u1ee3c \u01b0a chu\u1ed9ng tr\u00ean nhi\u1ec1u qu\u1ed1c gia, trong \u0111\u00f3 c\u00f3 Vi\u1ec7t Nam. V\u1edbi ki\u1ec3u d\u00e1ng c\u00f4ng nghi\u1ec7p, k\u1ebft c\u1ea5u b\u1eb1ng ch\u1ea5t li\u1ec7u inox c\u00f3 \u0111\u1ed9 b\u1ec1n cao, s\u1ea3n ph\u1ea9m n\u00e0y r\u1ea5t ti\u1ec7n l\u1ee3i trong vi\u1ec7c n\u01b0\u1edbng nhi\u1ec1u lo\u1ea1i b\u00e1nh nh\u01b0 b\u00e1nh m\u00ec, b\u00e1nh trung thu, pizza, b\u00f4ng lan\u2026 kh\u00f4ng ch\u1ec9 c\u00f3 m\u00e0u s\u1eafc v\u00e0ng \u0111\u1ec1u, b\u1eaft m\u1eaft m\u00e0 c\u00f2n c\u00f3 m\u00f9i v\u1ecb th\u01a1m ngon. Th\u00eam v\u00e0o \u0111\u00f3, l\u00f2 n\u01b0\u1edbng c\u00f3 th\u1ec3 ch\u1ee9a \u0111\u01b0\u1ee3c m\u1ed9t s\u1ed1 l\u01b0\u1ee3ng l\u1edbn th\u1ef1c ph\u1ea9m m\u00e0 kh\u00f4ng t\u1ed1n nhi\u1ec1u di\u1ec7n t\u00edch, an to\u00e0n khi s\u1eed d\u1ee5ng v\u00e0 ti\u1ebft ki\u1ec7m \u0111i\u1ec7n n\u0103ng ti\u00eau th\u1ee5.&nbsp;&nbsp;<\/span><\/p>\n<p><img class=\"size-full wp-image-11727 aligncenter\" src=\"https:\/\/thucpham.com\/wp-content\/uploads\/2020\/07\/lo-nuong-dien-2-tang-BJY-E13KW-2BD-banner.jpg\" alt=\"lo-nuong-dien-2-tang-BJY-E13KW-2BD\" width=\"820\" height=\"656\" srcset=\"https:\/\/thucpham.com\/vinacom\/wp-content\/uploads\/2020\/07\/lo-nuong-dien-2-tang-BJY-E13KW-2BD-banner.jpg 820w, https:\/\/thucpham.com\/vinacom\/wp-content\/uploads\/2020\/07\/lo-nuong-dien-2-tang-BJY-E13KW-2BD-banner-300x240.jpg 300w, https:\/\/thucpham.com\/vinacom\/wp-content\/uploads\/2020\/07\/lo-nuong-dien-2-tang-BJY-E13KW-2BD-banner-768x614.jpg 768w, https:\/\/thucpham.com\/vinacom\/wp-content\/uploads\/2020\/07\/lo-nuong-dien-2-tang-BJY-E13KW-2BD-banner-24x19.jpg 24w, https:\/\/thucpham.com\/vinacom\/wp-content\/uploads\/2020\/07\/lo-nuong-dien-2-tang-BJY-E13KW-2BD-banner-36x29.jpg 36w, https:\/\/thucpham.com\/vinacom\/wp-content\/uploads\/2020\/07\/lo-nuong-dien-2-tang-BJY-E13KW-2BD-banner-48x38.jpg 48w, https:\/\/thucpham.com\/vinacom\/wp-content\/uploads\/2020\/07\/lo-nuong-dien-2-tang-BJY-E13KW-2BD-banner-510x408.jpg 510w\" sizes=\"(max-width: 820px) 100vw, 820px\" title=\"\"><\/p>\n<p style=\"text-align: center\"><em>Th\u00f4ng tin s\u1ea3n ph\u1ea9m l\u00f2 n\u01b0\u1edbng \u0111i\u1ec7n 2 t\u1ea7ng Berjaya BJY-E13KW-2BD<\/em><\/p>\n<p style=\"text-align: justify\"><span style=\"font-weight: 400\">Ngo\u00e0i ra, \u0111i\u1ec3m \u0111\u1eb7c tr\u01b0ng v\u00e0 n\u1ed5i b\u1eadt c\u1ee7a l\u00f2 n\u01b0\u1edbng Berjaya BJY-E13KW-2BD l\u00e0 \u0111\u01b0\u1ee3c thi\u1ebft k\u1ebf d\u1ea1ng 2 t\u1ea7ng, 4 khay, cho ph\u00e9p ng\u01b0\u1eddi d\u00f9ng d\u1ec5 d\u00e0ng ph\u00e2n lo\u1ea1i b\u00e1nh khi s\u1eed d\u1ee5ng&nbsp; k\u1ebft h\u1ee3p v\u1edbi c\u00f4ng su\u1ea5t c\u1ef1c l\u1edbn, gi\u00fap n\u01b0\u1edbng ra s\u1ed1 l\u01b0\u1ee3ng b\u00e1nh cao. Kh\u00f4ng ch\u1ec9 c\u00f3 thi\u1ebft k\u1ebf sang tr\u1ecdng v\u00e0 ho\u1ea1t \u0111\u1ed9ng hi\u1ec7u qu\u1ea3, l\u00f2 n\u01b0\u1edbng \u0111i\u1ec7n 2 t\u1ea7ng Berjaya BJY-E13KW-2BD c\u00f2n lu\u00f4n ch\u00fa tr\u1ecdng \u0111\u1ebfn \u0111\u1ed9 an to\u00e0n cho ng\u01b0\u1eddi d\u00f9ng, c\u1ee5 th\u1ec3 l\u00e0 thi\u1ebft b\u1ecb \u0111\u01b0\u1ee3c t\u00edch h\u1ee3p \u0111\u1ea7y \u0111\u1ee7 c\u00e1c ch\u1ebf \u0111\u1ed9 nh\u01b0 ch\u1ebf \u0111\u1ed9 h\u1eb9n gi\u1edd t\u1ef1 \u0111\u1ed9ng t\u1eaft th\u00f4ng minh, kh\u00f3a tr\u1ebb em\u2026, gi\u00fap cho ng\u01b0\u1eddi d\u00f9ng y\u00ean t\u00e2m h\u01a1n trong qu\u00e1 tr\u00ecnh s\u1eed d\u1ee5ng. <b><i>L\u00f2 n\u01b0\u1edbng \u0111i\u1ec7n 2 t\u1ea7ng Berjaya BJY-E13KW-2BD<\/i><\/b>&nbsp; th\u1ef1c s\u1ef1 l\u00e0 m\u1ed9t l\u1ef1a ch\u1ecdn th\u00edch h\u1ee3p v\u00e0 tuy\u1ec7t v\u1eddi cho nhi\u1ec1u ti\u1ec7m b\u00e1nh hay nh\u00e0 h\u00e0ng l\u1edbn, \u0111\u1ec3 ch\u1ebf bi\u1ebfn c\u00e1c m\u00f3n \u0103n h\u1ea5p d\u1eabn.<\/span><\/p>\n","protected":false},"excerpt":{"rendered":"<ul>\n<li style=\"font-weight: 400\"><span style=\"font-weight: 400\">An to\u00e0n h\u01a1n nhi\u1ec1u so v\u1edbi n\u01b0\u1edbng truy\u1ec1n th\u1ed1ng<\/span><\/li>\n<li style=\"font-weight: 400\"><span style=\"font-weight: 400\">Thi\u1ebft k\u1ebf 2 t\u1ea7ng 4 khay, d\u1ec5 d\u00e0ng ph\u00e2n lo\u1ea1i b\u00e1nh khi s\u1eed d\u1ee5ng<\/span><\/li>\n<li style=\"font-weight: 400\"><span style=\"font-weight: 400\">C\u00f4ng su\u1ea5t c\u1ef1c l\u1edbn, gi\u00fap n\u01b0\u1edbng b\u00e1nh v\u1edbi s\u1ed1 l\u01b0\u1ee3ng l\u1edbn<\/span><\/li>\n<li style=\"font-weight: 400\"><span style=\"font-weight: 400\">C\u01a1 ch\u1ebf nhi\u1ec7t l\u01b0\u1ee3ng \u0111\u1ec1u, ho\u1ea1t \u0111\u1ed9ng \u1ed5n \u0111\u1ecbnh<\/span><\/li>\n<li style=\"font-weight: 400\"><span style=\"font-weight: 400\">Ch\u1ea5t li\u1ec7u inox c\u00f3 \u0111\u1ed9 b\u1ec1n cao, s\u00e1ng b\u00f3ng, v\u1ec7 sinh d\u1ec5<\/span><\/li>\n<li style=\"font-weight: 400\"><span style=\"font-weight: 400\">Trang b\u1ecb kh\u00f3a tr\u1ebb em, ch\u1ebf \u0111\u1ed9 h\u1eb9n gi\u1edd t\u1ef1 t\u1eaft th\u00f4ng minh<\/span><\/li>\n<\/ul>\n","protected":false},"featured_media":36674,"comment_status":"open","ping_status":"closed","template":"","meta":[],"product_cat":[202,247],"product_tag":[],"_links":{"self":[{"href":"https:\/\/thucpham.com\/vinacom\/wp-json\/wp\/v2\/product\/9531"}],"collection":[{"href":"https:\/\/thucpham.com\/vinacom\/wp-json\/wp\/v2\/product"}],"about":[{"href":"https:\/\/thucpham.com\/vinacom\/wp-json\/wp\/v2\/types\/product"}],"replies":[{"embeddable":true,"href":"https:\/\/thucpham.com\/vinacom\/wp-json\/wp\/v2\/comments?post=9531"}],"wp:featuredmedia":[{"embeddable":true,"href":"https:\/\/thucpham.com\/vinacom\/wp-json\/wp\/v2\/media\/36674"}],"wp:attachment":[{"href":"https:\/\/thucpham.com\/vinacom\/wp-json\/wp\/v2\/media?parent=9531"}],"wp:term":[{"taxonomy":"product_cat","embeddable":true,"href":"https:\/\/thucpham.com\/vinacom\/wp-json\/wp\/v2\/product_cat?post=9531"},{"taxonomy":"product_tag","embeddable":true,"href":"https:\/\/thucpham.com\/vinacom\/wp-json\/wp\/v2\/product_tag?post=9531"}],"curies":[{"name":"wp","href":"https:\/\/api.w.org\/{rel}","templated":true}]}}