{"id":9458,"date":"2020-07-02T23:41:10","date_gmt":"2020-07-02T23:41:10","guid":{"rendered":"https:\/\/thucpham.com\/?post_type=product&#038;p=9458"},"modified":"2022-04-08T13:40:34","modified_gmt":"2022-04-08T06:40:34","slug":"lo-hap-nuong-da-nang-eka-mkf-511-ts","status":"publish","type":"product","link":"https:\/\/thucpham.com\/vinacom\/lo-hap-nuong-da-nang-eka-mkf-511-ts\/","title":{"rendered":"L\u00f2 H\u1ea5p N\u01b0\u1edbng \u0110a N\u0103ng Eka MKF 511 TS"},"content":{"rendered":"<p style=\"text-align: justify;\"><span style=\"font-weight: 400;\">V\u1edbi chi\u1ebfc <\/span><b>l\u00f2 h\u1ea5p n\u01b0\u1edbng \u0111a n\u0103ng Eka MKF 511 TS<\/b><span style=\"font-weight: 400;\"> th\u00ec gi\u1edd \u0111\u00e2y \u0111\u1ed1i v\u1edbi b\u1ea1n h\u1ea5p hay n\u01b0\u1edbng \u0111\u1ed3 \u0103n s\u1ebd tr\u1edf n\u00ean \u0111\u01a1n gi\u1ea3n h\u01a1n bao gi\u1edd h\u1ebft. Kh\u00f4ng ch\u1ec9 \u0111\u1ec3 h\u1ea5p n\u01b0\u1edbng th\u1ecbt l\u1ee3n, g\u00e0, v\u1ecbt, c\u00e1 v\u00e0 rau c\u1ee7, l\u00f2 h\u1ea5p n\u01b0\u1edbng n\u00e0y c\u00f2n s\u1eed d\u1ee5ng \u0111\u1ec3 l\u00e0m c\u00e1c lo\u1ea1i b\u00e1nh n\u01b0\u1edbng, b\u00e1nh h\u1ea5p ch\u1ea5t l\u01b0\u1ee3ng cho c\u00e1c c\u1eeda h\u00e0ng b\u00e1nh. V\u1edbi hai ch\u1ebf \u0111\u1ed9 n\u1ea5u ch\u00ednh l\u00e0 n\u01b0\u1edbng v\u00e0 h\u1ea5p, thi\u1ebft b\u1ecb t\u1ef1 \u0111\u1ed9ng thi\u1ebft l\u1eadp ch\u1ebf \u0111\u1ed9 n\u01b0\u1edbng hay h\u1ea5p ph\u00f9 h\u1ee3p nh\u1ea5t cho c\u00e1c m\u00f3n \u0103n c\u1ee7a ng\u01b0\u1eddi d\u00f9ng ch\u1ec9 v\u1edbi m\u1ed9t n\u00fat nh\u1ea5n.<\/span><\/p>\n<p><img class=\"size-full wp-image-11795 aligncenter\" src=\"https:\/\/thucpham.com\/wp-content\/uploads\/2020\/07\/lo-hap-nuong-da-nang-eka-mkf-511-tst-banner.jpg\" alt=\"lo-hap-nuong-da-nang-eka-mkf-511-ts\" width=\"820\" height=\"656\" srcset=\"https:\/\/thucpham.com\/vinacom\/wp-content\/uploads\/2020\/07\/lo-hap-nuong-da-nang-eka-mkf-511-tst-banner.jpg 820w, https:\/\/thucpham.com\/vinacom\/wp-content\/uploads\/2020\/07\/lo-hap-nuong-da-nang-eka-mkf-511-tst-banner-300x240.jpg 300w, https:\/\/thucpham.com\/vinacom\/wp-content\/uploads\/2020\/07\/lo-hap-nuong-da-nang-eka-mkf-511-tst-banner-768x614.jpg 768w, https:\/\/thucpham.com\/vinacom\/wp-content\/uploads\/2020\/07\/lo-hap-nuong-da-nang-eka-mkf-511-tst-banner-24x19.jpg 24w, https:\/\/thucpham.com\/vinacom\/wp-content\/uploads\/2020\/07\/lo-hap-nuong-da-nang-eka-mkf-511-tst-banner-36x29.jpg 36w, https:\/\/thucpham.com\/vinacom\/wp-content\/uploads\/2020\/07\/lo-hap-nuong-da-nang-eka-mkf-511-tst-banner-48x38.jpg 48w, https:\/\/thucpham.com\/vinacom\/wp-content\/uploads\/2020\/07\/lo-hap-nuong-da-nang-eka-mkf-511-tst-banner-510x408.jpg 510w\" sizes=\"(max-width: 820px) 100vw, 820px\" title=\"\"><\/p>\n<p style=\"text-align: center;\"><em>Th\u00f4ng tin s\u1ea3n ph\u1ea9m l\u00f2 h\u1ea5p n\u01b0\u1edbng \u0111a n\u0103ng Eka MKF 511 TS<\/em><\/p>\n<h2><span style=\"font-size: 85%;\"><strong>\u01afu \u0111i\u1ec3m L\u00f2 h\u1ea5p n\u01b0\u1edbng \u0111a n\u0103ng Eka MKF 511 TS<\/strong><\/span><\/h2>\n<p><span style=\"font-weight: 400;\"><strong>L\u00f2 h\u1ea5p n\u01b0\u1edbng \u0111a n\u0103ng Eka MKF 511 TS <\/strong>\u0111\u01b0\u1ee3c thi\u1ebft k\u1ebf vu\u00f4ng v\u1eafn \u0111\u1eb9p m\u1eaft v\u1edbi v\u1ecf ngo\u00e0i m\u00e0u \u0111en sang tr\u1ecdng. Thi\u1ebft b\u1ecb c\u00f3 c\u00e1c ph\u1ee5 ki\u1ec7n v\u1ec9 n\u01b0\u1edbng, xi\u00ean n\u01b0\u1edbng ch\u1ed1ng d\u00ednh, khay h\u1ee9ng m\u1ee1 th\u1eeba gi\u00fap quy tr\u00ecnh n\u01b0\u1edbng chuy\u00ean nghi\u1ec7p, nhanh ch\u00f3ng, s\u1ea1ch s\u1ebd v\u00e0 an to\u00e0n. <\/span><\/p>\n<p style=\"text-align: justify;\"><span style=\"font-weight: 400;\"><strong>L\u00f2 h\u1ea5p n\u01b0\u1edbng \u0111a n\u0103ng Eka MKF 511 TS<\/strong> c\u00f3 quy tr\u00ecnh l\u00e0m vi\u1ec7c v\u00f4 c\u00f9ng ch\u00ednh x\u00e1c v\u00e0 h\u1ec7 th\u1ed1ng gia nhi\u1ec7t \u1ed5n \u0111\u1ecbnh \u0111\u1ec3 lu\u00f4n b\u1ea3o \u0111\u1ea3m l\u00e0m ch\u00edn th\u1ef1c ph\u1ea9m v\u1edbi m\u1ee9c nhi\u1ec7t ph\u00f9 h\u1ee3p nh\u1ea5t. M\u1eb7c d\u00f9 k\u1ebft h\u1ee3p n\u01b0\u1edbng v\u00e0 h\u1ea5p, nh\u01b0ng s\u1ea3n ph\u1ea9m v\u1eabn ho\u1ea1t \u0111\u1ed9ng hi\u1ec7u qu\u1ea3 gi\u1ed1ng nh\u01b0 nh\u1eefng b\u1ebfp n\u01b0\u1edbng, b\u1ebfp h\u1ea5p ri\u00eang bi\u1ec7t. Ngo\u00e0i ra, b\u1ea1n c\u00f3 th\u1ec3 d\u1ec5 d\u00e0ng quan s\u00e1t qu\u00e1 tr\u00ecnh n\u1ea5u m\u00e0 kh\u00f4ng c\u1ea7n m\u1edf c\u1eeda l\u00f2 b\u1edfi c\u1eeda k\u00ednh c\u01b0\u1eddng l\u1ef1c trong su\u1ed1t c\u00f9ng v\u1edbi \u0111\u00e8n chi\u1ebfu s\u00e1ng <a href=\"https:\/\/vi.wikipedia.org\/wiki\/LED\" target=\"_blank\" rel=\"noopener nofollow\" data-schema-attribute=\"\">LED<\/a> gi\u00fap b\u1ea1n nh\u00ecn r\u00f5 \u0111\u01b0\u1ee3c to\u00e0n b\u1ed9 th\u1ef1c ph\u1ea9m b\u00ean trong l\u00f2.&nbsp;<\/span><\/p>\n<p style=\"text-align: justify;\"><span style=\"font-weight: 400;\">B\u1ea1n \u0111ang t\u00ecm mua l\u00f2 h\u1ea5p, l\u00f2 n\u01b0\u1edbng cho nh\u00e0 h\u00e0ng hay qu\u00e1n \u0103n c\u1ee7a m\u00ecnh? \u0110\u1eebng b\u1ecf qua s\u1ea3n ph\u1ea9m l\u00f2 h\u1ea5p n\u01b0\u1edbng \u0111a n\u0103ng Eka MKF 511 TS n\u00e0y nh\u00e9! B\u1ea1n c\u0169ng c\u00f3 th\u1ec3 c\u00f3 nhi\u1ec1u l\u1ef1a ch\u1ecdn h\u01a1n \u0111\u1ec3 t\u00ecm ra s\u1ea3n ph\u1ea9m <a href=\"https:\/\/thucpham.com\/bep-nuong-lo-nuong-cong-nghiep\/\">b\u1ebfp n\u01b0\u1edbng l\u00f2 n\u01b0\u1edbng c\u00f4ng nghi\u1ec7p<\/a> ph\u00f9 h\u1ee3p nh\u1ea5t khi tham kh\u1ea3o th\u00eam c\u00e1c model kh\u00e1c nh\u01b0: <span data-sheets-value=\"{&quot;1&quot;:2,&quot;2&quot;:&quot;L\u00f2 H\u1ea5p N\u01b0\u1edbng \u0110a N\u0103ng Eka EKF711TC&quot;}\" data-sheets-userformat=\"{&quot;2&quot;:14466,&quot;4&quot;:{&quot;1&quot;:2,&quot;2&quot;:16777215},&quot;10&quot;:2,&quot;14&quot;:{&quot;1&quot;:2,&quot;2&quot;:0},&quot;15&quot;:&quot;Arial&quot;,&quot;16&quot;:10}\"><a href=\"https:\/\/thucpham.com\/lo-hap-nuong-da-nang-eka-ekf711tc\/\">L\u00f2 H\u1ea5p N\u01b0\u1edbng \u0110a N\u0103ng Eka EKF711TC<\/a>, <a href=\"https:\/\/thucpham.com\/lo-hap-nuong-da-nang-eka-ekf-621\/\">L\u00f2 H\u1ea5p N\u01b0\u1edbng \u0110a N\u0103ng Eka EKF 621<\/a>,&#8230;<\/span><\/span><\/p>\n","protected":false},"excerpt":{"rendered":"<ul>\n<li style=\"font-weight: 400;\"><span style=\"font-weight: 400;\">Thi\u1ebft k\u1ebf chuy\u00ean nghi\u1ec7p, hi\u1ec7n \u0111\u1ea1i, d\u1ec5 d\u00e0ng s\u1eed d\u1ee5ng<\/span><\/li>\n<li style=\"font-weight: 400;\"><span style=\"font-weight: 400;\">T\u1ef1 \u0111\u1ed9ng thi\u1ebft l\u1eadp \u0111\u01b0\u1ee3c ch\u1ebf \u0111\u1ed9 h\u1ea5p, n\u01b0\u1edbng ph\u00f9 h\u1ee3p v\u1edbi t\u1eebng m\u00f3n \u0103n<\/span><\/li>\n<li style=\"font-weight: 400;\"><span style=\"font-weight: 400;\">B\u1ed9 \u0111i\u1ec1u khi\u1ec3n nhi\u1ec7t \u0111\u1ed9 \u0111i\u1ec7n t\u1eed d\u1ec5 d\u00e0ng \u0111i\u1ec1u ch\u1ec9nh m\u1ee9c nhi\u1ec7t, th\u1eddi gian<\/span><\/li>\n<li style=\"font-weight: 400;\"><span style=\"font-weight: 400;\">H\u1ec7 th\u1ed1ng t\u1ef1 \u0111\u1ed9ng r\u1eeda sau khi v\u1eadn h\u00e0nh<\/span><\/li>\n<li style=\"font-weight: 400;\"><span style=\"font-weight: 400;\">Trang b\u1ecb b\u1ed9 d\u00f2 t\u00e2m c\u1ea3m bi\u1ebfn \u0111a \u0111i\u1ec3m gi\u00fap nh\u1eadn bi\u1ebft \u0111\u1ed9 ch\u00edn c\u1ee7a th\u1ef1c ph\u1ea9m<\/span><\/li>\n<li style=\"font-weight: 400;\"><span style=\"font-weight: 400;\">C\u00f3 ph\u1ea7n m\u1ec1m qu\u1ea3n l\u00fd \u0111\u1ed9 \u1ea9m<\/span><\/li>\n<\/ul>\n","protected":false},"featured_media":36492,"comment_status":"open","ping_status":"closed","template":"","meta":[],"product_cat":[202,247],"product_tag":[],"_links":{"self":[{"href":"https:\/\/thucpham.com\/vinacom\/wp-json\/wp\/v2\/product\/9458"}],"collection":[{"href":"https:\/\/thucpham.com\/vinacom\/wp-json\/wp\/v2\/product"}],"about":[{"href":"https:\/\/thucpham.com\/vinacom\/wp-json\/wp\/v2\/types\/product"}],"replies":[{"embeddable":true,"href":"https:\/\/thucpham.com\/vinacom\/wp-json\/wp\/v2\/comments?post=9458"}],"wp:featuredmedia":[{"embeddable":true,"href":"https:\/\/thucpham.com\/vinacom\/wp-json\/wp\/v2\/media\/36492"}],"wp:attachment":[{"href":"https:\/\/thucpham.com\/vinacom\/wp-json\/wp\/v2\/media?parent=9458"}],"wp:term":[{"taxonomy":"product_cat","embeddable":true,"href":"https:\/\/thucpham.com\/vinacom\/wp-json\/wp\/v2\/product_cat?post=9458"},{"taxonomy":"product_tag","embeddable":true,"href":"https:\/\/thucpham.com\/vinacom\/wp-json\/wp\/v2\/product_tag?post=9458"}],"curies":[{"name":"wp","href":"https:\/\/api.w.org\/{rel}","templated":true}]}}