{"id":9150,"date":"2020-06-26T20:44:37","date_gmt":"2020-06-26T20:44:37","guid":{"rendered":"https:\/\/thucpham.com\/?post_type=product&#038;p=9150"},"modified":"2022-02-19T09:11:21","modified_gmt":"2022-02-19T02:11:21","slug":"ban-salad-sandwich-3-canh-berjaya","status":"publish","type":"product","link":"https:\/\/thucpham.com\/vinacom\/ban-salad-sandwich-3-canh-berjaya\/","title":{"rendered":"B\u00e0n Salad Sandwich 3 C\u00e1nh Berjaya BS3D\/SSCF8\/Z"},"content":{"rendered":"<h2><strong><span style=\"font-size: 85%;\">M\u00f4 t\u1ea3 s\u1ea3n ph\u1ea9m<\/span><\/strong><\/h2>\n<p style=\"text-align: justify;\"><span style=\"font-weight: 400;\"><strong>B\u00e0n salad sandwich 3 c\u00e1nh Berjaya <span class=\"specval\">BS3D\/SSCF8\/Z<\/span><\/strong> l\u00e0 m\u1ed9t trong nh\u1eefng s\u1ea3n ph\u1ea9m b\u00e0n m\u00e1t c\u00f3 ch\u1ea5t l\u01b0\u1ee3ng, gi\u00e1 th\u00e0nh t\u1ed1t v\u00e0 l\u00e0m h\u00e0i l\u00f2ng nhi\u1ec1u \u0111\u1ed1i t\u01b0\u1ee3ng kh\u00e1ch h\u00e0ng. Ngo\u00e0i ch\u1ee9c n\u0103ng ch\u00ednh l\u00e0 b\u1ea3o qu\u1ea3n v\u00e0 gi\u1eef l\u1ea1nh th\u1ef1c ph\u1ea9m, b\u00e0n Berjaya c\u00f2n \u0111\u01b0\u1ee3c thi\u1ebft k\u1ebf v\u1edbi nhi\u1ec1u khay \u0111\u1ef1ng, s\u1eed d\u1ee5ng nh\u01b0 m\u1ed9t chi\u1ebfc b\u00e0n ch\u1ebf bi\u1ebfn th\u1ee9c \u0103n. Thi\u1ebft b\u1ecb c\u00f4ng nghi\u1ec7p n\u00e0y <\/span><span style=\"font-weight: 400;\">r\u1ea5t thu\u1eadn ti\u1ec7n \u0111\u1ec3 l\u1eafp \u0111\u1eb7t v\u00e0 l\u01b0u tr\u1eef th\u1ef1c ph\u1ea9m, salad trong c\u00e1c b\u1ebfp kh\u00e1ch s\u1ea1n hay nh\u00e0 h\u00e0ng.<\/span><\/p>\n<p><img class=\"aligncenter wp-image-11882 size-full\" title=\"B\u00e0n Salad Sandwich 3 C\u00e1nh Berjaya BS3D\/SSCF8\/Z\" src=\"https:\/\/thucpham.com\/wp-content\/uploads\/2020\/06\/ban-salad-sandwich-3-canh-Berjaya-BS3DSSCF8Z-banner.jpg\" alt=\"B\u00e0n Salad Sandwich 3 C\u00e1nh Berjaya BS3D\/SSCF8\/Z\" width=\"820\" height=\"656\" srcset=\"https:\/\/thucpham.com\/vinacom\/wp-content\/uploads\/2020\/06\/ban-salad-sandwich-3-canh-Berjaya-BS3DSSCF8Z-banner.jpg 820w, https:\/\/thucpham.com\/vinacom\/wp-content\/uploads\/2020\/06\/ban-salad-sandwich-3-canh-Berjaya-BS3DSSCF8Z-banner-300x240.jpg 300w, https:\/\/thucpham.com\/vinacom\/wp-content\/uploads\/2020\/06\/ban-salad-sandwich-3-canh-Berjaya-BS3DSSCF8Z-banner-768x614.jpg 768w, https:\/\/thucpham.com\/vinacom\/wp-content\/uploads\/2020\/06\/ban-salad-sandwich-3-canh-Berjaya-BS3DSSCF8Z-banner-24x19.jpg 24w, https:\/\/thucpham.com\/vinacom\/wp-content\/uploads\/2020\/06\/ban-salad-sandwich-3-canh-Berjaya-BS3DSSCF8Z-banner-36x29.jpg 36w, https:\/\/thucpham.com\/vinacom\/wp-content\/uploads\/2020\/06\/ban-salad-sandwich-3-canh-Berjaya-BS3DSSCF8Z-banner-48x38.jpg 48w, https:\/\/thucpham.com\/vinacom\/wp-content\/uploads\/2020\/06\/ban-salad-sandwich-3-canh-Berjaya-BS3DSSCF8Z-banner-510x408.jpg 510w\" sizes=\"(max-width: 820px) 100vw, 820px\" \/><\/p>\n<p style=\"text-align: center;\"><em>Th\u00f4ng tin s\u1ea3n ph\u1ea9m b\u00e0n salad sandwich 3 c\u00e1nh Berjaya <span class=\"specval\">BS3D\/SSCF8\/Z<\/span><\/em><\/p>\n<h2><strong><span style=\"font-size: 85%;\">\u01afu \u0111i\u1ec3m b\u00e0n salad sandwich 3 c\u00e1nh Berjaya<\/span><\/strong><\/h2>\n<h3><strong><span style=\"font-size: 95%;\">Thi\u1ebft k\u1ebf b\u1eaft m\u1eaft ti\u1ec7n d\u1ee5ng<\/span><\/strong><\/h3>\n<p style=\"text-align: justify;\"><strong>B\u00e0n <\/strong><span style=\"font-weight: 400;\"><strong>salad sandwich 3 c\u00e1nh Berjaya<\/strong> v\u1edbi 3 c\u00e1nh d\u00e0i, r\u1ea5t thu\u1eadn ti\u1ec7n \u0111\u1ec3 d\u1ef1 tr\u1eef th\u1ee9c \u0103n, salad trong c\u00e1c c\u0103n b\u1ebfp \u1edf nh\u00e0 h\u00e0ng, kh\u00e1ch s\u1ea1n, khu b\u1ebfp t\u1eadp th\u1ec3. V\u1edbi thi\u1ebft k\u1ebf \u0111\u1eb9p m\u1eaft, s\u1ea3n xu\u1ea5t b\u1eb1ng ch\u1ea5t li\u1ec7u inox cao c\u1ea5p t\u1eeb trong ra ngo\u00e0i, b\u00e0n 3 c\u00e1nh Berjaya \u0111\u1ea3m b\u1ea3o \u0111\u1ed9 b\u1ec1n, kh\u1ea3 n\u0103ng gi\u1eef nhi\u1ec7t v\u00e0 c\u00e1ch nhi\u1ec7t t\u1ed1t v\u00e0 lu\u00f4n \u0111\u1ea3m b\u1ea3o v\u1ec7 sinh an to\u00e0n th\u1ef1c ph\u1ea9m.<\/span><\/p>\n<p style=\"text-align: justify;\"><span style=\"font-weight: 400;\">Ph\u1ea7n b\u00ean tr\u00ean m\u1eb7t b\u00e0n \u0111\u01b0\u1ee3c chia th\u00e0nh 2 ph\u1ea7n: 1 ph\u1ea7n g\u1ed3m 11 khay inox \u0111\u1ec3 ch\u1ee9a th\u1ef1c ph\u1ea9m, th\u00e1o l\u1eafp d\u1ec5 d\u00e0ng, ph\u1ea7n c\u00f2n l\u1ea1i l\u00e0 m\u1eb7t b\u00e0n th\u1edbt ch\u1eafc ch\u1eafn cho ph\u00e9p ng\u01b0\u1eddi d\u00f9ng t\u1eadn d\u1ee5ng \u0111\u1ec3 s\u01a1 ch\u1ebf th\u1ef1c ph\u1ea9m. Ph\u1ea7n d\u01b0\u1edbi c\u1ee7a <strong>B\u00e0n salad sandwich 3 c\u00e1nh Berjaya <span class=\"specval\">BS3D\/SSCF8\/Z<\/span><\/strong> l\u00e0 khoang l\u01b0u tr\u1eef th\u1ef1c ph\u1ea9m v\u1edbi h\u1ec7 th\u1ed1ng c\u1eeda t\u1eeb t\u1ef1 \u0111\u1ed9ng \u0111\u00f3ng l\u1ea1i, h\u1ea1n ch\u1ebf tho\u00e1t nhi\u1ec7t ra ngo\u00e0i.<\/span><\/p>\n<h3><strong><span style=\"font-size: 95%;\">V\u1eadn h\u00e0nh an to\u00e0n thu\u1eadn ti\u1ec7n<\/span><\/strong><\/h3>\n<p style=\"text-align: justify;\"><span style=\"font-weight: 400;\">T\u1ea5t c\u1ea3 \u0111\u01b0\u1eddng d\u1eabn v\u00e0 \u0111\u1ed9ng c\u01a1 c\u1ee7a <strong>b\u00e0n salad sandwich 3 c\u00e1nh Berjaya <span class=\"specval\">BS3D\/SSCF8\/Z<\/span><\/strong> \u0111\u01b0\u1ee3c l\u00e0m k\u00edn b\u00ean trong b\u00e0n c\u00f3 kh\u1ea3 n\u0103ng c\u00e1ch nhi\u1ec7t v\u00e0 c\u00e1ch \u0111i\u1ec7n t\u1ed1t n\u00ean b\u1ea1n c\u00f3 th\u1ec3 y\u00ean t\u00e2m s\u1eed d\u1ee5ng b\u00e0n m\u00e1t. Ngo\u00e0i ra, nhi\u1ec7t \u0111\u1ed9 b\u00ean trong c\u1ee7a b\u00e0n m\u00e1t s\u1ebd \u0111\u01b0\u1ee3c hi\u1ec3n th\u1ecb qua m\u00e0n h\u00ecnh <a href=\"https:\/\/vi.wikipedia.org\/wiki\/M%C3%A0n_h%C3%ACnh_tinh_th%E1%BB%83_l%E1%BB%8Fng\" target=\"_blank\" rel=\"noopener nofollow\" data-schema-attribute=\"\">LCD<\/a> \u1edf ph\u00eda ngo\u00e0i gi\u00fap ng\u01b0\u1eddi d\u00f9ng d\u1ec5 d\u00e0ng quan s\u00e1t. Kh\u00f4ng ch\u1ec9 ch\u00fa tr\u1ecdng \u0111\u1ebfn ch\u1ea5t l\u01b0\u1ee3ng s\u1ea3n ph\u1ea9m, <strong>b\u00e0n salad sandwich 3 c\u00e1nh Berjaya<\/strong> c\u00f2n ch\u00fa tr\u1ecdng \u0111\u1ebfn s\u1ee9c kh\u1ecfe ng\u01b0\u1eddi ti\u00eau d\u00f9ng b\u1edfi v\u00ec s\u1ea3n ph\u1ea9m s\u1eed d\u1ee5ng ch\u1ea5t l\u00e0m l\u1ea1nh gas R134a, th\u00e2n thi\u1ec7n v\u1edbi m\u00f4i tr\u01b0\u1eddng.<\/span><\/p>\n<h3><strong><span style=\"font-size: 95%;\">Kh\u00e2u v\u1ec7 sinh d\u1ec5 d\u00e0ng<\/span><\/strong><\/h3>\n<p style=\"text-align: justify;\">T\u1ea5t c\u1ea3 b\u1ec1 m\u1eb7t <span style=\"font-weight: 400;\"><strong>b\u00e0n salad sandwich 3 c\u00e1nh Berjaya <span class=\"specval\">BS3D\/SSCF8\/Z <\/span><\/strong><span class=\"specval\">\u0111\u01b0\u1ee3c l\u00e0m b\u1eb1ng inox cao c\u1ea5p kh\u00f4ng hoen g\u1ec9, c\u00f3 kh\u1ea3 n\u0103ng ch\u1ed1ng b\u00e1m d\u00ednh t\u1ed1t n\u00ean b\u1ea1n ch\u1ec9 c\u1ea7n m\u1ea5t v\u00e0i ph\u00fat lau ch\u00f9i v\u1edbi chi\u1ebfc kh\u0103n \u1ea9m l\u00e0 c\u00f3 th\u1ec3 \u0111em l\u1ea1i v\u1ebb ngo\u00e0i s\u00e1ng b\u00f3ng nh\u01b0 ban \u0111\u1ea7u. T\u1ea5t c\u1ea3 c\u00e1c khay inox v\u00e0 gi\u00e1 \u0111\u1ee1 \u0111\u1ec1u c\u00f3 th\u1ec3 d\u1ec5 d\u00e0ng th\u00e1o r\u1eddi \u0111\u1ec3 c\u1ecd r\u1eeda. \u0110\u1eb7c bi\u1ec7t, ch\u1ea5t li\u1ec7u n\u00e0y kh\u00f4ng th\u00f4i nhi\u1ec5m kim lo\u1ea1i n\u00ean r\u1ea5t \u0111\u1ea3m b\u1ea3o v\u1ec7 sinh an to\u00e0n th\u1ef1c ph\u1ea9m khi \u0111\u1ec3 nguy\u00ean li\u1ec7u th\u1ef1c ph\u1ea9m. Kh\u1ea3 n\u0103ng r\u00e3 \u0111\u00f4ng tu\u1ea7n ho\u00e0n kh\u00f4ng \u0111\u00f3ng tuy\u1ebft c\u0169ng gi\u00fap b\u1ea1n v\u1ec7 sinh b\u00e0n m\u00e1t thu\u1eadn ti\u1ec7n h\u01a1n.<\/span><\/span><\/p>\n<p><img class=\"aligncenter wp-image-41904 size-full\" title=\"\u01afu \u0110i\u1ec3m B\u00e0n Salad Sandwich 3 C\u00e1nh Berjaya BS3D\/SSCF8\/Z\" src=\"https:\/\/thucpham.com\/wp-content\/uploads\/2020\/06\/ban-salad-sandwich-3-canh-Berjaya-BS3D-SSCF8-Z-001.jpg\" alt=\"B\u00e0n Salad Sandwich 3 C\u00e1nh Berjaya BS3D\/SSCF8\/Z\" width=\"820\" height=\"656\" srcset=\"https:\/\/thucpham.com\/vinacom\/wp-content\/uploads\/2020\/06\/ban-salad-sandwich-3-canh-Berjaya-BS3D-SSCF8-Z-001.jpg 820w, https:\/\/thucpham.com\/vinacom\/wp-content\/uploads\/2020\/06\/ban-salad-sandwich-3-canh-Berjaya-BS3D-SSCF8-Z-001-300x240.jpg 300w, https:\/\/thucpham.com\/vinacom\/wp-content\/uploads\/2020\/06\/ban-salad-sandwich-3-canh-Berjaya-BS3D-SSCF8-Z-001-768x614.jpg 768w, https:\/\/thucpham.com\/vinacom\/wp-content\/uploads\/2020\/06\/ban-salad-sandwich-3-canh-Berjaya-BS3D-SSCF8-Z-001-24x19.jpg 24w, https:\/\/thucpham.com\/vinacom\/wp-content\/uploads\/2020\/06\/ban-salad-sandwich-3-canh-Berjaya-BS3D-SSCF8-Z-001-36x29.jpg 36w, https:\/\/thucpham.com\/vinacom\/wp-content\/uploads\/2020\/06\/ban-salad-sandwich-3-canh-Berjaya-BS3D-SSCF8-Z-001-48x38.jpg 48w, https:\/\/thucpham.com\/vinacom\/wp-content\/uploads\/2020\/06\/ban-salad-sandwich-3-canh-Berjaya-BS3D-SSCF8-Z-001-510x408.jpg 510w\" sizes=\"(max-width: 820px) 100vw, 820px\" \/><\/p>\n<p style=\"text-align: justify;\"><span data-sheets-value=\"{&quot;1&quot;:2,&quot;2&quot;:&quot;\u0110\u1ec3 bi\u1ebft th\u00eam \u0111\u01b0\u1ee3c nhi\u1ec1u d\u00f2ng m\u00e1y B\u00e0n M\u00e1t C\u00f4ng Nghi\u1ec7p tr\u01b0\u1edbc khi m\u1edf m\u1ed9t nh\u00e0 h\u00e0ng, th\u00ec vi\u1ec7c \u0111\u1ea7u ti\u00ean b\u1ea1n c\u1ea7n l\u00e0m \u0111\u00f3 l\u00e0 ph\u1ea3i tham kh\u1ea3o th\u1eadt nhi\u1ec1u lo\u1ea1i m\u00e1y, trong \u0111\u00f3 B\u00e0n Salad, Sandwich 3 C\u00e1nh Berjaya ch\u00ednh l\u00e0 d\u00f2ng m\u00e1y b\u1ea1n kh\u00f4ng n\u00ean b\u1ecf qua v\u00ec t\u00ednh h\u1eefu d\u1ee5ng th\u1ef1c t\u1ebf c\u1ee7a n\u00f3 c\u00f9ng gi\u00e1 th\u00e0nh h\u1ebft s\u1ee9c ph\u1ea3i ch\u0103ng. C\u00e1c d\u00f2ng s\u1ea3n ph\u1ea9m hot kh\u00e1c kh\u00f4ng th\u1ec3 kh\u00f4ng k\u1ec3 t\u1edbi \u0111\u00f3 l\u00e0 B\u00e0n Salad, Sandwich 2 C\u00e1nh Berjaya, B\u00e0n Salad, Sandwich 1 C\u00e1nh Berjaya.&quot;}\" data-sheets-userformat=\"{&quot;2&quot;:6913,&quot;3&quot;:{&quot;1&quot;:0},&quot;11&quot;:3,&quot;12&quot;:0,&quot;14&quot;:{&quot;1&quot;:2,&quot;2&quot;:0},&quot;15&quot;:&quot;Arial, sans-serif&quot;}\">\u0110\u1ec3 bi\u1ebft th\u00eam \u0111\u01b0\u1ee3c nhi\u1ec1u d\u00f2ng m\u00e1y <a href=\"https:\/\/thucpham.com\/ban-mat-cong-nghiep\/\" data-schema-attribute=\"\">b\u00e0n m\u00e1t c\u00f4ng nghi\u1ec7p<\/a> tr\u01b0\u1edbc khi m\u1edf m\u1ed9t nh\u00e0 h\u00e0ng, th\u00ec vi\u1ec7c \u0111\u1ea7u ti\u00ean b\u1ea1n c\u1ea7n l\u00e0m \u0111\u00f3 l\u00e0 ph\u1ea3i tham kh\u1ea3o th\u1eadt nhi\u1ec1u lo\u1ea1i m\u00e1y, trong \u0111\u00f3 <em>b\u00e0n salad sandwich 3 c\u00e1nh Berjaya<\/em> ch\u00ednh l\u00e0 d\u00f2ng m\u00e1y b\u1ea1n kh\u00f4ng n\u00ean b\u1ecf qua v\u00ec t\u00ednh h\u1eefu d\u1ee5ng th\u1ef1c t\u1ebf c\u1ee7a n\u00f3 c\u00f9ng gi\u00e1 th\u00e0nh h\u1ebft s\u1ee9c ph\u1ea3i ch\u0103ng. C\u00e1c d\u00f2ng s\u1ea3n ph\u1ea9m hot kh\u00e1c kh\u00f4ng th\u1ec3 kh\u00f4ng k\u1ec3 t\u1edbi \u0111\u00f3 l\u00e0 <a href=\"https:\/\/thucpham.com\/ban-salad-sandwich-2-canh-berjaya\/\" data-schema-attribute=\"\">b\u00e0n salad sandwich 2 c\u00e1nh Berjaya<\/a>, <a href=\"https:\/\/thucpham.com\/ban-salad-sandwich-1-canh-berjaya\/\" data-schema-attribute=\"\">b\u00e0n salad sandwich 1 c\u00e1nh Berjaya<\/a>.<\/span><\/p>\n<p style=\"text-align: justify;\"><em><span style=\"font-weight: 400;\">H\u00e3y li\u00ean h\u1ec7 v\u1edbi ThucPham.com \u0111\u1ec3 \u0111\u01b0\u1ee3c t\u01b0 v\u1ea5n v\u00e0 h\u1ed7 tr\u1ee3 gi\u00e1 t\u1ed1t nh\u1ea5t. <\/span><\/em><\/p>\n","protected":false},"excerpt":{"rendered":"<ul>\n<li style=\"font-weight: 400;\"><span style=\"font-weight: 400;\">Thi\u1ebft k\u1ebf sang tr\u1ecdng theo ti\u00eau chu\u1ea9n ch\u1ea5t l\u01b0\u1ee3ng Ch\u00e2u \u00c2u<\/span><\/li>\n<li style=\"font-weight: 400;\"><span style=\"font-weight: 400;\">L\u00e0m b\u1eb1ng th\u00e9p kh\u00f4ng g\u1ec9, tu\u1ed5i th\u1ecd cao, b\u1ec1n \u0111\u1eb9p<\/span><\/li>\n<li style=\"font-weight: 400;\"><span style=\"font-weight: 400;\">H\u1ec7 th\u1ed1ng ki\u1ec3m so\u00e1t nhi\u1ec7t \u0111\u1ed9 th\u00f4ng minh, \u1ed5n \u0111\u1ecbnh<\/span><\/li>\n<li style=\"font-weight: 400;\"><span style=\"font-weight: 400;\">C\u00e1c khay \u0111\u1ef1ng th\u1ef1c ph\u1ea9m th\u00e1o l\u1eafp d\u1ec5 d\u00e0ng<\/span><\/li>\n<li style=\"font-weight: 400;\"><span style=\"font-weight: 400;\">Ch\u00e2n b\u00e0n \u0111\u01b0\u1ee3c trang b\u1ecb b\u00e1nh xe ch\u1ecbu l\u1ef1c v\u1eefng ch\u1eafc<\/span><\/li>\n<li style=\"font-weight: 400;\"><span style=\"font-weight: 400;\">Ti\u1ebft ki\u1ec7m \u0111i\u1ec7n n\u0103ng, an to\u00e0n khi s\u1eed d\u1ee5ng<\/span><\/li>\n<\/ul>\n","protected":false},"featured_media":35994,"comment_status":"open","ping_status":"closed","template":"","meta":[],"product_cat":[195],"product_tag":[],"_links":{"self":[{"href":"https:\/\/thucpham.com\/vinacom\/wp-json\/wp\/v2\/product\/9150"}],"collection":[{"href":"https:\/\/thucpham.com\/vinacom\/wp-json\/wp\/v2\/product"}],"about":[{"href":"https:\/\/thucpham.com\/vinacom\/wp-json\/wp\/v2\/types\/product"}],"replies":[{"embeddable":true,"href":"https:\/\/thucpham.com\/vinacom\/wp-json\/wp\/v2\/comments?post=9150"}],"wp:featuredmedia":[{"embeddable":true,"href":"https:\/\/thucpham.com\/vinacom\/wp-json\/wp\/v2\/media\/35994"}],"wp:attachment":[{"href":"https:\/\/thucpham.com\/vinacom\/wp-json\/wp\/v2\/media?parent=9150"}],"wp:term":[{"taxonomy":"product_cat","embeddable":true,"href":"https:\/\/thucpham.com\/vinacom\/wp-json\/wp\/v2\/product_cat?post=9150"},{"taxonomy":"product_tag","embeddable":true,"href":"https:\/\/thucpham.com\/vinacom\/wp-json\/wp\/v2\/product_tag?post=9150"}],"curies":[{"name":"wp","href":"https:\/\/api.w.org\/{rel}","templated":true}]}}