{"id":47493,"date":"2023-12-19T14:07:27","date_gmt":"2023-12-19T07:07:27","guid":{"rendered":"https:\/\/thucpham.com\/?post_type=product&#038;p=47493"},"modified":"2025-03-21T11:09:30","modified_gmt":"2025-03-21T04:09:30","slug":"bot-max-pudding-6in1-thucpham-com-vi-pho-mai","status":"publish","type":"product","link":"https:\/\/thucpham.com\/vinacom\/bot-max-pudding-6in1-thucpham-com-vi-pho-mai\/","title":{"rendered":"B\u1ed9t Max Pudding V\u1ecb Ph\u00f4 Mai 6in1 ThucPham.com"},"content":{"rendered":"<h2 style=\"text-align: justify;\" data-sourcepos=\"3:1-3:99\"><strong>B\u1ed9t Max Pudding V\u1ecb Ph\u00f4 Mai 6in1 ThucPham.com: B\u00ed Quy\u1ebft T\u1ea1o N\u00ean Nh\u1eefng M\u00f3n Tr\u00e1ng Mi\u1ec7ng \u0110\u1ed9c \u0110\u00e1o<\/strong><\/h2>\n<p style=\"text-align: justify;\" data-sourcepos=\"5:1-5:412\">B\u1ea1n \u0111ang t\u00ecm ki\u1ebfm m\u1ed9t gi\u1ea3i ph\u00e1p \u0111\u01a1n gi\u1ea3n \u0111\u1ec3 t\u1ea1o ra nh\u1eefng m\u00f3n tr\u00e1ng mi\u1ec7ng th\u01a1m ngon, h\u1ea5p d\u1eabn m\u00e0 kh\u00f4ng m\u1ea5t qu\u00e1 nhi\u1ec1u th\u1eddi gian? <a href=\"https:\/\/thucpham.com\/bot-max-pudding-6in1-thucpham-com-vi-pho-mai\/\" target=\"_blank\" rel=\"noopener\" data-schema-attribute=\"\"><strong>B\u1ed9t Max Pudding v\u1ecb Ph\u00f4 Mai<\/strong><\/a> 6in1 ThucPham.com ch\u00ednh l\u00e0 c\u00e2u tr\u1ea3 l\u1eddi ho\u00e0n h\u1ea3o cho b\u1ea1n! V\u1edbi s\u1ea3n ph\u1ea9m n\u00e0y, b\u1ea1n c\u00f3 th\u1ec3 d\u1ec5 d\u00e0ng bi\u1ebfn t\u1ea5u th\u00e0nh nhi\u1ec1u m\u00f3n \u0103n kh\u00e1c nhau, t\u1eeb nh\u1eefng ly pudding b\u00e9o ng\u1eady cho \u0111\u1ebfn nh\u1eefng chi\u1ebfc b\u00e1nh flan m\u1ecbn m\u00e0ng, hay th\u1eadm ch\u00ed l\u00e0 nh\u1eefng m\u00f3n th\u1ea1ch tr\u00e1i c\u00e2y \u0111\u1ea7y m\u00e0u s\u1eafc.<\/p>\n<h3 style=\"text-align: justify;\" data-sourcepos=\"7:1-7:62\"><strong>1. B\u1ed9t Max Pudding V\u1ecb Ph\u00f4 Mai 6in1 ThucPham.com L\u00e0 G\u00ec?<\/strong><\/h3>\n<p style=\"text-align: justify;\" data-sourcepos=\"9:1-9:383\">B\u1ed9t Max Pudding v\u1ecb Ph\u00f4 mai 6in1 ThucPham.com l\u00e0 m\u1ed9t s\u1ea3n ph\u1ea9m \u0111a n\u0103ng, \u0111\u01b0\u1ee3c s\u1ea3n xu\u1ea5t t\u1eeb nh\u1eefng nguy\u00ean li\u1ec7u t\u1ef1 nhi\u00ean, \u0111\u1ea3m b\u1ea3o an to\u00e0n v\u1ec7 sinh th\u1ef1c ph\u1ea9m. V\u1edbi c\u00f4ng th\u1ee9c \u0111\u1ed9c \u0111\u00e1o, <a href=\"https:\/\/thucpham.com\/bot-pudding\/\" target=\"_blank\" rel=\"noopener\" data-schema-attribute=\"\"><strong>b\u1ed9t pudding<\/strong><\/a> gi\u00fap b\u1ea1n ti\u1ebft ki\u1ec7m th\u1eddi gian v\u00e0 c\u00f4ng s\u1ee9c trong vi\u1ec7c ch\u1ebf bi\u1ebfn c\u00e1c m\u00f3n tr\u00e1ng mi\u1ec7ng. Ch\u1ec9 v\u1edbi v\u00e0i thao t\u00e1c \u0111\u01a1n gi\u1ea3n, b\u1ea1n \u0111\u00e3 c\u00f3 th\u1ec3 t\u1ea1o ra nh\u1eefng m\u00f3n \u0103n th\u01a1m ngon, h\u1ea5p d\u1eabn \u0111\u1ec3 chi\u00eau \u0111\u00e3i gia \u0111\u00ecnh v\u00e0 b\u1ea1n b\u00e8.<\/p>\n<p data-sourcepos=\"9:1-9:383\">Xem Th\u00eam: <strong><a class=\"woocommerce-LoopProduct-link woocommerce-loop-product__link\" href=\"https:\/\/thucpham.com\/bot-max-pudding-6in1-thucpham-com-vi-tra-sua\/\" target=\"_blank\" rel=\"noopener\" data-schema-attribute=\"\">B\u1ed9t Max Pudding V\u1ecb Tr\u00e0 S\u1eefa 6in1 ThucPham.com<\/a><\/strong><\/p>\n<p style=\"text-align: justify;\" data-sourcepos=\"9:1-9:383\"><a href=\"https:\/\/thucpham.com\/wp-content\/uploads\/2023\/09\/bot-ma-pudding-thucphamcom-voi-6-mon-an.jpg\"><img class=\"aligncenter wp-image-47066 size-full\" title=\"C\u00e1c m\u00f3n \u0103n v\u1eb7t l\u00e0m t\u1eeb b\u1ed9t Max Pudding 6in1\" src=\"https:\/\/thucpham.com\/wp-content\/uploads\/2023\/09\/bot-ma-pudding-thucphamcom-voi-6-mon-an.jpg\" alt=\"C\u00e1c m\u00f3n \u0103n v\u1eb7t l\u00e0m t\u1eeb b\u1ed9t Max Pudding 6in1\" width=\"820\" height=\"460\" srcset=\"https:\/\/thucpham.com\/vinacom\/wp-content\/uploads\/2023\/09\/bot-ma-pudding-thucphamcom-voi-6-mon-an.jpg 820w, https:\/\/thucpham.com\/vinacom\/wp-content\/uploads\/2023\/09\/bot-ma-pudding-thucphamcom-voi-6-mon-an-300x168.jpg 300w, https:\/\/thucpham.com\/vinacom\/wp-content\/uploads\/2023\/09\/bot-ma-pudding-thucphamcom-voi-6-mon-an-768x431.jpg 768w, https:\/\/thucpham.com\/vinacom\/wp-content\/uploads\/2023\/09\/bot-ma-pudding-thucphamcom-voi-6-mon-an-24x13.jpg 24w, https:\/\/thucpham.com\/vinacom\/wp-content\/uploads\/2023\/09\/bot-ma-pudding-thucphamcom-voi-6-mon-an-36x20.jpg 36w, https:\/\/thucpham.com\/vinacom\/wp-content\/uploads\/2023\/09\/bot-ma-pudding-thucphamcom-voi-6-mon-an-48x27.jpg 48w, https:\/\/thucpham.com\/vinacom\/wp-content\/uploads\/2023\/09\/bot-ma-pudding-thucphamcom-voi-6-mon-an-510x286.jpg 510w\" sizes=\"(max-width: 820px) 100vw, 820px\" \/><\/a><\/p>\n<h3 style=\"text-align: justify;\" data-sourcepos=\"11:1-11:57\"><strong>2. \u01afu \u0110i\u1ec3m N\u1ed5i B\u1eadt C\u1ee7a B\u1ed9t Max Pudding V\u1ecb Ph\u00f4 Mai<\/strong><\/h3>\n<ul style=\"text-align: justify;\" data-sourcepos=\"13:1-18:0\">\n<li data-sourcepos=\"13:1-13:128\"><strong>\u0110a n\u0103ng:<\/strong> B\u1ed9t pudding c\u00f3 th\u1ec3 d\u00f9ng \u0111\u1ec3 l\u00e0m nhi\u1ec1u lo\u1ea1i m\u00f3n tr\u00e1ng mi\u1ec7ng kh\u00e1c nhau nh\u01b0 pudding, flan, <a href=\"https:\/\/vi.wikipedia.org\/wiki\/Panna_cotta\" target=\"_blank\" rel=\"noopener nofollow\" data-schema-attribute=\"\"><strong>panna cotta<\/strong><\/a>, th\u1ea1ch, kem&#8230;<\/li>\n<li data-sourcepos=\"14:1-14:142\"><strong><span class=\"citation-0 entailed\" tabindex=\"0\" role=\"button\">Ti\u1ec7n l\u1ee3i:<\/span><\/strong><span class=\"citation-0 entailed citation-end-0\" tabindex=\"0\" role=\"button\"> S\u1ea3n ph\u1ea9m \u0111\u00e3 \u0111\u01b0\u1ee3c tr\u1ed9n s\u1eb5n c\u00e1c nguy\u00ean li\u1ec7u, b\u1ea1n ch\u1ec9 c\u1ea7n pha theo c\u00f4ng th\u1ee9c v\u00e0 \u0111un s\u00f4i l\u00e0 c\u00f3 ngay m\u00f3n \u0103n th\u01a1m ngon.<\/span><\/li>\n<li data-sourcepos=\"15:1-15:102\"><strong>Nhanh ch\u00f3ng:<\/strong> Gi\u1ea3m thi\u1ec3u th\u1eddi gian ch\u1ebf bi\u1ebfn, gi\u00fap b\u1ea1n ti\u1ebft ki\u1ec7m \u0111\u01b0\u1ee3c nhi\u1ec1u th\u1eddi gian v\u00e0 c\u00f4ng s\u1ee9c.<\/li>\n<li data-sourcepos=\"16:1-16:116\"><strong>Ch\u1ea5t l\u01b0\u1ee3ng:<\/strong> \u0110\u01b0\u1ee3c s\u1ea3n xu\u1ea5t tr\u00ean d\u00e2y chuy\u1ec1n c\u00f4ng ngh\u1ec7 hi\u1ec7n \u0111\u1ea1i, \u0111\u1ea3m b\u1ea3o ch\u1ea5t l\u01b0\u1ee3ng v\u00e0 an to\u00e0n v\u1ec7 sinh th\u1ef1c ph\u1ea9m.<\/li>\n<li data-sourcepos=\"17:1-18:0\"><strong>H\u01b0\u01a1ng v\u1ecb th\u01a1m ngon:<\/strong> H\u01b0\u01a1ng v\u1ecb ph\u00f4 mai b\u00e9o ng\u1eady, th\u01a1m l\u1eebng, mang \u0111\u1ebfn cho m\u00f3n \u0103n m\u1ed9t h\u01b0\u01a1ng v\u1ecb \u0111\u1eb7c bi\u1ec7t.<\/li>\n<\/ul>\n<p>Xem Th\u00eam: <strong><a class=\"woocommerce-LoopProduct-link woocommerce-loop-product__link\" href=\"https:\/\/thucpham.com\/bot-max-pudding-6in1-thucpham-com-vi-trung-caramen\/\" target=\"_blank\" rel=\"noopener\" data-schema-attribute=\"\">B\u1ed9t Max Pudding V\u1ecb Tr\u1ee9ng Caramen 6in1 ThucPham.com<\/a><\/strong><\/p>\n<h3 style=\"text-align: justify;\" data-sourcepos=\"19:1-19:57\"><strong>3. C\u00f4ng Th\u1ee9c L\u00e0m Pudding Ph\u00f4 Mai B\u00e9o Ng\u1eady T\u1ea1i Nh\u00e0<\/strong><\/h3>\n<p>B1: Chu\u1ea9n b\u1ecb h\u1ed7n h\u1ee3p<\/p>\n<p>Pudding x\u1eaft kh\u00fac: H\u00f2a 100gr b\u1ed9t v\u1edbi 800ml n\u01b0\u1edbc<\/p>\n<p>Pudding \u00fap ng\u01b0\u1ee3c n\u00fang n\u00ednh: H\u00f2a 100gr b\u1ed9t v\u1edbi 1000ml n\u01b0\u1edbc<\/p>\n<p>Pudding m\u1ec1m tan h\u00fat \u0111\u01b0\u1ee3c: H\u00f2a 100gr b\u1ed9t v\u1edbi 1300ml ho\u1eb7c 1400ml n\u01b0\u1edbc<\/p>\n<p>* B\u00e9o ng\u1eady h\u01a1n khi thay n\u01b0\u1edbc b\u1eb1ng s\u1eefa t\u01b0\u01a1i kh\u00f4ng \u0111\u01b0\u1eddng<\/p>\n<p>B2: D\u00f9ng ph\u1edbi khu\u1ea5y \u0111\u1ec1u h\u1ed7n h\u1ee3p, th\u00eam 50g &#8211; 80g \u0111\u01b0\u1eddng (t\u00f9y ch\u1ec9nh theo kh\u1ea9u v\u1ecb), \u0111un s\u00f4i, gi\u1ea3m l\u1eeda \u0111un th\u00eam v\u00e0i ph\u00fat r\u1ed3i t\u1eaft b\u1ebfp, \u0111\u1ec3 ngu\u1ed9i b\u1edbt r\u1ed3i \u0111\u1ed5 khu\u00f4n, c\u1ea5t t\u1ee7 m\u00e1t.<\/p>\n<p>* L\u1eafc \u0111\u1ec1u t\u00fai b\u1ed9t tr\u01b0\u1edbc khi s\u1eed d\u1ee5ng.<\/p>\n<p style=\"text-align: justify;\" data-sourcepos=\"34:1-34:107\"><strong>M\u1eb9o nh\u1ecf:<\/strong> \u0110\u1ec3 pudding c\u00f3 h\u01b0\u01a1ng v\u1ecb th\u01a1m ngon h\u01a1n, b\u1ea1n c\u00f3 th\u1ec3 th\u00eam v\u00e0o m\u1ed9t ch\u00fat vani ho\u1eb7c v\u1ecf chanh khi \u0111un.<\/p>\n<p style=\"text-align: justify;\" data-sourcepos=\"34:1-34:107\"><a href=\"https:\/\/thucpham.com\/wp-content\/uploads\/2023\/09\/ti-le-bot-nuoc-max-pudding-6in1-thucphamcom.jpg\"><img class=\"aligncenter wp-image-47069 size-full\" title=\"t\u1ec9 l\u1ec7 pha b\u1ed9t Max Pudding 6in1\" src=\"https:\/\/thucpham.com\/wp-content\/uploads\/2023\/09\/ti-le-bot-nuoc-max-pudding-6in1-thucphamcom.jpg\" alt=\"\" width=\"820\" height=\"460\" srcset=\"https:\/\/thucpham.com\/vinacom\/wp-content\/uploads\/2023\/09\/ti-le-bot-nuoc-max-pudding-6in1-thucphamcom.jpg 820w, https:\/\/thucpham.com\/vinacom\/wp-content\/uploads\/2023\/09\/ti-le-bot-nuoc-max-pudding-6in1-thucphamcom-300x168.jpg 300w, https:\/\/thucpham.com\/vinacom\/wp-content\/uploads\/2023\/09\/ti-le-bot-nuoc-max-pudding-6in1-thucphamcom-768x431.jpg 768w, https:\/\/thucpham.com\/vinacom\/wp-content\/uploads\/2023\/09\/ti-le-bot-nuoc-max-pudding-6in1-thucphamcom-24x13.jpg 24w, https:\/\/thucpham.com\/vinacom\/wp-content\/uploads\/2023\/09\/ti-le-bot-nuoc-max-pudding-6in1-thucphamcom-36x20.jpg 36w, https:\/\/thucpham.com\/vinacom\/wp-content\/uploads\/2023\/09\/ti-le-bot-nuoc-max-pudding-6in1-thucphamcom-48x27.jpg 48w, https:\/\/thucpham.com\/vinacom\/wp-content\/uploads\/2023\/09\/ti-le-bot-nuoc-max-pudding-6in1-thucphamcom-510x286.jpg 510w\" sizes=\"(max-width: 820px) 100vw, 820px\"><\/a><\/p>\n<h3 style=\"text-align: justify;\" data-sourcepos=\"36:1-36:68\"><strong>4. Nh\u1eefng M\u00f3n \u0102n B\u1ea1n C\u00f3 Th\u1ec3 L\u00e0m T\u1eeb B\u1ed9t Max Pudding V\u1ecb Ph\u00f4 Mai<\/strong><\/h3>\n<ul style=\"text-align: justify;\" data-sourcepos=\"38:1-43:0\">\n<li data-sourcepos=\"38:1-38:98\"><strong><span class=\"citation-1 entailed\" tabindex=\"0\" role=\"button\">Pudding ph\u00f4 mai:<\/span><\/strong><span class=\"citation-1 entailed citation-end-1\" tabindex=\"0\" role=\"button\"> M\u00f3n tr\u00e1ng mi\u1ec7ng truy\u1ec1n th\u1ed1ng v\u1edbi h\u01b0\u01a1ng v\u1ecb b\u00e9o ng\u1eady, th\u01a1m l\u1eebng.<\/span><\/li>\n<li data-sourcepos=\"39:1-39:80\"><strong>Flan ph\u00f4 mai:<\/strong> M\u00f3n tr\u00e1ng mi\u1ec7ng ki\u1ec3u Ph\u00e1p v\u1edbi l\u1edbp caramel v\u00e0ng \u00f3ng b\u00ean tr\u00ean.<\/li>\n<li data-sourcepos=\"40:1-40:87\"><strong>Panna cotta ph\u00f4 mai:<\/strong> M\u00f3n tr\u00e1ng mi\u1ec7ng \u00dd v\u1edbi k\u1ebft c\u1ea5u m\u1ec1m m\u1ecbn, tan ch\u1ea3y trong mi\u1ec7ng.<\/li>\n<li data-sourcepos=\"41:1-41:93\"><strong>Th\u1ea1ch ph\u00f4 mai:<\/strong> M\u00f3n th\u1ea1ch m\u00e1t l\u1ea1nh, nhi\u1ec1u m\u00e0u s\u1eafc, th\u00edch h\u1ee3p cho nh\u1eefng ng\u00e0y h\u00e8 n\u00f3ng b\u1ee9c.<\/li>\n<li data-sourcepos=\"42:1-43:0\"><strong>Kem ph\u00f4 mai:<\/strong> M\u00f3n kem th\u01a1m ngon, b\u00e9o ng\u1eady, c\u00f3 th\u1ec3 d\u00f9ng \u0111\u1ec3 l\u00e0m b\u00e1nh ho\u1eb7c \u0103n k\u00e8m v\u1edbi c\u00e1c lo\u1ea1i tr\u00e1i c\u00e2y.<\/li>\n<\/ul>\n<p>Xem Th\u00eam: <strong><a class=\"woocommerce-LoopProduct-link woocommerce-loop-product__link\" href=\"https:\/\/thucpham.com\/bot-max-pudding-6in1-thucpham-com-vi-matcha\/\" target=\"_blank\" rel=\"noopener\" data-schema-attribute=\"\">B\u1ed9t Max Pudding 6in1 ThucPham.com V\u1ecb Matcha<\/a><\/strong><\/p>\n<h3 style=\"text-align: justify;\" data-sourcepos=\"44:1-44:44\"><strong>5. L\u01b0u \u00dd Khi S\u1eed D\u1ee5ng B\u1ed9t Max Pudding<\/strong><\/h3>\n<ul style=\"text-align: justify;\" data-sourcepos=\"46:1-49:0\">\n<li data-sourcepos=\"46:1-46:72\">B\u1ea3o qu\u1ea3n s\u1ea3n ph\u1ea9m \u1edf n\u01a1i kh\u00f4 r\u00e1o, tho\u00e1ng m\u00e1t, tr\u00e1nh \u00e1nh n\u1eafng tr\u1ef1c ti\u1ebfp.<\/li>\n<li data-sourcepos=\"47:1-47:91\">Sau khi m\u1edf g\u00f3i, n\u00ean s\u1eed d\u1ee5ng h\u1ebft trong th\u1eddi gian ng\u1eafn nh\u1ea5t \u0111\u1ec3 \u0111\u1ea3m b\u1ea3o ch\u1ea5t l\u01b0\u1ee3ng s\u1ea3n ph\u1ea9m.<\/li>\n<li data-sourcepos=\"48:1-49:0\">C\u00f3 th\u1ec3 b\u1ea3o qu\u1ea3n pudding \u0111\u00e3 l\u00e0m trong t\u1ee7 l\u1ea1nh t\u1eeb 3-5 ng\u00e0y.<\/li>\n<\/ul>\n<p style=\"text-align: justify;\"><a href=\"https:\/\/thucpham.com\/wp-content\/uploads\/2023\/09\/cach-dung-bot-max-pudding-6in1-thucphamcom.jpg\"><img class=\"aligncenter wp-image-47068 size-full\" title=\"C\u00e1c s\u1eed d\u1ee5ng b\u1ed9t Max Pudding 6in1\" src=\"https:\/\/thucpham.com\/wp-content\/uploads\/2023\/09\/cach-dung-bot-max-pudding-6in1-thucphamcom.jpg\" alt=\"\" width=\"820\" height=\"460\" srcset=\"https:\/\/thucpham.com\/vinacom\/wp-content\/uploads\/2023\/09\/cach-dung-bot-max-pudding-6in1-thucphamcom.jpg 820w, https:\/\/thucpham.com\/vinacom\/wp-content\/uploads\/2023\/09\/cach-dung-bot-max-pudding-6in1-thucphamcom-300x168.jpg 300w, https:\/\/thucpham.com\/vinacom\/wp-content\/uploads\/2023\/09\/cach-dung-bot-max-pudding-6in1-thucphamcom-768x431.jpg 768w, https:\/\/thucpham.com\/vinacom\/wp-content\/uploads\/2023\/09\/cach-dung-bot-max-pudding-6in1-thucphamcom-24x13.jpg 24w, https:\/\/thucpham.com\/vinacom\/wp-content\/uploads\/2023\/09\/cach-dung-bot-max-pudding-6in1-thucphamcom-36x20.jpg 36w, https:\/\/thucpham.com\/vinacom\/wp-content\/uploads\/2023\/09\/cach-dung-bot-max-pudding-6in1-thucphamcom-48x27.jpg 48w, https:\/\/thucpham.com\/vinacom\/wp-content\/uploads\/2023\/09\/cach-dung-bot-max-pudding-6in1-thucphamcom-510x286.jpg 510w\" sizes=\"(max-width: 820px) 100vw, 820px\"><\/a><\/p>\n<p style=\"text-align: justify;\" data-sourcepos=\"50:1-50:13\"><strong>K\u1ebft lu\u1eadn:<\/strong><\/p>\n<p style=\"text-align: justify;\" data-sourcepos=\"52:1-52:284\">B\u1ed9t Max Pudding v\u1ecb Ph\u00f4 mai 6in1 <a href=\"https:\/\/thucpham.com\/\" target=\"_blank\" rel=\"noopener\" data-schema-attribute=\"\"><strong>ThucPham.com<\/strong><\/a> l\u00e0 m\u1ed9t s\u1ea3n ph\u1ea9m ti\u1ec7n l\u1ee3i v\u00e0 \u0111a n\u0103ng, gi\u00fap b\u1ea1n d\u1ec5 d\u00e0ng t\u1ea1o ra nh\u1eefng m\u00f3n tr\u00e1ng mi\u1ec7ng th\u01a1m ngon, h\u1ea5p d\u1eabn. V\u1edbi h\u01b0\u01a1ng v\u1ecb \u0111\u1eb7c tr\u01b0ng v\u00e0 ch\u1ea5t l\u01b0\u1ee3ng \u0111\u1ea3m b\u1ea3o, b\u1ed9t pudding s\u1ebd l\u00e0 ng\u01b0\u1eddi b\u1ea1n \u0111\u1ed3ng h\u00e0nh tuy\u1ec7t v\u1eddi cho nh\u1eefng ai y\u00eau th\u00edch n\u1ea5u \u0103n v\u00e0 l\u00e0m b\u00e1nh.<\/p>\n<p style=\"text-align: justify;\" data-sourcepos=\"54:1-54:164\">B\u1ea1n \u0111\u00e3 s\u1eb5n s\u00e0ng kh\u00e1m ph\u00e1 th\u1ebf gi\u1edbi \u1ea9m th\u1ef1c \u0111a d\u1ea1ng v\u1edbi b\u1ed9t Max Pudding ch\u01b0a? H\u00e3y nhanh tay \u0111\u1eb7t mua s\u1ea3n ph\u1ea9m \u0111\u1ec3 tr\u1ea3i nghi\u1ec7m nh\u1eefng h\u01b0\u01a1ng v\u1ecb tuy\u1ec7t v\u1eddi ngay h\u00f4m nay!<\/p>\n","protected":false},"excerpt":{"rendered":"<p>B\u1ed9t Max Pudding V\u1ecb Ph\u00f4 Mai 6in1 ThucPham.com: B\u00ed Quy\u1ebft T\u1ea1o N\u00ean Nh\u1eefng M\u00f3n Tr\u00e1ng Mi\u1ec7ng \u0110\u1ed9c \u0110\u00e1o B\u1ea1n \u0111ang t\u00ecm ki\u1ebfm m\u1ed9t gi\u1ea3i ph\u00e1p \u0111\u01a1n gi\u1ea3n \u0111\u1ec3 t\u1ea1o ra nh\u1eefng m\u00f3n tr\u00e1ng mi\u1ec7ng th\u01a1m ngon, h\u1ea5p d\u1eabn m\u00e0 kh\u00f4ng m\u1ea5t qu\u00e1 nhi\u1ec1u th\u1eddi gian? B\u1ed9t Max Pudding v\u1ecb Ph\u00f4 Mai 6in1 ThucPham.com ch\u00ednh l\u00e0&#8230;<\/p>\n","protected":false},"featured_media":93795,"comment_status":"open","ping_status":"closed","template":"","meta":[],"product_cat":[254],"product_tag":[],"_links":{"self":[{"href":"https:\/\/thucpham.com\/vinacom\/wp-json\/wp\/v2\/product\/47493"}],"collection":[{"href":"https:\/\/thucpham.com\/vinacom\/wp-json\/wp\/v2\/product"}],"about":[{"href":"https:\/\/thucpham.com\/vinacom\/wp-json\/wp\/v2\/types\/product"}],"replies":[{"embeddable":true,"href":"https:\/\/thucpham.com\/vinacom\/wp-json\/wp\/v2\/comments?post=47493"}],"wp:featuredmedia":[{"embeddable":true,"href":"https:\/\/thucpham.com\/vinacom\/wp-json\/wp\/v2\/media\/93795"}],"wp:attachment":[{"href":"https:\/\/thucpham.com\/vinacom\/wp-json\/wp\/v2\/media?parent=47493"}],"wp:term":[{"taxonomy":"product_cat","embeddable":true,"href":"https:\/\/thucpham.com\/vinacom\/wp-json\/wp\/v2\/product_cat?post=47493"},{"taxonomy":"product_tag","embeddable":true,"href":"https:\/\/thucpham.com\/vinacom\/wp-json\/wp\/v2\/product_tag?post=47493"}],"curies":[{"name":"wp","href":"https:\/\/api.w.org\/{rel}","templated":true}]}}