{"id":45826,"date":"2023-02-08T11:25:09","date_gmt":"2023-02-08T04:25:09","guid":{"rendered":"https:\/\/thucpham.com\/?post_type=product&#038;p=45826"},"modified":"2025-03-19T14:51:30","modified_gmt":"2025-03-19T07:51:30","slug":"bot-lam-kem-tuoi-thucpham-com-vi-mat-ong","status":"publish","type":"product","link":"https:\/\/thucpham.com\/vinacom\/bot-lam-kem-tuoi-thucpham-com-vi-mat-ong\/","title":{"rendered":"B\u1ed9t L\u00e0m Kem T\u01b0\u01a1i V\u1ecb M\u1eadt Ong R\u1eebng ThucPham.com"},"content":{"rendered":"<h2 style=\"text-align: justify;\" data-sourcepos=\"3:1-3:73\"><strong>B\u1ed9t l\u00e0m kem t\u01b0\u01a1i v\u1ecb M\u1eadt Ong: M\u00e0u kem v\u00e0ng \u00f3ng \u0111\u1ea7y m\u00ea ho\u1eb7c<\/strong><\/h2>\n<p style=\"text-align: justify;\" data-sourcepos=\"5:1-5:358\">T\u1eebng gi\u1ecdt m\u1eadt ong r\u1eebng nguy\u00ean ch\u1ea5t, ch\u1ee9a \u0111\u1ef1ng tinh t\u00fay c\u1ee7a thi\u00ean nhi\u00ean, nay \u0111\u00e3 \u0111\u01b0\u1ee3c <a href=\"https:\/\/thucpham.com\/\" target=\"_blank\" rel=\"noopener\" data-schema-attribute=\"\"><strong>ThucPham.com<\/strong><\/a> kh\u00e9o l\u00e9o k\u1ebft h\u1ee3p v\u00e0o b\u1ed9t l\u00e0m kem t\u01b0\u01a1i, mang \u0111\u1ebfn cho b\u1ea1n m\u1ed9t tr\u1ea3i nghi\u1ec7m v\u1ecb gi\u00e1c ho\u00e0n to\u00e0n m\u1edbi. B\u1ed9t l\u00e0m kem t\u01b0\u01a1i v\u1ecb M\u1eadt Ong ThucPham.com kh\u00f4ng ch\u1ec9 \u0111\u01a1n thu\u1ea7n l\u00e0 m\u1ed9t nguy\u00ean li\u1ec7u l\u00e0m kem, m\u00e0 c\u00f2n l\u00e0 m\u1ed9t h\u00e0nh tr\u00ecnh kh\u00e1m ph\u00e1 h\u01b0\u01a1ng v\u1ecb ng\u1ecdt ng\u00e0o, tinh t\u1ebf v\u00e0 \u0111\u1ea7y m\u00ea ho\u1eb7c.<\/p>\n<h2 style=\"text-align: justify;\" data-sourcepos=\"7:1-7:58\"><strong>ThucPham.com: \u0110\u1eb7t ch\u1ea5t l\u01b0\u1ee3ng v\u00e0 s\u1ef1 an t\u00e2m l\u00ean h\u00e0ng \u0111\u1ea7u<\/strong><\/h2>\n<p style=\"text-align: justify;\" data-sourcepos=\"9:1-9:436\">V\u1edbi s\u1ee9 m\u1ec7nh mang \u0111\u1ebfn nh\u1eefng s\u1ea3n ph\u1ea9m ch\u1ea5t l\u01b0\u1ee3ng v\u00e0 an to\u00e0n cho s\u1ee9c kh\u1ecfe ng\u01b0\u1eddi ti\u00eau d\u00f9ng, ThucPham.com lu\u00f4n \u0111\u1eb7t ti\u00eau ch\u00ed n\u00e0y l\u00ean h\u00e0ng \u0111\u1ea7u. <a href=\"https:\/\/thucpham.com\/bot-lam-kem-tuoi-thucpham-com-vi-mat-ong\/\" target=\"_blank\" rel=\"noopener\" data-schema-attribute=\"\"><strong>B\u1ed9t l\u00e0m kem t\u01b0\u01a1i v\u1ecb M\u1eadt Ong<\/strong><\/a> \u0111\u01b0\u1ee3c s\u1ea3n xu\u1ea5t tr\u00ean d\u00e2y chuy\u1ec1n c\u00f4ng ngh\u1ec7 hi\u1ec7n \u0111\u1ea1i, \u0111\u00e1p \u1ee9ng ti\u00eau chu\u1ea9n qu\u1ed1c t\u1ebf ISO 22000:2018. T\u1eeb kh\u00e2u l\u1ef1a ch\u1ecdn nguy\u00ean li\u1ec7u \u0111\u1ebfn quy tr\u00ecnh s\u1ea3n xu\u1ea5t v\u00e0 \u0111\u00f3ng g\u00f3i, m\u1ecdi c\u00f4ng \u0111o\u1ea1n \u0111\u1ec1u \u0111\u01b0\u1ee3c ki\u1ec3m so\u00e1t ch\u1eb7t ch\u1ebd, \u0111\u1ea3m b\u1ea3o s\u1ea3n ph\u1ea9m \u0111\u1ebfn tay ng\u01b0\u1eddi ti\u00eau d\u00f9ng lu\u00f4n \u0111\u1ea1t ch\u1ea5t l\u01b0\u1ee3ng cao nh\u1ea5t.<\/p>\n<p style=\"text-align: justify;\" data-sourcepos=\"9:1-9:436\">Xem Th\u00eam: <strong><a class=\"woocommerce-LoopProduct-link woocommerce-loop-product__link\" href=\"https:\/\/thucpham.com\/bot-lam-kem-tuoi-thucpham-com-vi-dua-luoi\/\">B\u1ed9t L\u00e0m Kem T\u01b0\u01a1i V\u1ecb D\u01b0a L\u01b0\u1edbi Nhi\u1ec7t \u0110\u1edbi ThucPham.com<\/a><\/strong><\/p>\n<h2 style=\"text-align: justify;\" data-sourcepos=\"11:1-11:62\"><strong>H\u01b0\u01a1ng v\u1ecb m\u1eadt ong r\u1eebng nguy\u00ean ch\u1ea5t, \u0111\u00e1nh th\u1ee9c m\u1ecdi gi\u00e1c quan<\/strong><\/h2>\n<p style=\"text-align: justify;\" data-sourcepos=\"13:1-13:319\"><a href=\"https:\/\/thucpham.com\/bot-lam-kem\/\" target=\"_blank\" rel=\"noopener\" data-schema-attribute=\"\"><strong>B\u1ed9t l\u00e0m kem t\u01b0\u01a1i<\/strong><\/a> v\u1ecb M\u1eadt Ong ThucPham.com s\u1eed d\u1ee5ng m\u1eadt ong r\u1eebng nguy\u00ean ch\u1ea5t, mang \u0111\u1ebfn h\u01b0\u01a1ng v\u1ecb ng\u1ecdt ng\u00e0o, thanh khi\u1ebft v\u00e0 \u0111\u1eadm \u0111\u00e0 t\u1ef1 nhi\u00ean. M\u1ed7i th\u00eca kem tan ch\u1ea3y trong mi\u1ec7ng s\u1ebd \u0111\u00e1nh th\u1ee9c m\u1ecdi gi\u00e1c quan c\u1ee7a b\u1ea1n, mang \u0111\u1ebfn m\u1ed9t c\u1ea3m gi\u00e1c th\u01b0 th\u00e1i, d\u1ec5 ch\u1ecbu, nh\u01b0 \u0111ang l\u1ea1c v\u00e0o m\u1ed9t khu r\u1eebng xanh m\u00e1t, ng\u1eadp tr\u00e0n h\u01b0\u01a1ng hoa v\u00e0 m\u1eadt ng\u1ecdt.<\/p>\n<h2 style=\"text-align: justify;\" data-sourcepos=\"15:1-15:75\"><strong>Ti\u1ec7n l\u1ee3i v\u00e0 nhanh ch\u00f3ng &#8211; Kem t\u01b0\u01a1i m\u1eadt ong th\u01a1m ngon ch\u1ec9 trong t\u00edch t\u1eafc<\/strong><\/h2>\n<p style=\"text-align: justify;\" data-sourcepos=\"17:1-17:305\">B\u1ea1n kh\u00f4ng c\u1ea7n ph\u1ea3i l\u00e0 m\u1ed9t chuy\u00ean gia l\u00e0m kem \u0111\u1ec3 c\u00f3 th\u1ec3 t\u1ea1o ra nh\u1eefng ly kem t\u01b0\u01a1i v\u1ecb <a href=\"https:\/\/vi.wikipedia.org\/wiki\/M%E1%BA%ADt_ong\" target=\"_blank\" rel=\"noopener nofollow\" data-schema-attribute=\"\">m\u1eadt ong<\/a> ho\u00e0n h\u1ea3o. V\u1edbi B\u1ed9t l\u00e0m kem t\u01b0\u01a1i v\u1ecb M\u1eadt Ong ThucPham.com, ch\u1ec9 c\u1ea7n v\u00e0i b\u01b0\u1edbc \u0111\u01a1n gi\u1ea3n: h\u00f2a tan b\u1ed9t, cho v\u00e0o m\u00e1y l\u00e0m kem v\u00e0 ch\u1edd \u0111\u1ee3i, b\u1ea1n \u0111\u00e3 c\u00f3 ngay nh\u1eefng ly kem t\u01b0\u01a1i ngon, h\u1ea5p d\u1eabn \u0111\u1ec3 th\u01b0\u1edfng th\u1ee9c c\u00f9ng gia \u0111\u00ecnh v\u00e0 b\u1ea1n b\u00e8.<\/p>\n<h2 style=\"text-align: justify;\" data-sourcepos=\"19:1-19:38\"><strong>Gi\u1ea3i ph\u00e1p ho\u00e0n h\u1ea3o cho m\u1ecdi nhu c\u1ea7u<\/strong><\/h2>\n<p style=\"text-align: justify;\" data-sourcepos=\"21:1-21:87\">B\u1ed9t l\u00e0m kem t\u01b0\u01a1i v\u1ecb M\u1eadt Ong ThucPham.com ph\u00f9 h\u1ee3p v\u1edbi m\u1ecdi \u0111\u1ed1i t\u01b0\u1ee3ng, t\u1eeb tr\u1ebb em \u0111\u1ebfn ng\u01b0\u1eddi l\u1edbn, t\u1eeb nh\u1eefng ng\u01b0\u1eddi y\u00eau th\u00edch v\u1ecb ng\u1ecdt truy\u1ec1n th\u1ed1ng \u0111\u1ebfn nh\u1eefng ng\u01b0\u1eddi t\u00ecm ki\u1ebfm s\u1ef1 m\u1edbi l\u1ea1, \u0111\u1ed9c \u0111\u00e1o. S\u1ea3n ph\u1ea9m kh\u00f4ng ch\u1ec9 l\u00e0 m\u1ed9t m\u00f3n tr\u00e1ng mi\u1ec7ng ngon mi\u1ec7ng m\u00e0 c\u00f2n l\u00e0 m\u1ed9t c\u00e1ch \u0111\u1ec3 b\u1ea1n ch\u0103m s\u00f3c s\u1ee9c kh\u1ecfe v\u00e0 t\u1eadn h\u01b0\u1edfng nh\u1eefng kho\u1ea3nh kh\u1eafc ng\u1ecdt ng\u00e0o b\u00ean gia \u0111\u00ecnh.<\/p>\n<p style=\"text-align: justify;\" data-sourcepos=\"21:1-21:87\">Xem Th\u00eam: <strong><a class=\"woocommerce-LoopProduct-link woocommerce-loop-product__link\" href=\"https:\/\/thucpham.com\/bot-lam-kem-tuoi-thucpham-com-vi-dao\/\" target=\"_blank\" rel=\"noopener\" data-schema-attribute=\"\">B\u1ed9t L\u00e0m Kem T\u01b0\u01a1i V\u1ecb \u0110\u00e0o H\u1ed3ng T\u1ef1 Nhi\u00ean ThucPham.com<\/a><\/strong><\/p>\n<h3 class=\"\" style=\"text-align: justify;\" data-sourcepos=\"23:1-23:22\"><strong>Th\u00f4ng tin s\u1ea3n ph\u1ea9m<\/strong><\/h3>\n<ul style=\"text-align: justify;\" data-sourcepos=\"25:1-27:117\">\n<li data-sourcepos=\"25:1-25:65\"><strong>T\u00ean s\u1ea3n ph\u1ea9m:<\/strong> B\u1ed9t L\u00e0m Kem T\u01b0\u01a1i V\u1ecb M\u1eadt Ong R\u1eebng ThucPham.com<\/li>\n<li data-sourcepos=\"26:1-26:23\"><strong>Xu\u1ea5t x\u1ee9:<\/strong> Vi\u1ec7t Nam<\/li>\n<li data-sourcepos=\"27:1-27:117\"><strong>Th\u00e0nh ph\u1ea7n:<\/strong> B\u1ed9t kem s\u1eefa th\u1ef1c v\u1eadt, B\u1ed9t s\u1eefa t\u00e1ch b\u00e9o, B\u1ed9t v\u1ecb nguy\u00ean ch\u1ea5t (m\u1eadt ong r\u1eebng), \u0110\u01b0\u1eddng c\u00e1t, Mu\u1ed1i tinh khi\u1ebft, Ch\u1ea5t \u1ed5n \u0111\u1ecbnh &#8211; nh\u0169 h\u00f3a v\u00e0 l\u00e0m d\u00e0y, Maltodextrin, M\u00e0u th\u1ef1c ph\u1ea9m v\u00e0 v\u1ecb t\u1ef1 nhi\u00ean t\u1ed5ng h\u1ee3p<\/li>\n<li data-sourcepos=\"28:1-29:0\"><strong>Kh\u1ed1i l\u01b0\u1ee3ng:<\/strong> 1kg\/t\u00fai<\/li>\n<\/ul>\n<h3 class=\"\" style=\"text-align: justify;\" data-sourcepos=\"30:1-30:16\"><strong>C\u00e1ch s\u1eed d\u1ee5ng<\/strong><\/h3>\n<ol style=\"text-align: justify;\" data-sourcepos=\"32:1-35:14\">\n<li data-sourcepos=\"32:1-32:95\">H\u00f2a tan 1 kg B\u1ed9t L\u00e0m Kem T\u01b0\u01a1i V\u1ecb M\u1eadt Ong R\u1eebng v\u1edbi 2.5 l\u00edt n\u01b0\u1edbc \u1ea5m ho\u1eb7c s\u1eefa t\u01b0\u01a1i kh\u00f4ng \u0111\u01b0\u1eddng.<\/li>\n<li data-sourcepos=\"33:1-33:82\">Khi h\u1ed7n h\u1ee3p b\u1ed9t l\u00e0m kem \u0111\u00e3 tan ho\u00e0n to\u00e0n v\u00e0 \u0111\u00e3 \u0111\u01b0\u1ee3c ngh\u1ec9 30 ph\u00fat cho ngu\u1ed9i, cho h\u1ed7n h\u1ee3p b\u1ed9t v\u00e0o m\u00e1y l\u00e0m kem t\u01b0\u01a1i.<\/li>\n<li data-sourcepos=\"34:1-34:85\">Thi\u1ebft l\u1eadp ch\u1ebf \u0111\u1ed9 l\u00e0m kem t\u1ef1 \u0111\u1ed9ng tr\u00ean m\u00e1y l\u00e0m kem t\u01b0\u01a1i \u0111\u1ebfn khi ho\u00e0n t\u1ea5t quy tr\u00ecnh.<\/li>\n<li data-sourcepos=\"35:1-35:14\">H\u1ed7n h\u1ee3p b\u1ed9t l\u00e0m kem c\u1ea7n b\u1ea3o qu\u1ea3n \u1edf nhi\u1ec7t \u0111\u1ed9 2-4 \u0111\u1ed9 C v\u00e0 s\u1eed d\u1ee5ng trong v\u00f2ng 24 gi\u1edd.<\/li>\n<\/ol>\n<h3 class=\"\" style=\"text-align: justify;\" data-sourcepos=\"37:1-37:17\"><strong>C\u00e1ch b\u1ea3o qu\u1ea3n<\/strong><\/h3>\n<ul style=\"text-align: justify;\" data-sourcepos=\"39:1-42:0\">\n<li data-sourcepos=\"39:1-39:42\">B\u1ea3o qu\u1ea3n \u1edf n\u01a1i c\u00f3 nhi\u1ec7t \u0111\u1ed9 d\u01b0\u1edbi 25 \u0111\u1ed9 C.<\/li>\n<li data-sourcepos=\"40:1-40:46\">\u0110\u1ec3 n\u01a1i kh\u00f4 tho\u00e1ng, tr\u00e1nh \u00e1nh n\u1eafng tr\u1ef1c ti\u1ebfp.<\/li>\n<li data-sourcepos=\"41:1-42:0\">Sau khi m\u1edf t\u00fai s\u1ea3n ph\u1ea9m, c\u1ea7n gi\u1eef k\u00edn v\u00e0 s\u1eed d\u1ee5ng h\u1ebft trong 5 ng\u00e0y.<\/li>\n<\/ul>\n<p style=\"text-align: justify;\">Xem Th\u00eam: <strong><a class=\"woocommerce-LoopProduct-link woocommerce-loop-product__link\" href=\"https:\/\/thucpham.com\/bot-lam-kem-tuoi-thucpham-com-vi-viet-quat\/\" target=\"_blank\" rel=\"noopener\" data-schema-attribute=\"\">B\u1ed9t L\u00e0m Kem T\u01b0\u01a1i V\u1ecb Vi\u1ec7t Qu\u1ea5t T\u1ef1 Nhi\u00ean ThucPham.com<\/a><\/strong><\/p>\n<h3 class=\"\" style=\"text-align: justify;\" data-sourcepos=\"43:1-43:57\"><strong>ThucPham.com: \u0110a d\u1ea1ng h\u01b0\u01a1ng v\u1ecb, th\u1ecfa m\u00e3n m\u1ecdi s\u1edf th\u00edch<\/strong><\/h3>\n<p style=\"text-align: justify;\" data-sourcepos=\"45:1-45:247\">Ngo\u00e0i v\u1ecb M\u1eadt Ong R\u1eebng \u0111\u1ed9c \u0111\u00e1o, ThucPham.com c\u00f2n mang \u0111\u1ebfn cho b\u1ea1n nhi\u1ec1u s\u1ef1 l\u1ef1a ch\u1ecdn h\u1ea5p d\u1eabn kh\u00e1c nh\u01b0 Chocolate, d\u00e2u, tr\u00e0 s\u1eefa, d\u1eeba, vani, khoai m\u00f4n, matcha, \u0111\u00e0o, vi\u1ec7t qu\u1ea5t, d\u1ee9a,&#8230; \u0111\u1ec3 b\u1ea1n th\u1ecfa s\u1ee9c s\u00e1ng t\u1ea1o v\u00e0 kh\u00e1m ph\u00e1 nh\u1eefng h\u01b0\u01a1ng v\u1ecb kem t\u01b0\u01a1i m\u1edbi l\u1ea1.<\/p>\n<p style=\"text-align: justify;\" data-sourcepos=\"47:1-47:136\"><strong>H\u00e3y \u0111\u1ec3 B\u1ed9t l\u00e0m kem t\u01b0\u01a1i v\u1ecb M\u1eadt Ong ThucPham.com mang \u0111\u1ebfn cho b\u1ea1n nh\u1eefng tr\u1ea3i nghi\u1ec7m kem t\u01b0\u01a1i tuy\u1ec7t v\u1eddi, \u0111\u1eadm \u0111\u00e0 h\u01b0\u01a1ng v\u1ecb thi\u00ean nhi\u00ean!<\/strong><\/p>\n<p style=\"text-align: justify;\"><a href=\"https:\/\/thucpham.com\/wp-content\/uploads\/2023\/12\/thay-doi-bao-bi-bot-lam-kem-tuoi-thucphamcom.png\"><img class=\"size-full wp-image-47336\" src=\"https:\/\/thucpham.com\/wp-content\/uploads\/2023\/12\/thay-doi-bao-bi-bot-lam-kem-tuoi-thucphamcom.png\" alt=\"thay \u0111\u1ed5i bao b\u00ec b\u1ed9t l\u00e0m kem t\u01b0\u01a1i\" width=\"1280\" height=\"720\" srcset=\"https:\/\/thucpham.com\/vinacom\/wp-content\/uploads\/2023\/12\/thay-doi-bao-bi-bot-lam-kem-tuoi-thucphamcom.png 1280w, https:\/\/thucpham.com\/vinacom\/wp-content\/uploads\/2023\/12\/thay-doi-bao-bi-bot-lam-kem-tuoi-thucphamcom-300x169.png 300w, https:\/\/thucpham.com\/vinacom\/wp-content\/uploads\/2023\/12\/thay-doi-bao-bi-bot-lam-kem-tuoi-thucphamcom-1024x576.png 1024w, https:\/\/thucpham.com\/vinacom\/wp-content\/uploads\/2023\/12\/thay-doi-bao-bi-bot-lam-kem-tuoi-thucphamcom-768x432.png 768w, https:\/\/thucpham.com\/vinacom\/wp-content\/uploads\/2023\/12\/thay-doi-bao-bi-bot-lam-kem-tuoi-thucphamcom-24x14.png 24w, https:\/\/thucpham.com\/vinacom\/wp-content\/uploads\/2023\/12\/thay-doi-bao-bi-bot-lam-kem-tuoi-thucphamcom-36x20.png 36w, https:\/\/thucpham.com\/vinacom\/wp-content\/uploads\/2023\/12\/thay-doi-bao-bi-bot-lam-kem-tuoi-thucphamcom-48x27.png 48w, https:\/\/thucpham.com\/vinacom\/wp-content\/uploads\/2023\/12\/thay-doi-bao-bi-bot-lam-kem-tuoi-thucphamcom-510x287.png 510w\" sizes=\"(max-width: 1280px) 100vw, 1280px\" title=\"\"><\/a><\/p>\n","protected":false},"excerpt":{"rendered":"<ul>\n<li>Ch\u1ea5t l\u01b0\u1ee3ng \u0111\u1ea3m b\u1ea3o, gi\u00e1 th\u00e0nh h\u1ea5p d\u1eabn, giao h\u00e0ng to\u00e0n qu\u1ed1c<\/li>\n<li>Kem th\u00e0nh ph\u1ea9m s\u00e1nh m\u1ecbn, t\u01b0\u01a1i ngon, l\u00e2u tan<\/li>\n<li>M\u1eabu m\u00e3, bao b\u00ec \u0111\u1eb9p m\u1eaft, sang tr\u1ecdng<\/li>\n<li>Mang l\u1ea1i l\u1ee3i nhu\u1eadn cao khi kinh doanh<\/li>\n<li>\u00c1p d\u1ee5ng H\u1ec7 th\u1ed1ng qu\u1ea3n l\u00fd an to\u00e0n th\u1ef1c ph\u1ea9m ti\u00eau chu\u1ea9n Qu\u1ed1c t\u1ebf ISO 22000:2018<\/li>\n<\/ul>\n","protected":false},"featured_media":92811,"comment_status":"open","ping_status":"closed","template":"","meta":[],"product_cat":[254],"product_tag":[],"_links":{"self":[{"href":"https:\/\/thucpham.com\/vinacom\/wp-json\/wp\/v2\/product\/45826"}],"collection":[{"href":"https:\/\/thucpham.com\/vinacom\/wp-json\/wp\/v2\/product"}],"about":[{"href":"https:\/\/thucpham.com\/vinacom\/wp-json\/wp\/v2\/types\/product"}],"replies":[{"embeddable":true,"href":"https:\/\/thucpham.com\/vinacom\/wp-json\/wp\/v2\/comments?post=45826"}],"wp:featuredmedia":[{"embeddable":true,"href":"https:\/\/thucpham.com\/vinacom\/wp-json\/wp\/v2\/media\/92811"}],"wp:attachment":[{"href":"https:\/\/thucpham.com\/vinacom\/wp-json\/wp\/v2\/media?parent=45826"}],"wp:term":[{"taxonomy":"product_cat","embeddable":true,"href":"https:\/\/thucpham.com\/vinacom\/wp-json\/wp\/v2\/product_cat?post=45826"},{"taxonomy":"product_tag","embeddable":true,"href":"https:\/\/thucpham.com\/vinacom\/wp-json\/wp\/v2\/product_tag?post=45826"}],"curies":[{"name":"wp","href":"https:\/\/api.w.org\/{rel}","templated":true}]}}