{"id":41741,"date":"2022-02-14T10:29:52","date_gmt":"2022-02-14T03:29:52","guid":{"rendered":"https:\/\/thucpham.com\/?post_type=product&#038;p=41741"},"modified":"2025-03-20T14:53:25","modified_gmt":"2025-03-20T07:53:25","slug":"bot-tra-sua-hoa-tan-thucpham-com-vi-matcha","status":"publish","type":"product","link":"https:\/\/thucpham.com\/vinacom\/bot-tra-sua-hoa-tan-thucpham-com-vi-matcha\/","title":{"rendered":"B\u1ed9t Tr\u00e0 S\u1eefa H\u00f2a Tan V\u1ecb Matcha ThucPham.com"},"content":{"rendered":"<p data-sourcepos=\"5:1-5:349\">Trong th\u1ebf gi\u1edbi tr\u00e0 s\u1eefa \u0111a d\u1ea1ng v\u00e0 phong ph\u00fa, tr\u00e0 s\u1eefa Matcha lu\u00f4n gi\u1eef m\u1ed9t v\u1ecb tr\u00ed \u0111\u1eb7c bi\u1ec7t, chinh ph\u1ee5c tr\u00e1i tim c\u1ee7a nh\u1eefng ng\u01b0\u1eddi y\u00eau th\u00edch s\u1ef1 tinh t\u1ebf v\u00e0 thanh tao. V\u1edbi h\u01b0\u01a1ng th\u01a1m d\u1ecbu nh\u1eb9 c\u1ee7a tr\u00e0 xanh Matcha h\u00f2a quy\u1ec7n c\u00f9ng v\u1ecb b\u00e9o ng\u1eady c\u1ee7a s\u1eefa, <a href=\"https:\/\/thucpham.com\/bot-tra-sua-hoa-tan-thucpham-com-vi-matcha\/\" target=\"_blank\" rel=\"noopener\" data-schema-attribute=\"\"><strong>B\u1ed9t tr\u00e0 s\u1eefa h\u00f2a tan v\u1ecb Matcha<\/strong><\/a> ThucPham.com mang \u0111\u1ebfn m\u1ed9t tr\u1ea3i nghi\u1ec7m v\u1ecb gi\u00e1c \u0111\u1ed9c \u0111\u00e1o, \u0111\u00e1nh th\u1ee9c m\u1ecdi gi\u00e1c quan.<\/p>\n<h2 data-sourcepos=\"7:1-7:55\"><strong>ThucPham.com &#8211; \u0110\u1ed3ng h\u00e0nh c\u00f9ng ch\u1ea5t l\u01b0\u1ee3ng v\u00e0 an to\u00e0n<\/strong><\/h2>\n<p data-sourcepos=\"9:1-9:475\">Th\u1ea5u hi\u1ec3u s\u1ef1 quan t\u00e2m c\u1ee7a kh\u00e1ch h\u00e0ng v\u1ec1 ch\u1ea5t l\u01b0\u1ee3ng v\u00e0 an to\u00e0n th\u1ef1c ph\u1ea9m, <a href=\"https:\/\/thucpham.com\/\" target=\"_blank\" rel=\"noopener\" data-schema-attribute=\"\"><strong>ThucPham.com<\/strong><\/a> kh\u00f4ng ng\u1eebng n\u1ed7 l\u1ef1c \u0111\u1ec3 mang \u0111\u1ebfn nh\u1eefng s\u1ea3n ph\u1ea9m t\u1ed1t nh\u1ea5t. B\u1ed9t tr\u00e0 s\u1eefa h\u00f2a tan v\u1ecb Matcha \u0111\u01b0\u1ee3c s\u1ea3n xu\u1ea5t tr\u00ean d\u00e2y chuy\u1ec1n c\u00f4ng ngh\u1ec7 hi\u1ec7n \u0111\u1ea1i, \u0111\u00e1p \u1ee9ng ti\u00eau chu\u1ea9n qu\u1ed1c t\u1ebf <a href=\"https:\/\/vi.wikipedia.org\/wiki\/ISO_22000\" target=\"_blank\" rel=\"noopener nofollow\" data-schema-attribute=\"\">ISO 22000:2018<\/a>. T\u1eeb kh\u00e2u l\u1ef1a ch\u1ecdn nguy\u00ean li\u1ec7u \u0111\u1ebfn quy tr\u00ecnh s\u1ea3n xu\u1ea5t v\u00e0 \u0111\u00f3ng g\u00f3i, m\u1ecdi c\u00f4ng \u0111o\u1ea1n \u0111\u1ec1u \u0111\u01b0\u1ee3c ki\u1ec3m so\u00e1t ch\u1eb7t ch\u1ebd, \u0111\u1ea3m b\u1ea3o s\u1ea3n ph\u1ea9m \u0111\u1ebfn tay ng\u01b0\u1eddi ti\u00eau d\u00f9ng lu\u00f4n \u0111\u1ea1t ch\u1ea5t l\u01b0\u1ee3ng cao nh\u1ea5t, an to\u00e0n tuy\u1ec7t \u0111\u1ed1i cho s\u1ee9c kh\u1ecfe.<\/p>\n<h2 data-sourcepos=\"11:1-11:73\"><strong>Ti\u1ec7n l\u1ee3i v\u00e0 nhanh ch\u00f3ng &#8211; Tr\u00e0 s\u1eefa Matcha th\u01a1m ngon ch\u1ec9 trong t\u00edch t\u1eafc<\/strong><\/h2>\n<p data-sourcepos=\"13:1-13:338\">Cu\u1ed9c s\u1ed1ng b\u1eadn r\u1ed9n kh\u00f4ng c\u00f2n l\u00e0 l\u00fd do \u0111\u1ec3 b\u1ea1n ph\u1ea3i t\u1eeb b\u1ecf ni\u1ec1m \u0111am m\u00ea tr\u00e0 s\u1eefa. V\u1edbi <a href=\"https:\/\/thucpham.com\/bot-tra-sua\/\" target=\"_blank\" rel=\"noopener\" data-schema-attribute=\"\"><strong>B\u1ed9t tr\u00e0 s\u1eefa<\/strong><\/a> h\u00f2a tan v\u1ecb Matcha ThucPham.com, b\u1ea1n c\u00f3 th\u1ec3 d\u1ec5 d\u00e0ng pha ch\u1ebf m\u1ed9t ly tr\u00e0 s\u1eefa Matcha th\u01a1m ngon, \u0111\u1eadm \u0111\u00e0 ngay t\u1ea1i nh\u00e0 ch\u1ec9 trong v\u00e0i ph\u00fat. Kh\u00f4ng c\u1ea7n ph\u1ea3i \u0111\u1ebfn qu\u00e1n, kh\u00f4ng c\u1ea7n ph\u1ea3i ch\u1edd \u0111\u1ee3i, b\u1ea1n v\u1eabn c\u00f3 th\u1ec3 th\u01b0\u1edfng th\u1ee9c m\u00f3n \u0111\u1ed3 u\u1ed1ng y\u00eau th\u00edch m\u1ecdi l\u00fac m\u1ecdi n\u01a1i.<\/p>\n<p data-sourcepos=\"13:1-13:338\">Xem Th\u00eam: <strong><a class=\"woocommerce-LoopProduct-link woocommerce-loop-product__link\" href=\"https:\/\/thucpham.com\/bot-tra-sua-hoa-tan-thucpham-com-vi-viet-quat\/\">B\u1ed9t Tr\u00e0 S\u1eefa H\u00f2a Tan V\u1ecb Vi\u1ec7t Qu\u1ea5t<\/a><a class=\"woocommerce-LoopProduct-link woocommerce-loop-product__link\" href=\"https:\/\/thucpham.com\/bot-tra-sua-hoa-tan-thucpham-com-vi-viet-quat\/\"> ThucPham.com<\/a><\/strong><\/p>\n<h2 data-sourcepos=\"15:1-15:55\"><strong>H\u01b0\u01a1ng v\u1ecb Matcha nguy\u00ean b\u1ea3n, \u0111\u00e1nh th\u1ee9c m\u1ecdi gi\u00e1c quan<\/strong><\/h2>\n<p data-sourcepos=\"17:1-17:265\">B\u1ed9t tr\u00e0 s\u1eefa h\u00f2a tan v\u1ecb Matcha ThucPham.com mang \u0111\u1ebfn h\u01b0\u01a1ng v\u1ecb Matcha nguy\u00ean b\u1ea3n, \u0111\u1eadm \u0111\u00e0, h\u00f2a quy\u1ec7n c\u00f9ng v\u1ecb b\u00e9o ng\u1eady c\u1ee7a s\u1eefa v\u00e0 \u0111\u1ed9 ng\u1ecdt thanh v\u1eeba ph\u1ea3i. M\u1ed7i ng\u1ee5m tr\u00e0 s\u1eefa l\u00e0 m\u1ed9t tr\u1ea3i nghi\u1ec7m tuy\u1ec7t v\u1eddi, \u0111\u01b0a b\u1ea1n \u0111\u1ebfn v\u1edbi kh\u00f4ng gian xanh m\u00e1t, th\u01b0 th\u00e1i c\u1ee7a x\u1ee9 s\u1edf hoa anh \u0111\u00e0o.<\/p>\n<figure id=\"attachment_92955\" aria-describedby=\"caption-attachment-92955\" style=\"width: 900px\" class=\"wp-caption aligncenter\"><a href=\"https:\/\/thucpham.com\/wp-content\/uploads\/2022\/02\/bot-tra-sua-matcha-ngon-nhat.jpg\"><img class=\"wp-image-92955 size-full\" src=\"https:\/\/thucpham.com\/wp-content\/uploads\/2022\/02\/bot-tra-sua-matcha-ngon-nhat.jpg\" alt=\"\" width=\"900\" height=\"600\" srcset=\"https:\/\/thucpham.com\/vinacom\/wp-content\/uploads\/2022\/02\/bot-tra-sua-matcha-ngon-nhat.jpg 900w, https:\/\/thucpham.com\/vinacom\/wp-content\/uploads\/2022\/02\/bot-tra-sua-matcha-ngon-nhat-300x200.jpg 300w, https:\/\/thucpham.com\/vinacom\/wp-content\/uploads\/2022\/02\/bot-tra-sua-matcha-ngon-nhat-768x512.jpg 768w, https:\/\/thucpham.com\/vinacom\/wp-content\/uploads\/2022\/02\/bot-tra-sua-matcha-ngon-nhat-24x16.jpg 24w, https:\/\/thucpham.com\/vinacom\/wp-content\/uploads\/2022\/02\/bot-tra-sua-matcha-ngon-nhat-36x24.jpg 36w, https:\/\/thucpham.com\/vinacom\/wp-content\/uploads\/2022\/02\/bot-tra-sua-matcha-ngon-nhat-48x32.jpg 48w, https:\/\/thucpham.com\/vinacom\/wp-content\/uploads\/2022\/02\/bot-tra-sua-matcha-ngon-nhat-510x340.jpg 510w\" sizes=\"(max-width: 900px) 100vw, 900px\" title=\"\"><\/a><figcaption id=\"caption-attachment-92955\" class=\"wp-caption-text\">C\u00f9ng th\u01b0\u1edfng th\u1ee9c h\u01b0\u01a1ng v\u1ecb t\u01b0\u01a1i m\u00e1t c\u1ee7a matcha h\u00f2a quy\u1ec7n v\u1edbi ng\u1ecdt ng\u00e0o c\u1ee7a s\u1eefa v\u1edbi b\u1ed9t tr\u00e0 s\u1eefa h\u00f2a tan v\u1ecb matcha ThucPham.com<\/figcaption><\/figure>\n<h2 data-sourcepos=\"19:1-19:48\"><strong>S\u1ef1 l\u1ef1a ch\u1ecdn l\u00fd t\u01b0\u1edfng cho s\u1ee9c kh\u1ecfe v\u00e0 s\u1eafc \u0111\u1eb9p<\/strong><\/h2>\n<p data-sourcepos=\"21:1-21:275\">Matcha kh\u00f4ng ch\u1ec9 l\u00e0 m\u1ed9t lo\u1ea1i tr\u00e0 ngon m\u00e0 c\u00f2n l\u00e0 m\u1ed9t si\u00eau th\u1ef1c ph\u1ea9m gi\u00e0u ch\u1ea5t ch\u1ed1ng oxy h\u00f3a, gi\u00fap t\u0103ng c\u01b0\u1eddng s\u1ee9c kh\u1ecfe v\u00e0 l\u00e0m \u0111\u1eb9p da. B\u1ed9t tr\u00e0 s\u1eefa h\u00f2a tan v\u1ecb Matcha ThucPham.com kh\u00f4ng ch\u1ec9 l\u00e0 m\u1ed9t th\u1ee9c u\u1ed1ng gi\u1ea3i kh\u00e1t m\u00e0 c\u00f2n l\u00e0 m\u1ed9t c\u00e1ch \u0111\u1ec3 b\u1ea1n ch\u0103m s\u00f3c b\u1ea3n th\u00e2n m\u1ed9t c\u00e1ch to\u00e0n di\u1ec7n.<\/p>\n<p data-sourcepos=\"21:1-21:275\">Xem Th\u00eam: <strong><a class=\"woocommerce-LoopProduct-link woocommerce-loop-product__link\" href=\"https:\/\/thucpham.com\/bot-tra-sua-hoa-tan-thucpham-com-vi-chocolate\/\">B\u1ed9t Tr\u00e0 S\u1eefa H\u00f2a Tan V\u1ecb Chocolate ThucPham.com<\/a><\/strong><\/p>\n<h3 data-sourcepos=\"23:1-23:22\">Th\u00f4ng tin s\u1ea3n ph\u1ea9m<\/h3>\n<ul data-sourcepos=\"25:1-29:0\">\n<li data-sourcepos=\"25:1-25:62\"><strong>T\u00ean s\u1ea3n ph\u1ea9m:<\/strong> B\u1ed9t tr\u00e0 s\u1eefa h\u00f2a tan ThucPham.com v\u1ecb Matcha<\/li>\n<li data-sourcepos=\"26:1-26:23\"><strong>Xu\u1ea5t x\u1ee9:<\/strong> Vi\u1ec7t Nam<\/li>\n<li data-sourcepos=\"27:1-27:362\"><strong>Th\u00e0nh ph\u1ea7n:<\/strong> <span class=\"citation-0\">Non Dairy Creamer (siro Glucoza kh\u00f4, ch\u1ea5t b\u00e9o th\u1ef1c ph\u1ea9m \u0111\u00e3 Hydro ho\u00e1, ch<\/span><span class=\"citation-0 citation-1 citation-end-0\">\u1ea5t \u1ed5n \u0111\u1ecbnh (INS 340(ii), INS 451(i)), protein s\u1eefa, ch\u1ea5t nh\u0169 ho\u00e1 (INS 471, 481 (i)) v\u00e0 ch\u1ea5t ch\u1ed1ng \u0111\u00f4ng v\u00f3n (INS 551));<\/span><span class=\"citation-1 citation-end-1\"> \u0110\u01b0\u1eddng c\u00e1t; Maltodextrin;<\/span> H\u01b0\u01a1ng s\u1eefa t\u1ef1 nhi\u00ean, M\u00e0u th\u1ef1c ph\u1ea9m t\u1ed5ng h\u1ee3p, chi\u1ebft xu\u1ea5t tr\u00e0 \u0111en, h\u01b0\u01a1ng li\u1ec7u t\u1ef1 nhi\u00ean d\u00f9ng cho th\u1ef1c ph\u1ea9m.\n<div class=\"container hide\">\n<div class=\"carousel-container\">&nbsp;<\/div>\n<\/div>\n<\/li>\n<li data-sourcepos=\"28:1-29:0\"><strong>Kh\u1ed1i l\u01b0\u1ee3ng:<\/strong> 1kg\/t\u00fai<\/li>\n<\/ul>\n<h3 data-sourcepos=\"30:1-30:16\">C\u00e1ch s\u1eed d\u1ee5ng<\/h3>\n<ul data-sourcepos=\"32:1-34:0\">\n<li data-sourcepos=\"32:1-32:154\"><strong>Pha c\u1ed1c 350ml:<\/strong> H\u00f2a tan 40gr b\u1ed9t tr\u00e0 s\u1eefa v\u1edbi 150ml n\u01b0\u1edbc n\u00f3ng v\u00e0 15ml \u0111\u01b0\u1eddng n\u01b0\u1edbc (10g \u0111\u01b0\u1eddng c\u00e1t), khu\u1ea5y \u0111\u1ec1u cho h\u1ed7n h\u1ee3p tan ho\u00e0n to\u00e0n v\u00e0 th\u00eam 130g \u0111\u00e1.<\/li>\n<li data-sourcepos=\"33:1-34:0\"><strong>Pha c\u1ed1c 500ml:<\/strong> H\u00f2a tan 60gr b\u1ed9t tr\u00e0 s\u1eefa v\u1edbi 200ml n\u01b0\u1edbc n\u00f3ng v\u00e0 22ml \u0111\u01b0\u1eddng n\u01b0\u1edbc (15g \u0111\u01b0\u1eddng c\u00e1t), khu\u1ea5y \u0111\u1ec1u cho h\u1ed7n h\u1ee3p tan ho\u00e0n to\u00e0n v\u00e0 th\u00eam 200g \u0111\u00e1.<\/li>\n<\/ul>\n<h3 data-sourcepos=\"35:1-35:17\">C\u00e1ch b\u1ea3o qu\u1ea3n<\/h3>\n<ul data-sourcepos=\"37:1-40:0\">\n<li data-sourcepos=\"37:1-37:46\">\u0110\u1ec3 s\u1ea3n ph\u1ea9m \u1edf nh\u1eefng n\u01a1i kh\u00f4 r\u00e1o, tho\u00e1ng m\u00e1t.<\/li>\n<li data-sourcepos=\"38:1-38:27\">Tr\u00e1nh \u00e1nh n\u1eafng tr\u1ef1c ti\u1ebfp.<\/li>\n<li data-sourcepos=\"39:1-40:0\">B\u1ea3o qu\u1ea3n k\u00edn sau khi m\u1edf bao b\u00ec.<\/li>\n<\/ul>\n<p>Xem Th\u00eam: <strong><a class=\"woocommerce-LoopProduct-link woocommerce-loop-product__link\" href=\"https:\/\/thucpham.com\/bot-tra-sua-hoa-tan-thucpham-com-vi-khoai-mon\/\">B\u1ed9t Tr\u00e0 S\u1eefa H\u00f2a Tan V\u1ecb Khoai M\u00f4n<\/a><a class=\"woocommerce-LoopProduct-link woocommerce-loop-product__link\" href=\"https:\/\/thucpham.com\/bot-tra-sua-hoa-tan-thucpham-com-vi-khoai-mon\/\"> ThucPham.com<\/a><\/strong><\/p>\n<h3 data-sourcepos=\"41:1-41:43\">\u0110a d\u1ea1ng h\u01b0\u01a1ng v\u1ecb, th\u1ecfa m\u00e3n m\u1ecdi s\u1edf th\u00edch<\/h3>\n<p data-sourcepos=\"43:1-43:187\">Ngo\u00e0i v\u1ecb Matcha \u0111\u1ed9c \u0111\u00e1o, ThucPham.com c\u00f2n cung c\u1ea5p nhi\u1ec1u h\u01b0\u01a1ng v\u1ecb b\u1ed9t tr\u00e0 s\u1eefa h\u00f2a tan kh\u00e1c nh\u01b0 chocolate, vi\u1ec7t qu\u1ea5t, d\u00e2u t\u00e2y, khoai m\u00f4n,&#8230; \u0111\u00e1p \u1ee9ng m\u1ecdi s\u1edf th\u00edch v\u00e0 nhu c\u1ea7u c\u1ee7a kh\u00e1ch h\u00e0ng.<\/p>\n<h3 data-sourcepos=\"45:1-45:42\">ThucPham.com &#8211; \u0110\u1ed1i t\u00e1c tin c\u1eady c\u1ee7a b\u1ea1n<\/h3>\n<p data-sourcepos=\"47:1-47:263\">V\u1edbi cam k\u1ebft v\u1ec1 ch\u1ea5t l\u01b0\u1ee3ng, an to\u00e0n v\u00e0 h\u01b0\u01a1ng v\u1ecb tuy\u1ec7t h\u1ea3o, B\u1ed9t tr\u00e0 s\u1eefa h\u00f2a tan ThucPham.com l\u00e0 s\u1ef1 l\u1ef1a ch\u1ecdn ho\u00e0n h\u1ea3o cho m\u1ecdi gia \u0111\u00ecnh v\u00e0 c\u00e1c ch\u1ee7 kinh doanh \u0111\u1ed3 u\u1ed1ng. H\u00e3y \u0111\u1ec3 ThucPham.com \u0111\u1ed3ng h\u00e0nh c\u00f9ng b\u1ea1n t\u1ea1o n\u00ean nh\u1eefng ly tr\u00e0 s\u1eefa th\u01a1m ngon, h\u1ea5p d\u1eabn v\u00e0 \u0111\u1ea7y s\u1ee9c s\u1ed1ng!<\/p>\n","protected":false},"excerpt":{"rendered":"<ul>\n<li style=\"font-weight: 400;\" aria-level=\"1\"><span style=\"font-weight: 400;\">M\u1eabu m\u00e0 \u0111\u1eb9p m\u1eaft, t\u00fai zip b\u1ea1c ch\u1eafc ch\u1eafn ti\u1ec7n l\u1ee3i<\/span><\/li>\n<li style=\"font-weight: 400;\" aria-level=\"1\"><span style=\"font-weight: 400;\">Gi\u00e1 th\u00e0nh ph\u00f9 h\u1ee3p v\u1edbi m\u1ecdi m\u00f4 h\u00ecnh kinh doanh<\/span><\/li>\n<li style=\"font-weight: 400;\" aria-level=\"1\"><span style=\"font-weight: 400;\">\u00c1p d\u1ee5ng H\u1ec7 th\u1ed1ng qu\u1ea3n l\u00fd An to\u00e0n th\u1ef1c ph\u1ea9m ti\u00eau chu\u1ea9n Qu\u1ed1c t\u1ebf ISO 22000:2018<\/span><\/li>\n<li style=\"font-weight: 400;\" aria-level=\"1\"><span style=\"font-weight: 400;\">Ch\u1ea5t l\u01b0\u1ee3ng \u0111\u1ea3m b\u1ea3o, ch\u00ednh s\u00e1ch chi\u1ebft kh\u1ea5u h\u1ea5p d\u1eabn<\/span><\/li>\n<li style=\"font-weight: 400;\" aria-level=\"1\"><span style=\"font-weight: 400;\">Tr\u00e0 s\u1eefa v\u1ecb matcha th\u00e0nh ph\u1ea9m th\u01a1m ngon v\u1ecb tr\u00e0, \u0111\u1eadm v\u1ecb matcha<\/span><\/li>\n<\/ul>\n","protected":false},"featured_media":92966,"comment_status":"open","ping_status":"closed","template":"","meta":[],"product_cat":[254],"product_tag":[],"_links":{"self":[{"href":"https:\/\/thucpham.com\/vinacom\/wp-json\/wp\/v2\/product\/41741"}],"collection":[{"href":"https:\/\/thucpham.com\/vinacom\/wp-json\/wp\/v2\/product"}],"about":[{"href":"https:\/\/thucpham.com\/vinacom\/wp-json\/wp\/v2\/types\/product"}],"replies":[{"embeddable":true,"href":"https:\/\/thucpham.com\/vinacom\/wp-json\/wp\/v2\/comments?post=41741"}],"wp:featuredmedia":[{"embeddable":true,"href":"https:\/\/thucpham.com\/vinacom\/wp-json\/wp\/v2\/media\/92966"}],"wp:attachment":[{"href":"https:\/\/thucpham.com\/vinacom\/wp-json\/wp\/v2\/media?parent=41741"}],"wp:term":[{"taxonomy":"product_cat","embeddable":true,"href":"https:\/\/thucpham.com\/vinacom\/wp-json\/wp\/v2\/product_cat?post=41741"},{"taxonomy":"product_tag","embeddable":true,"href":"https:\/\/thucpham.com\/vinacom\/wp-json\/wp\/v2\/product_tag?post=41741"}],"curies":[{"name":"wp","href":"https:\/\/api.w.org\/{rel}","templated":true}]}}