{"id":19105,"date":"2021-08-13T13:21:18","date_gmt":"2021-08-13T06:21:18","guid":{"rendered":"https:\/\/thucpham.com\/?post_type=product&#038;p=19105"},"modified":"2025-03-19T14:53:03","modified_gmt":"2025-03-19T07:53:03","slug":"bot-lam-kem-tuoi-thucpham-com-vi-dau-xanh","status":"publish","type":"product","link":"https:\/\/thucpham.com\/vinacom\/bot-lam-kem-tuoi-thucpham-com-vi-dau-xanh\/","title":{"rendered":"B\u1ed9t L\u00e0m Kem T\u01b0\u01a1i V\u1ecb \u0110\u1eadu Xanh T\u1ef1 Nhi\u00ean ThucPham.com"},"content":{"rendered":"<p style=\"text-align: justify;\" data-sourcepos=\"5:1-5:107\">Kem \u0111\u1eadu xanh &#8211; m\u00f3n tr\u00e1ng mi\u1ec7ng quen thu\u1ed9c, \u0111\u01b0\u1ee3c y\u00eau th\u00edch b\u1edfi m\u1ecdi l\u1ee9a tu\u1ed5i nh\u1edd h\u01b0\u01a1ng v\u1ecb ng\u1ecdt ng\u00e0o, b\u00e9o ng\u1eady v\u00e0 th\u01a1m m\u00e1t \u0111\u1eb7c tr\u01b0ng. Gi\u1edd \u0111\u00e2y, b\u1ea1n ho\u00e0n to\u00e0n c\u00f3 th\u1ec3 t\u1ef1 tay t\u1ea1o ra nh\u1eefng ly kem \u0111\u1eadu xanh m\u1ec1m m\u1ecbn, h\u1ea5p d\u1eabn ngay t\u1ea1i c\u0103n b\u1ebfp c\u1ee7a m\u00ecnh. B\u00ed quy\u1ebft n\u1eb1m \u1edf B\u1ed9t L\u00e0m Kem T\u01b0\u01a1i V\u1ecb \u0110\u1eadu Xanh <a href=\"https:\/\/thucpham.com\/\" target=\"_blank\" rel=\"noopener\" data-schema-attribute=\"\"><strong>ThucPham.com<\/strong><\/a>, s\u1ea3n ph\u1ea9m ch\u1ea5t l\u01b0\u1ee3ng cao, mang \u0111\u1ebfn tr\u1ea3i nghi\u1ec7m kem t\u01b0\u01a1i ho\u00e0n h\u1ea3o.<\/p>\n<h2 style=\"text-align: justify;\" data-sourcepos=\"7:1-7:57\"><strong>B\u1ed9t L\u00e0m Kem T\u01b0\u01a1i V\u1ecb \u0110\u1eadu Xanh: Tinh Hoa T\u1eeb Thi\u00ean Nhi\u00ean<\/strong><\/h2>\n<p style=\"text-align: justify;\" data-sourcepos=\"9:1-9:260\">B\u1ed9t L\u00e0m Kem T\u01b0\u01a1i V\u1ecb \u0110\u1eadu Xanh ThucPham.com l\u00e0 s\u1ea3n ph\u1ea9m t\u00e2m huy\u1ebft c\u1ee7a C\u00f4ng ty TNHH ThucPham.com, \u0111\u01b0\u1ee3c t\u1ea1o ra t\u1eeb c\u00f4ng ngh\u1ec7 hi\u1ec7n \u0111\u1ea1i v\u00e0 ngu\u1ed3n nguy\u00ean li\u1ec7u tuy\u1ec3n ch\u1ecdn k\u1ef9 c\u00e0ng. Ch\u00fang t\u00f4i t\u1ef1 h\u00e0o mang \u0111\u1ebfn cho b\u1ea1n m\u1ed9t s\u1ea3n ph\u1ea9m kh\u00f4ng ch\u1ec9 ngon mi\u1ec7ng m\u00e0 c\u00f2n \u0111\u1ea3m b\u1ea3o an to\u00e0n tuy\u1ec7t \u0111\u1ed1i cho s\u1ee9c kh\u1ecfe.<\/p>\n<p style=\"text-align: justify;\" data-sourcepos=\"11:1-11:361\">V\u1edbi m\u00e0u xanh t\u1ef1 nhi\u00ean, h\u01b0\u01a1ng th\u01a1m d\u1ecbu nh\u1eb9 v\u00e0 v\u1ecb ng\u1ecdt thanh \u0111\u1eb7c tr\u01b0ng c\u1ee7a \u0111\u1eadu xanh, <a href=\"https:\/\/thucpham.com\/bot-lam-kem\/\" target=\"_blank\" rel=\"noopener\" data-schema-attribute=\"\"><strong>b\u1ed9t l\u00e0m kem t\u01b0\u01a1i<\/strong><\/a> ThucPham.com s\u1ebd chinh ph\u1ee5c c\u1ea3 nh\u1eefng th\u1ef1c kh\u00e1ch kh\u00f3 t\u00ednh nh\u1ea5t. B\u1ed9t \u0111\u00e3 \u0111\u01b0\u1ee3c tr\u1ed9n s\u1eb5n t\u1ea5t c\u1ea3 c\u00e1c th\u00e0nh ph\u1ea7n c\u1ea7n thi\u1ebft, gi\u00fap b\u1ea1n ti\u1ebft ki\u1ec7m th\u1eddi gian v\u00e0 c\u00f4ng s\u1ee9c. Ch\u1ec9 v\u1edbi v\u00e0i b\u01b0\u1edbc \u0111\u01a1n gi\u1ea3n, b\u1ea1n \u0111\u00e3 c\u00f3 th\u1ec3 t\u1ea1o ra nh\u1eefng ly kem \u0111\u1eadu xanh h\u1ea5p d\u1eabn, \u0111\u00e1nh th\u1ee9c m\u1ecdi gi\u00e1c quan.<\/p>\n<p style=\"text-align: justify;\" data-sourcepos=\"11:1-11:361\">Xem Th\u00eam: <strong><a class=\"woocommerce-LoopProduct-link woocommerce-loop-product__link\" href=\"https:\/\/thucpham.com\/bot-lam-kem-tuoi-thucpham-com-vi-com\/\" target=\"_blank\" rel=\"noopener\" data-schema-attribute=\"\">B\u1ed9t L\u00e0m Kem T\u01b0\u01a1i V\u1ecb C\u1ed1m Th\u01a1m D\u1ebbo ThucPham.com<\/a><\/strong><\/p>\n<h3 class=\"\" style=\"text-align: justify;\" data-sourcepos=\"13:1-13:22\"><strong>Th\u00f4ng Tin S\u1ea3n Ph\u1ea9m<\/strong><\/h3>\n<ul style=\"text-align: justify;\" data-sourcepos=\"15:1-15:70\">\n<li data-sourcepos=\"15:1-15:70\"><strong>T\u00ean s\u1ea3n ph\u1ea9m:<\/strong> <a href=\"https:\/\/thucpham.com\/bot-lam-kem-tuoi-thucpham-com-vi-dau-xanh\/\" target=\"_blank\" rel=\"noopener\" data-schema-attribute=\"\"><strong>B\u1ed9t L\u00e0m Kem T\u01b0\u01a1i V\u1ecb \u0110\u1eadu Xanh<\/strong><\/a> T\u1ef1 Nhi\u00ean ThucPham.com<\/li>\n<li data-sourcepos=\"16:1-16:23\"><strong>Xu\u1ea5t x\u1ee9:<\/strong> Vi\u1ec7t Nam<\/li>\n<li data-sourcepos=\"17:1-17:198\"><strong>Th\u00e0nh ph\u1ea7n:<\/strong> B\u1ed9t kem s\u1eefa th\u1ef1c v\u1eadt, B\u1ed9t s\u1eefa t\u00e1ch b\u00e9o, B\u1ed9t <a href=\"https:\/\/vi.wikipedia.org\/wiki\/%C4%90%E1%BA%ADu_xanh\" target=\"_blank\" rel=\"noopener nofollow\" data-schema-attribute=\"\"><strong>\u0111\u1eadu xanh<\/strong><\/a> nguy\u00ean ch\u1ea5t, \u0110\u01b0\u1eddng c\u00e1t, Mu\u1ed1i tinh khi\u1ebft, Ch\u1ea5t \u1ed5n \u0111\u1ecbnh &#8211; nh\u0169 h\u00f3a v\u00e0 l\u00e0m d\u00e0y, Maltodextrin, M\u00e0u th\u1ef1c ph\u1ea9m v\u00e0 v\u1ecb t\u1ef1 nhi\u00ean t\u1ed5ng h\u1ee3p<\/li>\n<li data-sourcepos=\"18:1-18:25\"><strong>Kh\u1ed1i l\u01b0\u1ee3ng:<\/strong> 1kg\/t\u00fai<\/li>\n<li data-sourcepos=\"19:1-20:0\"><strong>Bao b\u00ec:<\/strong> T\u00fai m\u00e0u s\u1eafc b\u1eaft m\u1eaft v\u1edbi b\u1ed9t kem m\u00e0u xanh l\u00e1 nh\u1ea1t b\u00ean trong<\/li>\n<\/ul>\n<h3 class=\"\" style=\"text-align: justify;\" data-sourcepos=\"21:1-21:21\"><strong>\u01afu \u0110i\u1ec3m V\u01b0\u1ee3t Tr\u1ed9i<\/strong><\/h3>\n<ul style=\"text-align: justify;\" data-sourcepos=\"23:1-23:53\">\n<li data-sourcepos=\"23:1-23:53\"><strong>H\u01b0\u01a1ng v\u1ecb \u0111\u1eadu xanh t\u1ef1 nhi\u00ean:<\/strong> B\u1ed9t l\u00e0m kem t\u01b0\u01a1i v\u1ecb \u0111\u1eadu xanh ThucPham.com mang \u0111\u1ebfn h\u01b0\u01a1ng v\u1ecb \u0111\u1eadu xanh truy\u1ec1n th\u1ed1ng, th\u01a1m ngon, kh\u00f4ng s\u1eed d\u1ee5ng h\u01b0\u01a1ng li\u1ec7u nh\u00e2n t\u1ea1o.<\/li>\n<li data-sourcepos=\"24:1-24:122\"><strong>K\u1ebft c\u1ea5u m\u1ec1m m\u1ecbn, s\u00e1nh \u0111\u1eb7c:<\/strong> Kem th\u00e0nh ph\u1ea9m c\u00f3 k\u1ebft c\u1ea5u ho\u00e0n h\u1ea3o, tan ch\u1ea3y trong mi\u1ec7ng, mang \u0111\u1ebfn tr\u1ea3i nghi\u1ec7m tuy\u1ec7t v\u1eddi.<\/li>\n<li data-sourcepos=\"25:1-25:105\"><strong>Ti\u1ec7n l\u1ee3i v\u00e0 d\u1ec5 s\u1eed d\u1ee5ng:<\/strong> B\u1ed9t \u0111\u00e3 \u0111\u01b0\u1ee3c tr\u1ed9n s\u1eb5n, ch\u1ec9 c\u1ea7n pha v\u1edbi n\u01b0\u1edbc ho\u1eb7c s\u1eefa l\u00e0 c\u00f3 th\u1ec3 s\u1eed d\u1ee5ng ngay.<\/li>\n<li data-sourcepos=\"26:1-26:125\"><strong>An to\u00e0n cho s\u1ee9c kh\u1ecfe:<\/strong> S\u1ea3n ph\u1ea9m \u0111\u01b0\u1ee3c s\u1ea3n xu\u1ea5t tr\u00ean d\u00e2y chuy\u1ec1n c\u00f4ng ngh\u1ec7 hi\u1ec7n \u0111\u1ea1i, \u0111\u1ea1t ti\u00eau chu\u1ea9n ISO 22000:2018, \u0111\u1ea3m b\u1ea3o an to\u00e0n v\u1ec7 sinh th\u1ef1c ph\u1ea9m.<\/li>\n<li data-sourcepos=\"27:1-27:158\"><strong>\u0110a d\u1ea1ng \u1ee9ng d\u1ee5ng:<\/strong> B\u1ea1n c\u00f3 th\u1ec3 s\u1eed d\u1ee5ng b\u1ed9t l\u00e0m kem t\u01b0\u01a1i v\u1ecb \u0111\u1eadu xanh \u0111\u1ec3 t\u1ea1o ra nhi\u1ec1u m\u00f3n tr\u00e1ng mi\u1ec7ng kh\u00e1c nhau nh\u01b0 kem que, kem ly, kem \u1ed1c qu\u1ebf&#8230;<\/li>\n<li data-sourcepos=\"28:1-29:0\"><strong>Ti\u1ebft ki\u1ec7m chi ph\u00ed:<\/strong> T\u1ef1 l\u00e0m kem t\u1ea1i nh\u00e0 v\u1edbi b\u1ed9t l\u00e0m kem t\u01b0\u01a1i v\u1ecb \u0111\u1eadu xanh ThucPham.com s\u1ebd gi\u00fap b\u1ea1n ti\u1ebft ki\u1ec7m \u0111\u00e1ng k\u1ec3 chi ph\u00ed so v\u1edbi vi\u1ec7c mua kem t\u01b0\u01a1i b\u00ean ngo\u00e0i.<\/li>\n<\/ul>\n<p style=\"text-align: justify;\">Xem Th\u00eam: <strong><a class=\"woocommerce-LoopProduct-link woocommerce-loop-product__link\" href=\"https:\/\/thucpham.com\/bot-lam-kem-tuoi-thucpham-com-vi-sua-bo\/\" target=\"_blank\" rel=\"noopener\" data-schema-attribute=\"\">B\u1ed9t L\u00e0m Kem T\u01b0\u01a1i V\u1ecb S\u1eefa B\u00f2 ThucPham.com<\/a><\/strong><\/p>\n<h3 class=\"\" style=\"text-align: justify;\" data-sourcepos=\"30:1-30:58\"><strong>3 B\u01b0\u1edbc \u0110\u01a1n Gi\u1ea3n &#8211; Kem \u0110\u1eadu Xanh Th\u01a1m Ngon Trong T\u1ea7m Tay<\/strong><\/h3>\n<ol style=\"text-align: justify;\" data-sourcepos=\"32:1-32:23\">\n<li data-sourcepos=\"32:1-32:23\"><strong>H\u00f2a tan:<\/strong> Pha 1kg b\u1ed9t l\u00e0m kem t\u01b0\u01a1i v\u1ecb \u0111\u1eadu xanh v\u1edbi 2.5 l\u00edt n\u01b0\u1edbc \u1ea5m (ho\u1eb7c s\u1eefa t\u01b0\u01a1i kh\u00f4ng \u0111\u01b0\u1eddng \u0111\u1ec3 t\u0103ng th\u00eam v\u1ecb b\u00e9o v\u00e0 th\u01a1m). Khu\u1ea5y \u0111\u1ec1u cho \u0111\u1ebfn khi b\u1ed9t tan ho\u00e0n to\u00e0n v\u00e0 \u0111\u1ec3 h\u1ed7n h\u1ee3p ngh\u1ec9 30 ph\u00fat.<\/li>\n<li data-sourcepos=\"33:1-33:55\"><strong>\u0110\u1ed5 v\u00e0o m\u00e1y:<\/strong> Cho h\u1ed7n h\u1ee3p v\u00e0o m\u00e1y l\u00e0m kem c\u1ee7a b\u1ea1n.<\/li>\n<li data-sourcepos=\"34:1-35:0\"><strong>Th\u01b0\u1edfng th\u1ee9c:<\/strong> B\u1eadt m\u00e1y v\u00e0 ch\u1edd \u0111\u1ee3i v\u00e0i ph\u00fat. Kem \u0111\u1eadu xanh th\u01a1m ngon \u0111\u00e3 s\u1eb5n s\u00e0ng \u0111\u1ec3 b\u1ea1n th\u01b0\u1edfng th\u1ee9c!<\/li>\n<\/ol>\n<p style=\"text-align: justify;\" data-sourcepos=\"36:1-36:11\"><strong>L\u01b0u \u00fd:<\/strong><\/p>\n<ul style=\"text-align: justify;\" data-sourcepos=\"38:1-38:104\">\n<li data-sourcepos=\"38:1-38:104\">H\u1ed7n h\u1ee3p b\u1ed9t l\u00e0m kem sau khi pha c\u1ea7n \u0111\u01b0\u1ee3c b\u1ea3o qu\u1ea3n \u1edf nhi\u1ec7t \u0111\u1ed9 2-4 \u0111\u1ed9 C v\u00e0 d\u00f9ng h\u1ebft trong 24h \u0111\u1ec3 \u0111\u1ea3m b\u1ea3o h\u01b0\u01a1ng v\u1ecb v\u00e0 ch\u1ea5t l\u01b0\u1ee3ng t\u1ed1t nh\u1ea5t.<\/li>\n<li data-sourcepos=\"39:1-40:0\">B\u1ea3o qu\u1ea3n b\u1ed9t ch\u01b0a s\u1eed d\u1ee5ng \u1edf n\u01a1i kh\u00f4 r\u00e1o, tho\u00e1ng m\u00e1t, tr\u00e1nh \u00e1nh n\u1eafng tr\u1ef1c ti\u1ebfp.<\/li>\n<\/ul>\n<h3 class=\"\" style=\"text-align: justify;\" data-sourcepos=\"41:1-41:54\"><strong>L\u1ef1a Ch\u1ecdn Ho\u00e0n H\u1ea3o Cho C\u1ea3 Kinh Doanh &amp; Gia \u0110\u00ecnh<\/strong><\/h3>\n<p style=\"text-align: justify;\" data-sourcepos=\"43:1-43:177\">B\u1ed9t L\u00e0m Kem T\u01b0\u01a1i V\u1ecb \u0110\u1eadu Xanh ThucPham.com kh\u00f4ng ch\u1ec9 l\u00e0 gi\u1ea3i ph\u00e1p tuy\u1ec7t v\u1eddi \u0111\u1ec3 b\u1ea1n t\u1ef1 l\u00e0m kem t\u1ea1i nh\u00e0 m\u00e0 c\u00f2n l\u00e0 l\u1ef1a ch\u1ecdn th\u00f4ng minh cho c\u00e1c c\u1eeda h\u00e0ng kem, qu\u00e1n c\u00e0 ph\u00ea, nh\u00e0 h\u00e0ng&#8230; S\u1ea3n ph\u1ea9m gi\u00fap t\u1ed1i \u01b0u chi ph\u00ed, ti\u1ebft ki\u1ec7m th\u1eddi gian v\u00e0 c\u00f4ng s\u1ee9c, \u0111\u1ed3ng th\u1eddi mang \u0111\u1ebfn nh\u1eefng ly kem \u0111\u1eadu xanh ch\u1ea5t l\u01b0\u1ee3ng, \u0111\u1ea3m b\u1ea3o an to\u00e0n v\u1ec7 sinh, l\u00e0m h\u00e0i l\u00f2ng m\u1ecdi kh\u00e1ch h\u00e0ng.<\/p>\n<p style=\"text-align: justify;\" data-sourcepos=\"43:1-43:177\">Xem Th\u00eam: <strong><a class=\"woocommerce-LoopProduct-link woocommerce-loop-product__link\" href=\"https:\/\/thucpham.com\/bot-lam-kem-tuoi-duong-an-kieng-thucpham-com-vi-vani\/\" target=\"_blank\" rel=\"noopener\" data-schema-attribute=\"\">B\u1ed9t L\u00e0m Kem T\u01b0\u01a1i \u0110\u01b0\u1eddng \u0102n Ki\u00eang V\u1ecb Vani ThucPham.com<\/a><\/strong><\/p>\n<h3 class=\"\" style=\"text-align: justify;\" data-sourcepos=\"45:1-45:39\">\u0110a D\u1ea1ng H\u01b0\u01a1ng V\u1ecb, Th\u1ecfa S\u1ee9c L\u1ef1a Ch\u1ecdn<\/h3>\n<p style=\"text-align: justify;\" data-sourcepos=\"47:1-47:251\">Ngo\u00e0i v\u1ecb \u0111\u1eadu xanh truy\u1ec1n th\u1ed1ng, ThucPham.com c\u00f2n cung c\u1ea5p \u0111a d\u1ea1ng c\u00e1c v\u1ecb b\u1ed9t l\u00e0m kem kh\u00e1c nh\u01b0 chocolate, d\u00e2u, d\u1eeba, vani, tr\u00e0 s\u1eefa, khoai m\u00f4n, matcha, s\u1ea7u ri\u00eang&#8230; \u0111\u1ec3 b\u1ea1n th\u1ecfa s\u1ee9c s\u00e1ng t\u1ea1o v\u00e0 mang \u0111\u1ebfn nh\u1eefng tr\u1ea3i nghi\u1ec7m m\u1edbi l\u1ea1 cho kh\u00e1ch h\u00e0ng v\u00e0 gia \u0111\u00ecnh.<\/p>\n<p style=\"text-align: justify;\" data-sourcepos=\"49:1-49:164\"><strong>B\u1ea1n c\u00f2n ch\u1ea7n ch\u1eeb g\u00ec n\u1eefa? H\u00e3y li\u00ean h\u1ec7 ngay v\u1edbi ThucPham.com \u0111\u1ec3 s\u1edf h\u1eefu B\u1ed9t L\u00e0m Kem T\u01b0\u01a1i V\u1ecb \u0110\u1eadu Xanh v\u00e0 b\u1eaft \u0111\u1ea7u h\u00e0nh tr\u00ecnh kh\u00e1m ph\u00e1 th\u1ebf gi\u1edbi kem t\u01b0\u01a1i \u0111\u1ea7y m\u00e0u s\u1eafc!<\/strong><\/p>\n<p style=\"text-align: justify;\"><a href=\"https:\/\/thucpham.com\/wp-content\/uploads\/2023\/12\/thay-doi-bao-bi-bot-lam-kem-tuoi-thucphamcom.png\"><img class=\"size-full wp-image-47336\" src=\"https:\/\/thucpham.com\/wp-content\/uploads\/2023\/12\/thay-doi-bao-bi-bot-lam-kem-tuoi-thucphamcom.png\" alt=\"thay \u0111\u1ed5i bao b\u00ec b\u1ed9t l\u00e0m kem t\u01b0\u01a1i\" width=\"1280\" height=\"720\" srcset=\"https:\/\/thucpham.com\/vinacom\/wp-content\/uploads\/2023\/12\/thay-doi-bao-bi-bot-lam-kem-tuoi-thucphamcom.png 1280w, https:\/\/thucpham.com\/vinacom\/wp-content\/uploads\/2023\/12\/thay-doi-bao-bi-bot-lam-kem-tuoi-thucphamcom-300x169.png 300w, https:\/\/thucpham.com\/vinacom\/wp-content\/uploads\/2023\/12\/thay-doi-bao-bi-bot-lam-kem-tuoi-thucphamcom-1024x576.png 1024w, https:\/\/thucpham.com\/vinacom\/wp-content\/uploads\/2023\/12\/thay-doi-bao-bi-bot-lam-kem-tuoi-thucphamcom-768x432.png 768w, https:\/\/thucpham.com\/vinacom\/wp-content\/uploads\/2023\/12\/thay-doi-bao-bi-bot-lam-kem-tuoi-thucphamcom-24x14.png 24w, https:\/\/thucpham.com\/vinacom\/wp-content\/uploads\/2023\/12\/thay-doi-bao-bi-bot-lam-kem-tuoi-thucphamcom-36x20.png 36w, https:\/\/thucpham.com\/vinacom\/wp-content\/uploads\/2023\/12\/thay-doi-bao-bi-bot-lam-kem-tuoi-thucphamcom-48x27.png 48w, https:\/\/thucpham.com\/vinacom\/wp-content\/uploads\/2023\/12\/thay-doi-bao-bi-bot-lam-kem-tuoi-thucphamcom-510x287.png 510w\" sizes=\"(max-width: 1280px) 100vw, 1280px\" title=\"\"><\/a><\/p>\n","protected":false},"excerpt":{"rendered":"<ul>\n<li>B\u1ed9t m\u1ecbn, m\u00f9i v\u1ecb ng\u1ecdt ng\u00e0o, b\u00e9o ng\u1eady, th\u01a1m d\u1ecbu<\/li>\n<li>\u00c1p d\u1ee5ng h\u1ec7 th\u1ed1ng qu\u1ea3n l\u00fd an to\u00e0n th\u1ef1c ph\u1ea9m ti\u00eau chu\u1ea9n Qu\u1ed1c t\u1ebf ISO 22000:2018<\/li>\n<li>Gi\u00e1 th\u00e0nh ph\u00f9 h\u1ee3p v\u1edbi m\u1ecdi m\u00f4 h\u00ecnh kinh doanh<\/li>\n<li>S\u1ea3n ph\u1ea9m \u0111\u00f3ng g\u00f3i k\u1ef9 c\u00e0ng, ch\u1eafc ch\u1eafn, m\u1eabu m\u00e3 \u0111\u1eb9p, b\u1eaft m\u1eaft<\/li>\n<li>Giao h\u00e0ng t\u1eadn n\u01a1i, ch\u00ednh s\u00e1ch chi\u1ebft kh\u1ea5u h\u1ea5p d\u1eabn<\/li>\n<\/ul>\n","protected":false},"featured_media":92858,"comment_status":"open","ping_status":"closed","template":"","meta":[],"product_cat":[254],"product_tag":[],"_links":{"self":[{"href":"https:\/\/thucpham.com\/vinacom\/wp-json\/wp\/v2\/product\/19105"}],"collection":[{"href":"https:\/\/thucpham.com\/vinacom\/wp-json\/wp\/v2\/product"}],"about":[{"href":"https:\/\/thucpham.com\/vinacom\/wp-json\/wp\/v2\/types\/product"}],"replies":[{"embeddable":true,"href":"https:\/\/thucpham.com\/vinacom\/wp-json\/wp\/v2\/comments?post=19105"}],"wp:featuredmedia":[{"embeddable":true,"href":"https:\/\/thucpham.com\/vinacom\/wp-json\/wp\/v2\/media\/92858"}],"wp:attachment":[{"href":"https:\/\/thucpham.com\/vinacom\/wp-json\/wp\/v2\/media?parent=19105"}],"wp:term":[{"taxonomy":"product_cat","embeddable":true,"href":"https:\/\/thucpham.com\/vinacom\/wp-json\/wp\/v2\/product_cat?post=19105"},{"taxonomy":"product_tag","embeddable":true,"href":"https:\/\/thucpham.com\/vinacom\/wp-json\/wp\/v2\/product_tag?post=19105"}],"curies":[{"name":"wp","href":"https:\/\/api.w.org\/{rel}","templated":true}]}}