{"id":11407,"date":"2020-07-18T17:15:55","date_gmt":"2020-07-18T10:15:55","guid":{"rendered":"https:\/\/thucpham.com\/?post_type=product&#038;p=11407"},"modified":"2024-03-13T08:45:37","modified_gmt":"2024-03-13T01:45:37","slug":"tu-mat-trung-bay-dang-mo-loai-goc-cheo-opo-smm4d2-08sl","status":"publish","type":"product","link":"https:\/\/thucpham.com\/vinacom\/tu-mat-trung-bay-dang-mo-loai-goc-cheo-opo-smm4d2-08sl\/","title":{"rendered":"T\u1ee7 m\u00e1t tr\u01b0ng b\u00e0y d\u1ea1ng m\u1edf lo\u1ea1i g\u00f3c ch\u00e9o OPO SMM4D2-08SL"},"content":{"rendered":"<p style=\"text-align: justify;\"><span style=\"font-family: helvetica, arial, sans-serif;\"><b><i>T\u1ee7 m\u00e1t tr\u01b0ng b\u00e0y d\u1ea1ng m\u1edf lo\u1ea1i g\u00f3c ch\u00e9o OPO SMM4D2-08SL<\/i><\/b> <span style=\"font-weight: 400;\">c\u00f3 thi\u1ebft k\u1ebf \u0111\u1eb9p m\u1eaft sang tr\u1ecdng nhi\u1ec1u ng\u0103n ch\u1ee9a, gi\u00fap tr\u01b0ng b\u00e0y v\u00e0 b\u1ea3o qu\u1ea3n kh\u1ed1i l\u01b0\u1ee3ng th\u1ef1c ph\u1ea9m l\u1edbn. T\u1ee7 c\u00f3 th\u1ec3 l\u00e0m m\u00e1t trong kho\u1ea3ng nhi\u1ec7t \u0111\u1ed9 t\u1eeb 2 \u0111\u1ebfn 6 \u0111\u1ed9. Model <\/span><span style=\"font-weight: 400;\">OPO SMM4D2-08SL <\/span><span style=\"font-weight: 400;\">&nbsp;th\u00edch h\u1ee3p \u0111\u1ec3 tr\u01b0ng b\u00e0y nhi\u1ec1u m\u1eb7t h\u00e0ng kh\u00e1c nhau t\u1eeb \u01b0\u1edbc \u00e9p tr\u00e1i c\u00e2y, \u0111\u1ed3 u\u1ed1ng gi\u1ea3i kh\u00e1t, tr\u00e1i c\u00e2y \u0111\u1ebfn c\u00e1c lo\u1ea1i s\u1eefa, rau c\u1ee7, th\u1ecbt c\u00e1. H\u1ec7 th\u1ed1ng l\u00e0m m\u00e1t nhanh, h\u01a1i l\u1ea1nh t\u1ecfa \u0111\u1ec1u b\u00ean trong khoang t\u1ee7 gi\u00fap b\u1ea3o qu\u1ea3n th\u1ef1c ph\u1ea9m lu\u00f4n t\u01b0\u01a1i m\u1edbi trong th\u1eddi gian nh\u1ea5t \u0111\u1ecbnh.&nbsp;<\/span><\/span><\/p>\n<p><img class=\"size-full wp-image-12990 aligncenter\" src=\"https:\/\/thucpham.com\/wp-content\/uploads\/2020\/07\/tu-mat-trung-bay-dang-mo-loai-goc-cheo-opo-smm4d2-08sl-1.jpg\" alt=\"tu-mat-trung-bay-dang-mo-loai-goc-cheo-opo-smm4d2-08sl\" width=\"820\" height=\"656\" srcset=\"https:\/\/thucpham.com\/vinacom\/wp-content\/uploads\/2020\/07\/tu-mat-trung-bay-dang-mo-loai-goc-cheo-opo-smm4d2-08sl-1.jpg 820w, https:\/\/thucpham.com\/vinacom\/wp-content\/uploads\/2020\/07\/tu-mat-trung-bay-dang-mo-loai-goc-cheo-opo-smm4d2-08sl-1-300x240.jpg 300w, https:\/\/thucpham.com\/vinacom\/wp-content\/uploads\/2020\/07\/tu-mat-trung-bay-dang-mo-loai-goc-cheo-opo-smm4d2-08sl-1-768x614.jpg 768w, https:\/\/thucpham.com\/vinacom\/wp-content\/uploads\/2020\/07\/tu-mat-trung-bay-dang-mo-loai-goc-cheo-opo-smm4d2-08sl-1-24x19.jpg 24w, https:\/\/thucpham.com\/vinacom\/wp-content\/uploads\/2020\/07\/tu-mat-trung-bay-dang-mo-loai-goc-cheo-opo-smm4d2-08sl-1-36x29.jpg 36w, https:\/\/thucpham.com\/vinacom\/wp-content\/uploads\/2020\/07\/tu-mat-trung-bay-dang-mo-loai-goc-cheo-opo-smm4d2-08sl-1-48x38.jpg 48w, https:\/\/thucpham.com\/vinacom\/wp-content\/uploads\/2020\/07\/tu-mat-trung-bay-dang-mo-loai-goc-cheo-opo-smm4d2-08sl-1-510x408.jpg 510w\" sizes=\"(max-width: 820px) 100vw, 820px\" title=\"\"><\/p>\n<p style=\"text-align: center;\"><span style=\"font-family: helvetica, arial, sans-serif;\"><em>Th\u00f4ng tin s\u1ea3n ph\u1ea9m t\u1ee7 m\u00e1t tr\u01b0ng b\u00e0y d\u1ea1ng m\u1edf lo\u1ea1i g\u00f3c ch\u00e9o OPO SMM4D2-08SL<\/em><\/span><\/p>\n<p style=\"text-align: justify;\"><span style=\"font-family: helvetica, arial, sans-serif;\"><b><i>T\u1ee7 m\u00e1t tr\u01b0ng b\u00e0y d\u1ea1ng m\u1edf lo\u1ea1i g\u00f3c ch\u00e9o OPO SMM4D2-08SL<\/i><\/b><span style=\"font-weight: 400;\"> c\u00f3 c\u00e1c m\u1eb7t b\u1eb1ng k\u00ednh c\u01b0\u1eddng l\u1ef1c trong su\u1ed1t gi\u00fap kh\u00e1ch h\u00e0ng <\/span><span style=\"font-weight: 400;\">quan s\u00e1t v\u00e0 l\u1ef1a ch\u1ecdn m\u1eb7t h\u00e0ng m\u00ecnh mong mu\u1ed1n \u0111\u01b0\u1ee3c d\u1ec5 d\u00e0ng h\u01a1n. Ngo\u00e0i ra, h\u1ec7 th\u1ed1ng \u0111\u00e8n chi\u1ebfu s\u00e1ng b\u00ean trong t\u1ee7 khi\u1ebfn kh\u00f4ng gian tr\u01b0ng b\u00e0y tr\u1edf n\u00ean lung linh, \u0111\u1eb9p m\u1eaft, thu h\u00fat s\u1ef1 ch\u00fa \u00fd c\u1ee7a kh\u00e1ch mua h\u00e0ng. V\u1edbi chi\u1ebfc t\u1ee7 n\u00e0y, th\u1ef1c ph\u1ea9m, h\u00e0ng h\u00f3a c\u1ee7a b\u1ea1n l\u00fac n\u00e0o c\u0169ng \u0111\u01b0\u1ee3c b\u1ea3o qu\u1ea3n t\u1ed1t nh\u1ea5t \u0111\u1ed3ng th\u1eddi gi\u00fap n\u00e2ng cao hi\u1ec7u qu\u1ea3 kinh doanh.&nbsp;<\/span><\/span><\/p>\n","protected":false},"excerpt":{"rendered":"<ul>\n<li style=\"font-weight: 400;\"><span style=\"font-weight: 400; font-family: helvetica, arial, sans-serif;\">L\u00e0m m\u00e1t nhanh, v\u1eadn h\u00e0nh b\u1ec1n b\u1ec9<\/span><\/li>\n<li style=\"font-weight: 400;\"><span style=\"font-weight: 400; font-family: helvetica, arial, sans-serif;\">C\u00e1ch nhi\u1ec7t t\u1ed1t, h\u1ea1n ch\u1ebf th\u1ea5t tho\u00e1t h\u01a1i l\u1ea1nh<\/span><\/li>\n<li style=\"font-weight: 400;\"><span style=\"font-family: helvetica, arial, sans-serif;\"><span style=\"font-weight: 400;\">Thi\u1ebft k\u1ebf ph\u00e2n t\u1ea7ng <\/span><span style=\"font-weight: 400;\">gi\u00fap t\u1ed1i \u01b0u kh\u1ea3 n\u0103ng tr\u01b0ng b\u00e0y\u00a0<\/span><\/span><\/li>\n<li style=\"font-weight: 400;\"><span style=\"font-weight: 400; font-family: helvetica, arial, sans-serif;\">Ph\u00f9 h\u1ee3p s\u1eed d\u1ee5ng cho nhi\u1ec1u m\u00f4 h\u00ecnh kinh doanh<\/span><\/li>\n<li style=\"font-weight: 400;\"><span style=\"font-weight: 400; font-family: helvetica, arial, sans-serif;\">Nh\u1eadp kh\u1ea9u nguy\u00ean \u0111ai nguy\u00ean ki\u1ec7n t\u1eeb H\u00e0n Qu\u1ed1c<\/span><\/li>\n<\/ul>\n","protected":false},"featured_media":39882,"comment_status":"open","ping_status":"closed","template":"","meta":[],"product_cat":[285],"product_tag":[],"_links":{"self":[{"href":"https:\/\/thucpham.com\/vinacom\/wp-json\/wp\/v2\/product\/11407"}],"collection":[{"href":"https:\/\/thucpham.com\/vinacom\/wp-json\/wp\/v2\/product"}],"about":[{"href":"https:\/\/thucpham.com\/vinacom\/wp-json\/wp\/v2\/types\/product"}],"replies":[{"embeddable":true,"href":"https:\/\/thucpham.com\/vinacom\/wp-json\/wp\/v2\/comments?post=11407"}],"wp:featuredmedia":[{"embeddable":true,"href":"https:\/\/thucpham.com\/vinacom\/wp-json\/wp\/v2\/media\/39882"}],"wp:attachment":[{"href":"https:\/\/thucpham.com\/vinacom\/wp-json\/wp\/v2\/media?parent=11407"}],"wp:term":[{"taxonomy":"product_cat","embeddable":true,"href":"https:\/\/thucpham.com\/vinacom\/wp-json\/wp\/v2\/product_cat?post=11407"},{"taxonomy":"product_tag","embeddable":true,"href":"https:\/\/thucpham.com\/vinacom\/wp-json\/wp\/v2\/product_tag?post=11407"}],"curies":[{"name":"wp","href":"https:\/\/api.w.org\/{rel}","templated":true}]}}