{"id":11397,"date":"2020-07-18T16:59:56","date_gmt":"2020-07-18T09:59:56","guid":{"rendered":"https:\/\/thucpham.com\/?post_type=product&#038;p=11397"},"modified":"2021-12-11T16:45:21","modified_gmt":"2021-12-11T09:45:21","slug":"tu-trung-bay-sieu-thi-sanden-smd-1813","status":"publish","type":"product","link":"https:\/\/thucpham.com\/vinacom\/tu-trung-bay-sieu-thi-sanden-smd-1813\/","title":{"rendered":"T\u1ee7 Tr\u01b0ng B\u00e0y Si\u00eau Th\u1ecb Sanden SMD-1813"},"content":{"rendered":"<p style=\"text-align: justify;\"><span style=\"font-family: helvetica, arial, sans-serif;\"><b><i>T\u1ee7 tr\u01b0ng b\u00e0y si\u00eau th\u1ecb Sanden&nbsp; SMD-1813<\/i><\/b><span style=\"font-weight: 400;\"> v\u1eeba d\u00f9ng \u0111\u1ec3 b\u1ea3o qu\u1ea3n th\u1ef1c ph\u1ea9m nh\u01b0 h\u1ea3i s\u1ea3n, tr\u00e1i c\u00e2y, rau c\u1ee7, th\u1ecbt c\u00e1&#8230;lu\u00f4n t\u01b0\u01a1i m\u1edbi v\u1eeba c\u00f3 ch\u1ee9c n\u0103ng tr\u01b0ng b\u00e0y s\u1ea3n ph\u1ea9m gi\u00fap n\u00e2ng cao hi\u1ec7u qu\u1ea3 kinh doanh. \u0110\u1eb7c bi\u1ec7t, t\u1ee7 \u0111\u01b0\u1ee3c thi\u1ebft k\u1ebf 3 bu\u1ed3ng, m\u1ed7i bu\u1ed3ng 5 k\u1ec7 \u0111\u1ef1ng, cho ph\u00e9p ng\u01b0\u1eddi d\u00f9ng s<\/span><span style=\"font-weight: 400;\">\u1eafp x\u1ebfp, b\u00e0y bi\u1ec7n h\u00e0ng h\u00f3a m\u1ed9t c\u00e1ch ng\u0103n n\u1eafp v\u00e0 khoa h\u1ecdc. C\u00e1c gi\u00e1 k\u1ec7 c\u00f3 th\u1ec3 th\u00e1o l\u1eafp linh ho\u1ea1t \u0111\u1ec3 ph\u00f9 h\u1ee3p v\u1edbi t\u1eebng lo\u1ea1i th\u1ef1c ph\u1ea9m c\u00f3 k\u00edch c\u1ee1 kh\u00e1c nhau. To\u00e0n b\u1ed9 ph\u1ea7n gi\u00e1 \u0111\u1ec3 \u0111\u1ed3 b\u00ean trong t\u1ee7 \u0111\u01b0\u1ee3c s\u01a1n t\u0129nh \u0111i\u1ec7n m\u00e0u tr\u1eafng mang t\u00ednh th\u1ea9m m\u1ef9 v\u00e0 chuy\u00ean nghi\u1ec7p cao.<\/span><\/span><\/p>\n<p><img class=\"size-full wp-image-12984 aligncenter\" src=\"https:\/\/thucpham.com\/wp-content\/uploads\/2020\/07\/tu-trung-bay-sieu-thi-sanden-smd-1813-1.jpg\" alt=\"tu-trung-bay-sieu-thi-sanden-smd-1813\" width=\"820\" height=\"656\" srcset=\"https:\/\/thucpham.com\/vinacom\/wp-content\/uploads\/2020\/07\/tu-trung-bay-sieu-thi-sanden-smd-1813-1.jpg 820w, https:\/\/thucpham.com\/vinacom\/wp-content\/uploads\/2020\/07\/tu-trung-bay-sieu-thi-sanden-smd-1813-1-300x240.jpg 300w, https:\/\/thucpham.com\/vinacom\/wp-content\/uploads\/2020\/07\/tu-trung-bay-sieu-thi-sanden-smd-1813-1-768x614.jpg 768w, https:\/\/thucpham.com\/vinacom\/wp-content\/uploads\/2020\/07\/tu-trung-bay-sieu-thi-sanden-smd-1813-1-24x19.jpg 24w, https:\/\/thucpham.com\/vinacom\/wp-content\/uploads\/2020\/07\/tu-trung-bay-sieu-thi-sanden-smd-1813-1-36x29.jpg 36w, https:\/\/thucpham.com\/vinacom\/wp-content\/uploads\/2020\/07\/tu-trung-bay-sieu-thi-sanden-smd-1813-1-48x38.jpg 48w, https:\/\/thucpham.com\/vinacom\/wp-content\/uploads\/2020\/07\/tu-trung-bay-sieu-thi-sanden-smd-1813-1-510x408.jpg 510w\" sizes=\"(max-width: 820px) 100vw, 820px\" title=\"\"><\/p>\n<p style=\"text-align: center;\"><span style=\"font-family: helvetica, arial, sans-serif;\"><em>Th\u00f4ng tin s\u1ea3n ph\u1ea9m t\u1ee7 tr\u01b0ng b\u00e0y si\u00eau th\u1ecb Sanden SMD-1813<\/em><\/span><\/p>\n<p style=\"text-align: justify;\"><span style=\"font-family: helvetica, arial, sans-serif;\"><span style=\"font-weight: 400;\">Kh\u00f4ng ch\u1ec9 v\u1eady, <\/span><b><i>t\u1ee7 tr\u01b0ng b\u00e0y si\u00eau th\u1ecb Sanden SMD-1813 <\/i><\/b><span style=\"font-weight: 400;\">c\u00f2n \u1ee9ng d\u1ee5ng nh\u1eefng c\u00f4ng ngh\u1ec7 l\u00e0m l\u1ea1nh hi\u1ec7n \u0111\u1ea1i nh\u1ea5t, l\u00e0m l\u1ea1nh nhanh, gi\u1eef nhi\u1ec7t t\u1ed1t, \u0111\u1ea3m b\u1ea3o th\u1ef1c ph\u1ea9m \u0111\u01b0\u1ee3c b\u1ea3o qu\u1ea3n hi\u1ec7u qu\u1ea3 nh\u1ea5t. C\u1eeda k\u00ednh c\u01b0\u1eddng l\u1ef1c trong su\u1ed1t \u0111i k\u00e8m h\u1ec7 th\u1ed1ng s\u1ea5y k\u00ednh t\u1ef1 \u0111\u1ed9ng nh\u1eb1m h\u1ea1n ch\u1ebf t\u00ecnh tr\u1ea1ng m\u1edd k\u00ednh hay \u0111\u1ecdng s\u01b0\u01a1ng, gi\u00fap ng\u01b0\u1eddi d\u00f9ng v\u00e0 kh\u00e1ch h\u00e0ng \u0111\u1ec1u nh\u00ecn r\u00f5 c\u00e1c m\u1eb7t h\u00e0ng b\u00ean trong t\u1ee7 \u0111\u1ec3 l\u1ef1a ch\u1ecdn \u0111\u1ed3 m\u00ecnh mu\u1ed1n nhanh ch\u00f3ng h\u01a1n. Th\u00eam v\u00e0o \u0111\u00f3, model <\/span><span style=\"font-weight: 400;\">Sanden&nbsp; SMD-1813 c\u00f2n \u0111\u01b0\u1ee3c trang b\u1ecb <\/span><span style=\"font-weight: 400;\">b\u1ea3ng \u0111i\u1ec1u khi\u1ec3n nhi\u1ec7t \u0111\u1ed9 th\u00f4ng minh gi\u00fap b\u1ea1n theo d\u00f5i, ki\u1ec3m so\u00e1t, v\u00e0 t\u00f9y ch\u1ec9nh nhi\u1ec7t \u0111\u1ed9 d\u1ec5 d\u00e0ng.<\/span><\/span><\/p>\n","protected":false},"excerpt":{"rendered":"<ul>\n<li style=\"font-weight: 400;\"><span style=\"font-weight: 400; font-family: helvetica, arial, sans-serif;\">Gi\u1eef nhi\u1ec7t t\u1ed1t, ti\u1ebft ki\u1ec7m \u0111i\u1ec7n n\u0103ng t\u1ed1i \u0111a<\/span><\/li>\n<li style=\"font-weight: 400;\"><span style=\"font-weight: 400; font-family: helvetica, arial, sans-serif;\">B\u1ea3ng \u0111i\u1ec1u khi\u1ec3n nhi\u1ec7t \u0111\u1ed9 th\u00f4ng minh<\/span><\/li>\n<li style=\"font-weight: 400;\"><span style=\"font-weight: 400; font-family: helvetica, arial, sans-serif;\">C\u00f4ng ngh\u1ec7 l\u00e0m m\u00e1t hi\u1ec7n \u0111\u1ea1i<\/span><\/li>\n<li style=\"font-weight: 400;\"><span style=\"font-weight: 400; font-family: helvetica, arial, sans-serif;\">Th\u1ec3 t\u00edch l\u1edbn, b\u1ea3o qu\u1ea3n nhi\u1ec1u m\u1eb7t h\u00e0ng<\/span><\/li>\n<li style=\"font-weight: 400;\"><span style=\"font-weight: 400; font-family: helvetica, arial, sans-serif;\">S\u1ea3n xu\u1ea5t b\u1eb1ng ch\u1ea5t li\u1ec7u cao c\u1ea5p, b\u1ec1n b\u1ec9<\/span><\/li>\n<\/ul>\n","protected":false},"featured_media":39963,"comment_status":"open","ping_status":"closed","template":"","meta":[],"product_cat":[285],"product_tag":[],"_links":{"self":[{"href":"https:\/\/thucpham.com\/vinacom\/wp-json\/wp\/v2\/product\/11397"}],"collection":[{"href":"https:\/\/thucpham.com\/vinacom\/wp-json\/wp\/v2\/product"}],"about":[{"href":"https:\/\/thucpham.com\/vinacom\/wp-json\/wp\/v2\/types\/product"}],"replies":[{"embeddable":true,"href":"https:\/\/thucpham.com\/vinacom\/wp-json\/wp\/v2\/comments?post=11397"}],"wp:featuredmedia":[{"embeddable":true,"href":"https:\/\/thucpham.com\/vinacom\/wp-json\/wp\/v2\/media\/39963"}],"wp:attachment":[{"href":"https:\/\/thucpham.com\/vinacom\/wp-json\/wp\/v2\/media?parent=11397"}],"wp:term":[{"taxonomy":"product_cat","embeddable":true,"href":"https:\/\/thucpham.com\/vinacom\/wp-json\/wp\/v2\/product_cat?post=11397"},{"taxonomy":"product_tag","embeddable":true,"href":"https:\/\/thucpham.com\/vinacom\/wp-json\/wp\/v2\/product_tag?post=11397"}],"curies":[{"name":"wp","href":"https:\/\/api.w.org\/{rel}","templated":true}]}}