{"id":11342,"date":"2020-07-17T23:01:44","date_gmt":"2020-07-17T23:01:44","guid":{"rendered":"https:\/\/thucpham.com\/?post_type=product&#038;p=11342"},"modified":"2023-12-19T13:19:45","modified_gmt":"2023-12-19T06:19:45","slug":"tu-trung-bay-3-canh-kinh-duc-minh","status":"publish","type":"product","link":"https:\/\/thucpham.com\/vinacom\/tu-trung-bay-3-canh-kinh-duc-minh\/","title":{"rendered":"T\u1ee7 Tr\u01b0ng B\u00e0y 3 C\u00e1nh K\u00ednh \u0110\u1ee9c Minh"},"content":{"rendered":"<p style=\"text-align: justify;\"><span style=\"font-family: helvetica, arial, sans-serif;\"><span style=\"font-weight: 400;\">V\u1edbi thi\u1ebft k\u1ebf dung t\u00edch l\u00ean \u0111\u1ebfn 1600L, <\/span><b><i>t\u1ee7 tr\u01b0ng b\u00e0y 3 c\u00e1nh k\u00ednh \u0110\u1ee9c Minh TBK-3<\/i><\/b><span style=\"font-weight: 400;\"> l\u00e0 d\u00f2ng thi\u1ebft b\u1ecb c\u00f4ng nghi\u1ec7p ti\u1ec7n d\u1ee5ng cho vi\u1ec7c l\u01b0u tr\u1eef v\u00e0 b\u1ea3o qu\u1ea3n \u0111\u1ed3 u\u1ed1ng, th\u1ef1c ph\u1ea9m, rau c\u1ee7 qu\u1ea3 t\u01b0\u01a1i cho c\u00e1c kh\u00e1ch s\u1ea1n, si\u00eau th\u1ecb, nh\u00e0 h\u00e0ng, b\u1ebfp \u0103n t\u1eadp th\u1ec3 &#8230;C\u00f9ng v\u1edbi dung t\u00edch l\u1edbn l\u00e0 thi\u1ebft k\u1ebf 3 bu\u1ed3ng l\u1ea1nh ri\u00eang bi\u1ec7t n\u00ean t\u1ee7 tr\u01b0ng b\u00e0y \u0110\u1ee9c Minh s\u1ebd c\u00f3 nhi\u1ec1u kh\u00f4ng gian l\u01b0u tr\u1eef h\u01a1n so v\u1edbi model 1 v\u00e0 2 c\u00e1nh.<\/span><\/span><\/p>\n<p><img class=\"size-full wp-image-13025 aligncenter\" src=\"https:\/\/thucpham.com\/wp-content\/uploads\/2020\/07\/tu-trung-bay-3-canh-kinh-Duc-Minh-TBK-3.jpg\" alt=\"tu-trung-bay-3-canh-kinh-Duc-Minh-TBK-3\" width=\"820\" height=\"656\" srcset=\"https:\/\/thucpham.com\/vinacom\/wp-content\/uploads\/2020\/07\/tu-trung-bay-3-canh-kinh-Duc-Minh-TBK-3.jpg 820w, https:\/\/thucpham.com\/vinacom\/wp-content\/uploads\/2020\/07\/tu-trung-bay-3-canh-kinh-Duc-Minh-TBK-3-300x240.jpg 300w, https:\/\/thucpham.com\/vinacom\/wp-content\/uploads\/2020\/07\/tu-trung-bay-3-canh-kinh-Duc-Minh-TBK-3-768x614.jpg 768w, https:\/\/thucpham.com\/vinacom\/wp-content\/uploads\/2020\/07\/tu-trung-bay-3-canh-kinh-Duc-Minh-TBK-3-24x19.jpg 24w, https:\/\/thucpham.com\/vinacom\/wp-content\/uploads\/2020\/07\/tu-trung-bay-3-canh-kinh-Duc-Minh-TBK-3-36x29.jpg 36w, https:\/\/thucpham.com\/vinacom\/wp-content\/uploads\/2020\/07\/tu-trung-bay-3-canh-kinh-Duc-Minh-TBK-3-48x38.jpg 48w, https:\/\/thucpham.com\/vinacom\/wp-content\/uploads\/2020\/07\/tu-trung-bay-3-canh-kinh-Duc-Minh-TBK-3-510x408.jpg 510w\" sizes=\"(max-width: 820px) 100vw, 820px\" title=\"\"><\/p>\n<p style=\"text-align: center;\"><span style=\"font-family: helvetica, arial, sans-serif;\"><em>Th\u00f4ng tin s\u1ea3n ph\u1ea9m t\u1ee7 tr\u01b0ng b\u00e0y 3 c\u00e1nh k\u00ednh \u0110\u1ee9c Minh TBK-3<\/em><\/span><\/p>\n<p style=\"text-align: justify;\"><span style=\"font-family: helvetica, arial, sans-serif;\"><b><i>T\u1ee7 tr\u01b0ng b\u00e0y 3 c\u00e1nh k\u00ednh \u0110\u1ee9c Minh TBK-3<\/i><\/b><span style=\"font-weight: 400;\"> \u0111\u01b0\u1ee3c s\u1ea3n xu\u1ea5t b\u1eb1ng v\u1eadt li\u1ec7u inox 430 x\u01b0\u1edbc ph\u1ee7 PVC, c\u1ee9ng c\u00e1p v\u00e0 b\u1ec1n b\u1ec9, b\u1ec1 m\u1eb7t inox s\u00e1ng b\u00f3ng kh\u00f4ng ch\u1ec9 l\u00e0m t\u00f4n l\u00ean v\u1ebb \u0111\u1eb9p, s\u1ef1 sang tr\u1ecdng cho kh\u00f4ng gian tr\u01b0ng b\u00e0y m\u00e0 c\u00f2n gi\u00fap cho vi\u1ec7c lau ch\u00f9i, v\u1ec7 sinh d\u1ec5 d\u00e0ng v\u00e0 nhanh ch\u00f3ng h\u01a1n. B\u00ean c\u1ea1nh \u0111\u00f3, c\u1eeda k\u00ednh c\u01b0\u1eddng l\u1ef1c 2 l\u1edbp c\u00e1ch nhi\u1ec7t t\u1ed1t v\u00e0 kh\u00f3 b\u1ecb n\u1ee9t v\u1ee1 khi va \u0111\u1eadp m\u1ea1nh hay ti\u1ebfp x\u00fac v\u1edbi nhi\u1ec7t \u0111\u1ed9 cao. H\u1ec7 th\u1ed1ng d\u00e0n qu\u1ea1t gi\u00f3 \u0111\u1ed1i l\u01b0u k\u1ebft h\u1ee3p c\u00f9ng d\u00e0n l\u1ea1nh \u0111\u1ed3ng b\u1ed9 gi\u00fap nhi\u1ec7t l\u1ea1nh \u0111\u01b0\u1ee3c ph\u00e2n b\u1ed1 \u0111\u1ed3ng \u0111\u1ec1u \u0111\u1ebfn m\u1ecdi v\u1ecb tr\u00ed trong t\u1ee7 \u0111\u1ea3m b\u1ea3o h\u00e0ng h\u00f3a \u0111\u01b0\u1ee3c b\u1ea3o qu\u1ea3n \u1edf \u0111i\u1ec1u ki\u1ec7n t\u1ed1t nh\u1ea5t. Th\u00eam v\u00e0o \u0111\u00f3, c\u00e1c nan gi\u00e1 inox b\u00ean trong t\u1ee7 c\u00f3 th\u1ec3 \u0111i\u1ec1u ch\u1ec9nh d\u1ec5 d\u00e0ng, linh ho\u1ea1t \u0111\u1ec3 ph\u00f9 h\u1ee3p v\u1edbi nhu c\u1ea7u l\u01b0u tr\u1eef t\u1eebng lo\u1ea1i m\u1eb7t h\u00e0ng. M\u00e1y n\u00e9n \u0111\u01b0\u1ee3c nh\u1eadp kh\u1ea9u 100% t\u1eeb Th\u00e1i Lan c\u00f3 \u0111\u1ed9 b\u1ec1n cao \u0111\u1ed3ng th\u1eddi ho\u1ea1t \u0111\u1ed9ng b\u1ec1n b\u1ec9 v\u00e0 \u1ed5n \u0111\u1ecbnh theo n\u0103m th\u00e1ng.<\/span><\/span><\/p>\n","protected":false},"excerpt":{"rendered":"<ul>\n<li style=\"font-weight: 400;\"><span style=\"font-weight: 400; font-family: helvetica, arial, sans-serif;\">Dung t\u00edch 1600L gi\u00fap b\u1ea3o qu\u1ea3n nhi\u1ec1u h\u00e0ng h\u00f3a<\/span><\/li>\n<li style=\"font-weight: 400;\"><span style=\"font-weight: 400; font-family: helvetica, arial, sans-serif;\">Ch\u1ea5t li\u1ec7u inox 430 x\u01b0\u1edbc ph\u1ee7 PVC ch\u1ed1ng han g\u1ec9\u00a0<\/span><\/li>\n<li style=\"font-weight: 400;\"><span style=\"font-weight: 400; font-family: helvetica, arial, sans-serif;\">C\u1eeda k\u00ednh c\u01b0\u1eddng l\u1ef1c 2 l\u1edbp c\u00e1ch nhi\u1ec7t t\u1ed1t<\/span><\/li>\n<li style=\"font-weight: 400;\"><span style=\"font-weight: 400; font-family: helvetica, arial, sans-serif;\">\u0110\u1ed3ng h\u1ed3 Danfoss hi\u1ec3n th\u1ecb nhi\u1ec7t \u0111\u1ed9 t\u1ef1 \u0111\u1ed9ng<\/span><\/li>\n<li style=\"font-weight: 400;\"><span style=\"font-weight: 400; font-family: helvetica, arial, sans-serif;\">L\u00e0m l\u1ea1nh nhanh, ti\u1ebft ki\u1ec7m \u0111i\u1ec7n n\u0103ng<\/span><\/li>\n<\/ul>\n","protected":false},"featured_media":39616,"comment_status":"open","ping_status":"closed","template":"","meta":[],"product_cat":[244,254],"product_tag":[],"_links":{"self":[{"href":"https:\/\/thucpham.com\/vinacom\/wp-json\/wp\/v2\/product\/11342"}],"collection":[{"href":"https:\/\/thucpham.com\/vinacom\/wp-json\/wp\/v2\/product"}],"about":[{"href":"https:\/\/thucpham.com\/vinacom\/wp-json\/wp\/v2\/types\/product"}],"replies":[{"embeddable":true,"href":"https:\/\/thucpham.com\/vinacom\/wp-json\/wp\/v2\/comments?post=11342"}],"wp:featuredmedia":[{"embeddable":true,"href":"https:\/\/thucpham.com\/vinacom\/wp-json\/wp\/v2\/media\/39616"}],"wp:attachment":[{"href":"https:\/\/thucpham.com\/vinacom\/wp-json\/wp\/v2\/media?parent=11342"}],"wp:term":[{"taxonomy":"product_cat","embeddable":true,"href":"https:\/\/thucpham.com\/vinacom\/wp-json\/wp\/v2\/product_cat?post=11342"},{"taxonomy":"product_tag","embeddable":true,"href":"https:\/\/thucpham.com\/vinacom\/wp-json\/wp\/v2\/product_tag?post=11342"}],"curies":[{"name":"wp","href":"https:\/\/api.w.org\/{rel}","templated":true}]}}