{"id":11339,"date":"2020-07-17T22:59:11","date_gmt":"2020-07-17T22:59:11","guid":{"rendered":"https:\/\/thucpham.com\/?post_type=product&#038;p=11339"},"modified":"2023-12-19T13:19:55","modified_gmt":"2023-12-19T06:19:55","slug":"tu-trung-bay-2-canh-kinh-duc-minh","status":"publish","type":"product","link":"https:\/\/thucpham.com\/vinacom\/tu-trung-bay-2-canh-kinh-duc-minh\/","title":{"rendered":"T\u1ee7 Tr\u01b0ng B\u00e0y 2 C\u00e1nh K\u00ednh \u0110\u1ee9c Minh"},"content":{"rendered":"<p style=\"text-align: justify;\"><span style=\"font-family: helvetica, arial, sans-serif;\"><span style=\"font-weight: 400;\">V\u1edbi thi\u1ebft k\u1ebf \u0111\u1eb9p m\u1eaft, nhi\u1ec1u t\u00ednh n\u0103ng \u01b0u vi\u1ec7t, <\/span><b><i>t\u1ee7 tr\u01b0ng b\u00e0y 2 c\u00e1nh k\u00ednh \u0110\u1ee9c Minh <\/i><\/b><b><i>MD-1K<\/i><\/b> <span style=\"font-weight: 400;\">l\u00e0 gi\u1ea3i ph\u00e1p tuy\u1ec7t v\u1eddi \u0111\u1ec3 b\u1ea3o qu\u1ea3n \u0111\u1ed3 u\u1ed1ng, rau c\u1ee7 qu\u1ea3, s\u1eefa, <\/span><span style=\"font-weight: 400;\">th\u1ef1c ph\u1ea9m h\u00fat ch\u00e2n kh\u00f4ng \u0111\u01b0\u1ee3c \u0111\u00f3ng g\u00f3i.<\/span><span style=\"font-weight: 400;\">&#8230;.t\u1ea1i c\u00e1c si\u00eau th\u1ecb, c\u1eeda h\u00e0ng hoa qu\u1ea3 hay th\u1ef1c ph\u1ea9m. T\u1ee7 c\u00f3 thi\u1ebft k\u1ebf 2 c\u00e1nh k\u00ednh c\u01b0\u1eddng l\u1ef1c ti\u1ec7n l\u1ee3i v\u1edbi nhi\u1ec1u ng\u0103n ch\u1ee9a, gi\u00fap ng\u01b0\u1eddi d\u00f9ng d\u1ec5 d\u00e0ng b\u1ea3o qu\u1ea3n \u0111\u01b0\u1ee3c nhi\u1ec1u lo\u1ea1i h\u00e0ng h\u00f3a m\u1ed9t c\u00e1ch ng\u0103n n\u1eafp, g\u1ecdn g\u00e0ng.&nbsp;<\/span><\/span><\/p>\n<p><img class=\"size-full wp-image-12956 aligncenter\" src=\"https:\/\/thucpham.com\/wp-content\/uploads\/2020\/07\/tu-trung-bay-2-canh-kinh-Duc-Minh-MD-1K.jpg\" alt=\"tu-trung-bay-2-canh-kinh-Duc-Minh-MD-1K\" width=\"820\" height=\"656\" srcset=\"https:\/\/thucpham.com\/vinacom\/wp-content\/uploads\/2020\/07\/tu-trung-bay-2-canh-kinh-Duc-Minh-MD-1K.jpg 820w, https:\/\/thucpham.com\/vinacom\/wp-content\/uploads\/2020\/07\/tu-trung-bay-2-canh-kinh-Duc-Minh-MD-1K-300x240.jpg 300w, https:\/\/thucpham.com\/vinacom\/wp-content\/uploads\/2020\/07\/tu-trung-bay-2-canh-kinh-Duc-Minh-MD-1K-768x614.jpg 768w, https:\/\/thucpham.com\/vinacom\/wp-content\/uploads\/2020\/07\/tu-trung-bay-2-canh-kinh-Duc-Minh-MD-1K-24x19.jpg 24w, https:\/\/thucpham.com\/vinacom\/wp-content\/uploads\/2020\/07\/tu-trung-bay-2-canh-kinh-Duc-Minh-MD-1K-36x29.jpg 36w, https:\/\/thucpham.com\/vinacom\/wp-content\/uploads\/2020\/07\/tu-trung-bay-2-canh-kinh-Duc-Minh-MD-1K-48x38.jpg 48w, https:\/\/thucpham.com\/vinacom\/wp-content\/uploads\/2020\/07\/tu-trung-bay-2-canh-kinh-Duc-Minh-MD-1K-510x408.jpg 510w\" sizes=\"(max-width: 820px) 100vw, 820px\" title=\"\"><\/p>\n<p style=\"text-align: center;\"><span style=\"font-family: helvetica, arial, sans-serif;\"><em>Th\u00f4ng tin s\u1ea3n ph\u1ea9m t\u1ee7 tr\u01b0ng b\u00e0y 2 c\u00e1nh k\u00ednh \u0110\u1ee9c Minh MD-1K<\/em><\/span><\/p>\n<p style=\"text-align: justify;\"><span style=\"font-family: helvetica, arial, sans-serif;\"><span style=\"font-weight: 400;\">Ph\u1ea7n v\u1ecf ngo\u00e0i c\u1ee7a s\u1ea3n ph\u1ea9m \u0111\u01b0\u1ee3c l\u00e0m t\u1eeb <\/span><span style=\"font-weight: 400;\">inox 430 x\u01b0\u1edbc ph\u1ee7 PVC ch\u1ed1ng han g\u1ec9 v\u00e0 c\u00f3 \u0111\u1ed9 b\u1ec1n cao, ch\u1ea5t li\u1ec7u n\u00e0y mang \u0111\u1ebfn \u0111\u1ed9 ch\u1eafc ch\u1eafn, c\u1ee9ng c\u00e1p cho s\u1ea3n ph\u1ea9m, do \u0111\u00f3 kh\u00e1ch h\u00e0ng ho\u00e0n to\u00e0n an t\u00e2m khi l\u1ef1a ch\u1ecdn chi\u1ebfc t\u1ee7 n\u00e0y. Ngo\u00e0i ra, <\/span><b><i>t\u1ee7 tr\u01b0ng b\u00e0y 2 c\u00e1nh k\u00ednh \u0110\u1ee9c Minh <\/i><\/b><b><i>MD-1K<\/i><\/b> <span style=\"font-weight: 400;\">s\u1eed d\u1ee5ng <\/span><span style=\"font-weight: 400;\">block l\u00e0m l\u1ea1nh nh\u1eadp kh\u1ea9u 100% t\u1eeb Th\u00e1i Lan v\u00e0 d\u00e0n l\u1ea1nh b\u1eb1ng \u0111\u1ed3ng nguy\u00ean ch\u1ea5t kh\u00f4ng ch\u1ec9 cho kh\u1ea3 n\u0103ng l\u00e0m l\u1ea1nh nhanh v\u00e0 s\u00e2u m\u00e0 c\u00f2n gi\u00fap cho thi\u1ebft b\u1ecb v\u1eadn h\u00e0nh \u1ed5n \u0111\u1ecbnh theo th\u1eddi gian. T\u1ee7 tr\u01b0ng b\u00e0y \u0110\u1ee9c Minh c\u00f2n \u0111\u01b0\u1ee3c trang b\u1ecb \u0111\u1ed3ng h\u1ed3 Danfoss hi\u1ec3n th\u1ecb nhi\u1ec7t \u0111\u1ed9 t\u1ef1 \u0111\u1ed9ng ch\u00ednh x\u00e1c, gi\u00fap ng\u01b0\u1eddi d\u00f9ng v\u1eadn h\u00e0nh thi\u1ebft b\u1ecb m\u1ed9t c\u00e1ch d\u1ec5 d\u00e0ng. Kh\u00f4ng ch\u1ec9 v\u1eady, nh\u00e0 s\u1ea3n xu\u1ea5t c\u00f2n r\u1ea5t ch\u00fa tr\u1ecdng \u0111\u1ebfn \u0111\u1ed9 an to\u00e0n c\u1ee7a s\u1ea3n ph\u1ea9m trong qu\u00e1 tr\u00ecnh s\u1eed d\u1ee5ng \u0111\u00f3 l\u00e0 \u0111\u01b0\u1ee3c thi\u1ebft k\u1ebf c\u00f3 kh\u1ea3 n\u0103ng ch\u1ed1ng gi\u1eadt.&nbsp;<\/span><\/span><\/p>\n","protected":false},"excerpt":{"rendered":"<ul>\n<li style=\"font-weight: 400;\"><span style=\"font-family: helvetica, arial, sans-serif;\"><span style=\"font-weight: 400;\">Ch\u1ea5t li\u1ec7u<\/span><span style=\"font-weight: 400;\"> inox 430 x\u01b0\u1edbc ph\u1ee7 PVC ch\u1ed1ng han g\u1ec9<\/span><\/span><\/li>\n<li style=\"font-weight: 400;\"><span style=\"font-weight: 400; font-family: helvetica, arial, sans-serif;\">Block l\u00e0m l\u1ea1nh nh\u1eadp kh\u1ea9u 100% t\u1eeb Th\u00e1i Lan<\/span><\/li>\n<li style=\"font-weight: 400;\"><span style=\"font-weight: 400; font-family: helvetica, arial, sans-serif;\">D\u00e0n l\u1ea1nh b\u1eb1ng \u0111\u1ed3ng, l\u00e0m l\u1ea1nh nhanh, hi\u1ec7u qu\u1ea3<\/span><\/li>\n<li style=\"font-weight: 400;\"><span style=\"font-weight: 400; font-family: helvetica, arial, sans-serif;\">\u0110\u1ed3ng h\u1ed3 Danfoss hi\u1ec3n th\u1ecb nhi\u1ec7t \u0111\u1ed9 t\u1ef1 \u0111\u1ed9ng ch\u00ednh x\u00e1c<\/span><\/li>\n<li style=\"font-weight: 400;\"><span style=\"font-weight: 400; font-family: helvetica, arial, sans-serif;\">V\u1eadn h\u00e0nh b\u1ec1n b\u1ec9, an to\u00e0n khi s\u1eed d\u1ee5ng<\/span><\/li>\n<\/ul>\n","protected":false},"featured_media":39617,"comment_status":"open","ping_status":"closed","template":"","meta":[],"product_cat":[244,254],"product_tag":[],"_links":{"self":[{"href":"https:\/\/thucpham.com\/vinacom\/wp-json\/wp\/v2\/product\/11339"}],"collection":[{"href":"https:\/\/thucpham.com\/vinacom\/wp-json\/wp\/v2\/product"}],"about":[{"href":"https:\/\/thucpham.com\/vinacom\/wp-json\/wp\/v2\/types\/product"}],"replies":[{"embeddable":true,"href":"https:\/\/thucpham.com\/vinacom\/wp-json\/wp\/v2\/comments?post=11339"}],"wp:featuredmedia":[{"embeddable":true,"href":"https:\/\/thucpham.com\/vinacom\/wp-json\/wp\/v2\/media\/39617"}],"wp:attachment":[{"href":"https:\/\/thucpham.com\/vinacom\/wp-json\/wp\/v2\/media?parent=11339"}],"wp:term":[{"taxonomy":"product_cat","embeddable":true,"href":"https:\/\/thucpham.com\/vinacom\/wp-json\/wp\/v2\/product_cat?post=11339"},{"taxonomy":"product_tag","embeddable":true,"href":"https:\/\/thucpham.com\/vinacom\/wp-json\/wp\/v2\/product_tag?post=11339"}],"curies":[{"name":"wp","href":"https:\/\/api.w.org\/{rel}","templated":true}]}}