{"id":11277,"date":"2020-07-17T20:51:16","date_gmt":"2020-07-17T20:51:16","guid":{"rendered":"https:\/\/thucpham.com\/?post_type=product&#038;p=11277"},"modified":"2021-12-11T14:38:00","modified_gmt":"2021-12-11T07:38:00","slug":"tu-trung-bay-kem-10-khay-berjaya","status":"publish","type":"product","link":"https:\/\/thucpham.com\/vinacom\/tu-trung-bay-kem-10-khay-berjaya\/","title":{"rendered":"T\u1ee7 Tr\u01b0ng B\u00e0y Kem 10 Khay Berjaya"},"content":{"rendered":"<p style=\"text-align: justify;\"><span style=\"font-family: helvetica, arial, sans-serif;\"><b><i>T\u1ee7 tr\u01b0ng b\u00e0y kem 10 khay Berjaya <\/i><\/b><span style=\"font-weight: 400;\">\u0111\u01b0\u1ee3c thi\u1ebft k\u1ebf 10 khay v\u1edbi k\u00edch th\u01b0\u1edbc m\u1ed7i khay t\u01b0\u01a1ng \u1ee9ng <\/span><span style=\"font-weight: 400;\">360 x 250 x 80mm n\u00ean \u0111\u00e1p \u1ee9ng nhu c\u1ea7u tr\u01b0ng b\u00e0y nhi\u1ec1u lo\u1ea1i kem kh\u00e1c nhau \u0111\u1ec3 cho kh\u00e1ch h\u00e0ng c\u00f3 nhi\u1ec1u s\u1ef1 l\u1ef1a ch\u1ecdn nh\u1ea5t. \u0110\u1eb7c bi\u1ec7t, nhi\u1ec7t \u0111\u1ed9 trong t\u1ee7 lu\u00f4n \u0111\u01b0\u1ee3c duy tr\u00ec \u1edf m\u1ee9c t\u1eeb -16<\/span><span style=\"font-weight: 400;\">o<\/span><span style=\"font-weight: 400;\">C \u0111\u1ebfn -18<\/span><span style=\"font-weight: 400;\">o<\/span><span style=\"font-weight: 400;\">C n\u00ean \u0111\u1ea3m b\u1ea3o ch\u1ea5t l\u01b0\u1ee3ng kem t\u01b0\u01a1i ngon nh\u1ea5t. V\u1edbi thi\u1ebft k\u1ebf v\u00e0 t\u00ednh n\u0103ng n\u1ed5i b\u1eadt, chi\u1ebfc t\u1ee7 n\u00e0y ph\u00f9 h\u1ee3p c\u1eeda h\u00e0ng kem chuy\u00ean nghi\u1ec7p, trung t\u00e2m th\u01b0\u01a1ng m\u1ea1i, si\u00eau th\u1ecb,\u2026<\/span><\/span><\/p>\n<p><img class=\"size-full wp-image-12792 aligncenter\" src=\"https:\/\/thucpham.com\/wp-content\/uploads\/2020\/07\/tu-trung-bay-kem-10-khay-berjaya-banner.jpg\" alt=\"tu-trung-bay-kem-10-khay-berjaya\" width=\"820\" height=\"656\" srcset=\"https:\/\/thucpham.com\/vinacom\/wp-content\/uploads\/2020\/07\/tu-trung-bay-kem-10-khay-berjaya-banner.jpg 820w, https:\/\/thucpham.com\/vinacom\/wp-content\/uploads\/2020\/07\/tu-trung-bay-kem-10-khay-berjaya-banner-300x240.jpg 300w, https:\/\/thucpham.com\/vinacom\/wp-content\/uploads\/2020\/07\/tu-trung-bay-kem-10-khay-berjaya-banner-768x614.jpg 768w, https:\/\/thucpham.com\/vinacom\/wp-content\/uploads\/2020\/07\/tu-trung-bay-kem-10-khay-berjaya-banner-24x19.jpg 24w, https:\/\/thucpham.com\/vinacom\/wp-content\/uploads\/2020\/07\/tu-trung-bay-kem-10-khay-berjaya-banner-36x29.jpg 36w, https:\/\/thucpham.com\/vinacom\/wp-content\/uploads\/2020\/07\/tu-trung-bay-kem-10-khay-berjaya-banner-48x38.jpg 48w, https:\/\/thucpham.com\/vinacom\/wp-content\/uploads\/2020\/07\/tu-trung-bay-kem-10-khay-berjaya-banner-510x408.jpg 510w\" sizes=\"(max-width: 820px) 100vw, 820px\" title=\"\"><\/p>\n<p style=\"text-align: center;\"><span style=\"font-family: helvetica, arial, sans-serif;\"><em>Th\u00f4ng tin s\u1ea3n ph\u1ea9m t\u1ee7 tr\u01b0ng b\u00e0y kem 10 khay Berjaya<\/em><\/span><\/p>\n<p style=\"text-align: justify;\"><span style=\"font-family: helvetica, arial, sans-serif;\"><b><i>T\u1ee7 tr\u01b0ng b\u00e0y kem 10 khay Berjaya <\/i><\/b><span style=\"font-weight: 400;\">\u0111\u01b0\u1ee3c trang b\u1ecb c\u00f4ng ngh\u1ec7 l\u00e0m l\u1ea1nh hi\u1ec7n \u0111\u1ea1i v\u1edbi kh\u1ea3 n\u0103ng l\u00e0m l\u1ea1nh nhanh v\u00e0 s\u00e2u; nhi\u1ec7t l\u1ea1nh lan t\u1ecfa \u0111\u1ed3ng \u0111\u1ec1u gi\u00fap ch\u1ea5t l\u01b0\u1ee3ng kem lu\u00f4n \u0111\u01b0\u1ee3c \u0111\u1ea3m b\u1ea3o. C\u00e1c khay \u0111\u1ef1ng kem \u0111\u01b0\u1ee3c l\u00e0m t\u1eeb inox cao c\u1ea5p, s\u00e1ng b\u00f3ng, h\u1ea1n ch\u1ebf han g\u1ec9 t\u1ed1t, v\u00e0 \u0111\u1ea3m b\u1ea3o an to\u00e0n v\u1ec7 sinh th\u1ef1c ph\u1ea9m. Ngo\u00e0i ra, 4 m\u1eb7t k\u00ednh c\u01b0\u1eddng l\u1ef1c trong su\u1ed1t k\u1ebft h\u1ee3p v\u1edbi h\u1ec7 th\u1ed1ng \u0111\u00e8n led chi\u1ebfu s\u00e1ng b\u00ean trong gi\u00fap cho kh\u00e1ch h\u00e0ng d\u1ec5 d\u00e0ng l\u1ef1a ch\u1ecdn lo\u1ea1i kem m\u00ecnh mu\u1ed1n th\u01b0\u1edfng th\u1ee9c. Kh\u00f4ng ch\u1ec9 v\u1eady, h\u1ec7 th\u1ed1ng s\u1ea5y k\u00ednh t\u1ef1 \u0111\u1ed9ng gi\u00fap gi\u1ea3m t\u00ecnh tr\u1ea1ng m\u1edd s\u01b0\u01a1ng c\u0169ng nh\u01b0 h\u01a1i n\u01b0\u1edbc ng\u01b0ng t\u1ee5 b\u00ean trong t\u1ee7 khi\u1ebfn b\u1ea1n kh\u00f3 quan s\u00e1t. \u0110\u1ec3 n\u00e2ng cao kh\u1ea3 n\u0103ng l\u00e0m l\u1ea1nh, an to\u00e0n v\u00e0 th\u00e2n thi\u1ec7n v\u1edbi m\u00f4i tr\u01b0\u1eddng, nh\u00e0 s\u1ea3n xu\u1ea5t \u0111\u00e3 s\u1eed d\u1ee5ng ch\u1ea5t l\u00e0m l\u1ea1nh gas R134a.&nbsp;<\/span><\/span><\/p>\n","protected":false},"excerpt":{"rendered":"<ul>\n<li style=\"font-weight: 400;\"><span style=\"font-weight: 400; font-family: helvetica, arial, sans-serif;\">V\u1eeba tr\u01b0ng b\u00e0y v\u1eeba b\u1ea3o qu\u1ea3n kem ti\u1ec7n l\u1ee3i<\/span><\/li>\n<li style=\"font-weight: 400;\"><span style=\"font-weight: 400; font-family: helvetica, arial, sans-serif;\">C\u1eeda k\u00ednh trong su\u1ed1t k\u00e8m ch\u1ee9c n\u0103ng s\u1ea5y k\u00ednh t\u1ef1 \u0111\u1ed9ng<\/span><\/li>\n<li style=\"font-weight: 400;\"><span style=\"font-weight: 400; font-family: helvetica, arial, sans-serif;\">Kh\u1ea3 n\u0103ng l\u00e0m l\u1ea1nh nhanh v\u00e0 s\u00e2u<\/span><\/li>\n<li style=\"font-weight: 400;\"><span style=\"font-weight: 400; font-family: helvetica, arial, sans-serif;\">Ch\u1ea5t l\u00e0m l\u1ea1nh gas R134a, th\u00e2n thi\u1ec7n v\u1edbi m\u00f4i tr\u01b0\u1eddng<\/span><\/li>\n<li style=\"font-weight: 400;\"><span style=\"font-weight: 400; font-family: helvetica, arial, sans-serif;\">Khay \u0111\u1ef1ng kem b\u1eb1ng inox cao c\u1ea5p<\/span><\/li>\n<li style=\"font-weight: 400;\"><span style=\"font-weight: 400; font-family: helvetica, arial, sans-serif;\">Nh\u1eadp kh\u1ea9u 100% t\u1eeb Malaysia<\/span><\/li>\n<\/ul>\n","protected":false},"featured_media":39657,"comment_status":"open","ping_status":"closed","template":"","meta":[],"product_cat":[244,254],"product_tag":[],"_links":{"self":[{"href":"https:\/\/thucpham.com\/vinacom\/wp-json\/wp\/v2\/product\/11277"}],"collection":[{"href":"https:\/\/thucpham.com\/vinacom\/wp-json\/wp\/v2\/product"}],"about":[{"href":"https:\/\/thucpham.com\/vinacom\/wp-json\/wp\/v2\/types\/product"}],"replies":[{"embeddable":true,"href":"https:\/\/thucpham.com\/vinacom\/wp-json\/wp\/v2\/comments?post=11277"}],"wp:featuredmedia":[{"embeddable":true,"href":"https:\/\/thucpham.com\/vinacom\/wp-json\/wp\/v2\/media\/39657"}],"wp:attachment":[{"href":"https:\/\/thucpham.com\/vinacom\/wp-json\/wp\/v2\/media?parent=11277"}],"wp:term":[{"taxonomy":"product_cat","embeddable":true,"href":"https:\/\/thucpham.com\/vinacom\/wp-json\/wp\/v2\/product_cat?post=11277"},{"taxonomy":"product_tag","embeddable":true,"href":"https:\/\/thucpham.com\/vinacom\/wp-json\/wp\/v2\/product_tag?post=11277"}],"curies":[{"name":"wp","href":"https:\/\/api.w.org\/{rel}","templated":true}]}}