{"id":11180,"date":"2020-07-16T21:34:07","date_gmt":"2020-07-16T21:34:07","guid":{"rendered":"https:\/\/thucpham.com\/?post_type=product&#038;p=11180"},"modified":"2023-08-07T16:39:49","modified_gmt":"2023-08-07T09:39:49","slug":"tu-say-bat-diet-khuan-2-canh-kinh-trung-quoc","status":"publish","type":"product","link":"https:\/\/thucpham.com\/vinacom\/tu-say-bat-diet-khuan-2-canh-kinh-trung-quoc\/","title":{"rendered":"T\u1ee7 S\u1ea5y B\u00e1t Di\u1ec7t Khu\u1ea9n 2 C\u00e1nh K\u00ednh Trung Qu\u1ed1c"},"content":{"rendered":"<p style=\"text-align: justify;\"><span style=\"font-family: helvetica, arial, sans-serif;\"><b><i>T\u1ee7 s\u1ea5y b\u00e1t di\u1ec7t khu\u1ea9n 2 c\u00e1nh k\u00ednh Trung Qu\u1ed1c<\/i><\/b><span style=\"font-weight: 400;\"> s\u1edf h\u1eefu dung t\u00edch l\u1edbn v\u1edbi 2 bu\u1ed3ng c\u00e1nh k\u00ednh l\u00e0 thi\u1ebft b\u1ecb h\u1ed7 tr\u1ee3 \u0111\u1eafc l\u1ef1c trong vi\u1ec7c s\u1ea5y b\u00e1t \u0111\u00e3 v\u00e0 \u0111ang \u0111\u01b0\u1ee3c nhi\u1ec1u kh\u00e1ch s\u1ea1n, nh\u00e0 h\u00e0ng \u01b0a chu\u1ed9ng v\u00e0 tin d\u00f9ng<\/span><span style=\"font-weight: 400;\">. H\u00e3y c\u00f9ng ThucPham.com t\u00ecm hi\u1ec3u k\u0129 h\u01a1n v\u1ec1 model t\u1ee7 s\u1ea5y b\u00e1t n\u00e0y nh\u00e9!<\/span><\/span><\/p>\n<p><img class=\"size-full wp-image-12770 aligncenter\" src=\"https:\/\/thucpham.com\/wp-content\/uploads\/2020\/07\/tu-say-bat-diet-khuan-2-canh-kinh-trung-quoc-banner.jpg\" alt=\"tu-say-bat-diet-khuan-2-canh-kinh-trung-quoc\" width=\"820\" height=\"656\" srcset=\"https:\/\/thucpham.com\/vinacom\/wp-content\/uploads\/2020\/07\/tu-say-bat-diet-khuan-2-canh-kinh-trung-quoc-banner.jpg 820w, https:\/\/thucpham.com\/vinacom\/wp-content\/uploads\/2020\/07\/tu-say-bat-diet-khuan-2-canh-kinh-trung-quoc-banner-300x240.jpg 300w, https:\/\/thucpham.com\/vinacom\/wp-content\/uploads\/2020\/07\/tu-say-bat-diet-khuan-2-canh-kinh-trung-quoc-banner-768x614.jpg 768w, https:\/\/thucpham.com\/vinacom\/wp-content\/uploads\/2020\/07\/tu-say-bat-diet-khuan-2-canh-kinh-trung-quoc-banner-24x19.jpg 24w, https:\/\/thucpham.com\/vinacom\/wp-content\/uploads\/2020\/07\/tu-say-bat-diet-khuan-2-canh-kinh-trung-quoc-banner-36x29.jpg 36w, https:\/\/thucpham.com\/vinacom\/wp-content\/uploads\/2020\/07\/tu-say-bat-diet-khuan-2-canh-kinh-trung-quoc-banner-48x38.jpg 48w, https:\/\/thucpham.com\/vinacom\/wp-content\/uploads\/2020\/07\/tu-say-bat-diet-khuan-2-canh-kinh-trung-quoc-banner-510x408.jpg 510w\" sizes=\"(max-width: 820px) 100vw, 820px\" title=\"\"><\/p>\n<p style=\"text-align: center;\"><em><span style=\"font-family: helvetica, arial, sans-serif;\">Th\u00f4ng tin s\u1ea3n ph\u1ea9m t\u1ee7 s\u1ea5y b\u00e1t di\u1ec7t khu\u1ea9n 2 c\u00e1nh k\u00ednh Trung Qu\u1ed1c<\/span><\/em><\/p>\n<p style=\"text-align: justify;\"><span style=\"font-family: helvetica, arial, sans-serif;\"><span style=\"font-weight: 400;\">T\u1eebng \u0111\u01b0\u1eddng n\u00e9t, chi ti\u1ebft b\u00ean trong <\/span><b><i>t\u1ee7 <\/i><\/b><b><i>s\u1ea5y b\u00e1t di\u1ec7t khu\u1ea9n 2 c\u00e1nh k\u00ednh Trung Qu\u1ed1c<\/i><\/b> <span style=\"font-weight: 400;\">\u0111\u1ec1u \u0111\u01b0\u1ee3c thi\u1ebft k\u1ebf ch\u1eafc ch\u1eafn, t\u1ec9 m\u1ec9, mang \u0111\u1ebfn s\u1ef1 an to\u00e0n v\u00e0 ti\u1ec7n l\u1ee3i trong qu\u00e1 tr\u00ecnh s\u1eed d\u1ee5ng. C\u00e1c gi\u00e1 \u0111\u1ee1 b\u00ean trong \u0111\u01b0\u1ee3c l\u00e0m b\u1eb1ng ch\u1ea5t li\u1ec7u inox 304 cao c\u1ea5p, c\u00f3 \u0111\u1ed9 b\u1ec1n cao, ch\u1ecbu l\u1ef1c t\u1ed1t, cho kh\u1ea3 n\u0103ng ch\u1ee9a \u0111\u01b0\u1ee3c nhi\u1ec1u b\u00e1t \u0111\u0129a c\u00f9ng l\u00fac. Ngo\u00e0i ra, thi\u1ebft b\u1ecb \u1ee9ng d\u1ee5ng c\u00f4ng ngh\u1ec7 Halogen, k\u1ebft h\u1ee3p c\u00f4ng ngh\u1ec7 ozone v\u1eeba gi\u00fap s\u1ea5y b\u00e1t kh\u00f4 nhanh ch\u00f3ng v\u1eeba gi\u00fap \u0111\u0129a s\u1ea1ch khu\u1ea9n v\u00e0 an to\u00e0n v\u1ec7 sinh th\u1ef1c ph\u1ea9m. Kh\u00f4ng ch\u1ec9 v\u1eady, s\u1eed d\u1ee5ng chi\u1ebfc t\u1ee7 n\u00e0y c\u0169ng kh\u00f4ng h\u1ec1 kh\u00f3; ch\u1ec9 c\u1ea9n x\u1ebfp d\u1ee5ng c\u1ee5 c\u1ea7n s\u1ea5y v\u00e0o trong, \u0111\u00f3ng t\u1ee7, ch\u1ecdn m\u1ee9c nhi\u1ec7t ph\u00f9 h\u1ee3p v\u00e0 sau \u0111\u00f3 nh\u1ea5n n\u00fat kh\u1edfi \u0111\u1ed9ng, b\u1ea1n s\u1ebd c\u00f3 ngay nh\u1eefng m\u1ebb b\u00e1t \u0111\u0129a kh\u00f4 r\u00e1o, kh\u00f4ng c\u00f2n m\u00f9i tanh, v\u00e0 th\u01a1m tho ch\u1ec9 sau v\u00e0i ph\u00fat.&nbsp;<\/span><\/span><\/p>\n","protected":false},"excerpt":{"rendered":"<ul>\n<li style=\"font-weight: 400;\"><span style=\"font-weight: 400; font-family: helvetica, arial, sans-serif;\">Dung t\u00edch bu\u1ed3ng s\u1ea5y l\u1edbn gi\u00fap s\u1ea5y nhi\u1ec1u b\u00e1t \u0111\u0129a<\/span><\/li>\n<li style=\"font-weight: 400;\"><span style=\"font-weight: 400; font-family: helvetica, arial, sans-serif;\">C\u00f4ng ngh\u1ec7 Halogen s\u1ea5y b\u00e1t \u0111\u0129a kh\u00f4 nhanh ch\u00f3ng<\/span><\/li>\n<li style=\"font-weight: 400;\"><span style=\"font-weight: 400; font-family: helvetica, arial, sans-serif;\">Di\u1ec7t khu\u1ea9n v\u00e0 kh\u1eed m\u00f9i t\u1ed1t nh\u1edd c\u00f4ng ngh\u1ec7 Ozone<\/span><\/li>\n<li style=\"font-weight: 400;\"><span style=\"font-weight: 400; font-family: helvetica, arial, sans-serif;\">Ti\u1ebft ki\u1ec7m \u0111i\u1ec7n n\u0103ng, s\u1eed d\u1ee5ng d\u1ec5 d\u00e0ng<\/span><\/li>\n<li style=\"font-weight: 400;\"><span style=\"font-weight: 400; font-family: helvetica, arial, sans-serif;\">Thi\u1ebft k\u1ebf ch\u1ea5t li\u1ec7u inox cao c\u1ea5p s\u00e1ng b\u00f3ng<\/span><\/li>\n<li style=\"font-weight: 400;\"><span style=\"font-weight: 400; font-family: helvetica, arial, sans-serif;\">S\u1ea5y b\u00e1t \u0111\u0129a th\u1ee7y tinh, nh\u1ef1a, inox, s\u1ee9, kh\u0103n v\u1ea3i\u2026<\/span><\/li>\n<\/ul>\n","protected":false},"featured_media":39558,"comment_status":"open","ping_status":"closed","template":"","meta":[],"product_cat":[243,467],"product_tag":[],"_links":{"self":[{"href":"https:\/\/thucpham.com\/vinacom\/wp-json\/wp\/v2\/product\/11180"}],"collection":[{"href":"https:\/\/thucpham.com\/vinacom\/wp-json\/wp\/v2\/product"}],"about":[{"href":"https:\/\/thucpham.com\/vinacom\/wp-json\/wp\/v2\/types\/product"}],"replies":[{"embeddable":true,"href":"https:\/\/thucpham.com\/vinacom\/wp-json\/wp\/v2\/comments?post=11180"}],"wp:featuredmedia":[{"embeddable":true,"href":"https:\/\/thucpham.com\/vinacom\/wp-json\/wp\/v2\/media\/39558"}],"wp:attachment":[{"href":"https:\/\/thucpham.com\/vinacom\/wp-json\/wp\/v2\/media?parent=11180"}],"wp:term":[{"taxonomy":"product_cat","embeddable":true,"href":"https:\/\/thucpham.com\/vinacom\/wp-json\/wp\/v2\/product_cat?post=11180"},{"taxonomy":"product_tag","embeddable":true,"href":"https:\/\/thucpham.com\/vinacom\/wp-json\/wp\/v2\/product_tag?post=11180"}],"curies":[{"name":"wp","href":"https:\/\/api.w.org\/{rel}","templated":true}]}}