{"id":11147,"date":"2020-07-16T20:46:50","date_gmt":"2020-07-16T20:46:50","guid":{"rendered":"https:\/\/thucpham.com\/?post_type=product&#038;p=11147"},"modified":"2021-12-11T10:32:54","modified_gmt":"2021-12-11T03:32:54","slug":"tu-mat-4-canh-duc-minh","status":"publish","type":"product","link":"https:\/\/thucpham.com\/vinacom\/tu-mat-4-canh-duc-minh\/","title":{"rendered":"T\u1ee7 M\u00e1t 4 C\u00e1nh \u0110\u1ee9c Minh"},"content":{"rendered":"<p style=\"text-align: justify;\"><span style=\"font-family: helvetica, arial, sans-serif;\"><b><i>T\u1ee7 m\u00e1t 4 c\u00e1nh \u0110\u1ee9c Minh <\/i><\/b><b><i>MD1100-4I<\/i><\/b><span style=\"font-weight: 400;\"> c\u00f3 dung t\u00edch 1100L v\u1edbi 4 c\u00e1nh t\u1ee7 \u0111\u00f3ng m\u1edf t\u00e1ch bi\u1ec7t, ph\u00f9 h\u1ee3p v\u1edbi nh\u1eefng m\u00f4 h\u00ecnh b\u1ebfp c\u00f4ng nghi\u1ec7p hay c\u0103ng tin c\u00f3 nhu c\u1ea7u ch\u1ebf bi\u1ebfn su\u1ea5t \u0103n l\u1edbn m\u1ed7i ng\u00e0y. Trong m\u1ed7i khoang ch\u1ee9a th\u00ec g\u1ed3m nhi\u1ec1u c\u00e1c nan gi\u00e1 \u0111\u1ee1, c\u00f3 th\u1ec3 th\u00e1o l\u1eafp, \u0111i\u1ec1u ch\u1ec9nh v\u1ecb tr\u00ed theo nhu c\u1ea7u l\u01b0u tr\u1eef b\u1ea3o qu\u1ea3n th\u1ef1c ph\u1ea9m c\u1ee7a ng\u01b0\u1eddi s\u1eed d\u1ee5ng. To\u00e0n b\u1ed9 ph\u1ea7n v\u1ecf ngo\u00e0i c\u1ee7a s\u1ea3n ph\u1ea9m \u0111\u01b0\u1ee3c l\u00e0m b\u1eb1ng&nbsp; ch\u1ea5t li\u1ec7u inox cao c\u1ea5p, ch\u1ecbu l\u1ef1c t\u1ed1t, kh\u00f4ng b\u1ecb bi\u1ebfn d\u1ea1ng, h\u1ea1n ch\u1ebf han g\u1ec9 khi ph\u1ea3i ti\u1ebfp x\u00fac th\u01b0\u1eddng xuy\u00ean v\u1edbi m\u00f4i tr\u01b0\u1eddng nhi\u1ec1u mu\u1ed1i v\u00e0 axit, n\u00e2ng cao tu\u1ed5i th\u1ecd s\u1eed d\u1ee5ng cho m\u00e1y.<\/span><\/span><\/p>\n<p><img class=\"size-full wp-image-12444 aligncenter\" src=\"https:\/\/thucpham.com\/wp-content\/uploads\/2020\/07\/tu-mat-4-canh-Duc-Minh-MD1100-4I-banner.jpg\" alt=\"tu-mat-4-canh-Duc-Minh-MD1100-4I\" width=\"820\" height=\"656\" srcset=\"https:\/\/thucpham.com\/vinacom\/wp-content\/uploads\/2020\/07\/tu-mat-4-canh-Duc-Minh-MD1100-4I-banner.jpg 820w, https:\/\/thucpham.com\/vinacom\/wp-content\/uploads\/2020\/07\/tu-mat-4-canh-Duc-Minh-MD1100-4I-banner-300x240.jpg 300w, https:\/\/thucpham.com\/vinacom\/wp-content\/uploads\/2020\/07\/tu-mat-4-canh-Duc-Minh-MD1100-4I-banner-768x614.jpg 768w, https:\/\/thucpham.com\/vinacom\/wp-content\/uploads\/2020\/07\/tu-mat-4-canh-Duc-Minh-MD1100-4I-banner-24x19.jpg 24w, https:\/\/thucpham.com\/vinacom\/wp-content\/uploads\/2020\/07\/tu-mat-4-canh-Duc-Minh-MD1100-4I-banner-36x29.jpg 36w, https:\/\/thucpham.com\/vinacom\/wp-content\/uploads\/2020\/07\/tu-mat-4-canh-Duc-Minh-MD1100-4I-banner-48x38.jpg 48w, https:\/\/thucpham.com\/vinacom\/wp-content\/uploads\/2020\/07\/tu-mat-4-canh-Duc-Minh-MD1100-4I-banner-510x408.jpg 510w\" sizes=\"(max-width: 820px) 100vw, 820px\" title=\"\"><\/p>\n<p style=\"text-align: center;\"><span style=\"font-family: helvetica, arial, sans-serif;\">Th\u00f4ng tin s\u1ea3n ph\u1ea9m <b><i>t\u1ee7 <\/i><\/b><b><i>m\u00e1t 4 c\u00e1nh \u0110\u1ee9c Minh <\/i><\/b><b><i>MD1100-4I<\/i><\/b><\/span><\/p>\n<p style=\"text-align: justify;\"><span style=\"font-family: helvetica, arial, sans-serif;\"><span style=\"font-weight: 400;\">D\u1ea3i nhi\u1ec7t \u0111\u1ed9 lu\u00f4n \u0111\u01b0\u1ee3c duy tr\u00ec \u1ed5n \u0111\u1ecbnh \u1edf m\u1ee9c 2 \u0111\u1ed9 C \u0111\u1ebfn 10 \u0111\u1ed9 C nh\u1edd h\u1ec7 th\u1ed1ng l\u00e0m m\u00e1t b\u1eb1ng qu\u1ea1t gi\u00f3 b\u00ean trong t\u1ee7 gi\u00fap \u0111\u01b0a h\u01a1i l\u1ea1nh \u0111i t\u1edbi m\u1ecdi g\u00f3c c\u1ea1nh t\u1ee7. Ngo\u00e0i ra, qu\u1ea1t gi\u00f3 \u0111\u01b0\u1ee3c trang b\u1ecb r\u01a1-le t\u1ef1 \u0111\u1ed9ng ng\u1eaft khi b\u1ea1n m\u1edf c\u1eeda t\u1ee7, gi\u00fap h\u1ea1n ch\u1ebf nhi\u1ec7t l\u1ea1nh b\u1ecb tho\u00e1t ra ngo\u00e0i. B\u1ed9 \u0111i\u1ec1u khi\u1ec3n nhi\u1ec7t \u0111\u1ed9 k\u1ef9 thu\u1eadt s\u1ed1 v\u1edbi c\u00e1c th\u00f4ng s\u1ed1 c\u00f3 th\u1ec3 thay \u0111\u1ed5i v\u00e0 hi\u1ec3n th\u1ecb nhi\u1ec7t \u0111\u1ed9 b\u1eb1ng LCD b\u00ean ngo\u00e0i gi\u00fap ng\u01b0\u1eddi d\u00f9ng d\u1ec5 d\u00e0ng ki\u1ec3m so\u00e1t v\u00e0 \u0111i\u1ec1u ch\u1ec9nh nhi\u1ec7t \u0111\u1ed9 c\u1ee7a t\u1ee7. Ch\u00e2n <\/span><b><i>t\u1ee7 <\/i><\/b><b><i>m\u00e1t 4 c\u00e1nh \u0110\u1ee9c Minh <\/i><\/b><b><i>MD1100-4I <\/i><\/b><span style=\"font-weight: 400;\">\u0111\u01b0\u1ee3c b\u1ed1 tr\u00ed h\u1ec7 th\u1ed1ng b\u00e1nh xe ch\u1ecbu l\u1ef1c, cho ph\u00e9p di chuy\u1ec3n d\u1ec5 d\u00e0ng v\u00e0 c\u00f3 ch\u00e2n \u0111\u1ecbnh v\u1ecb \u0111\u1ec3 t\u0103ng ch\u1ec9nh cao th\u1ea5p gi\u00fap cho t\u1ee7 lu\u00f4n c\u00e2n b\u1eb1ng v\u00e0 \u0111\u1ee9ng ch\u1eafc.<\/span><\/span><\/p>\n<p style=\"text-align: justify;\">&nbsp;<\/p>\n","protected":false},"excerpt":{"rendered":"<ul>\n<li style=\"font-weight: 400; text-align: justify;\"><span style=\"font-weight: 400; font-family: helvetica, arial, sans-serif;\">Ph\u1ea7n v\u1ecf\u00a0 \u0111\u01b0\u1ee3c s\u1ea3n xu\u1ea5t b\u1eb1ng ch\u1ea5t li\u1ec7u inox cao c\u1ea5p<\/span><\/li>\n<li style=\"font-weight: 400; text-align: justify;\"><span style=\"font-weight: 400; font-family: helvetica, arial, sans-serif;\">C\u00e1c nan gi\u00e1 \u0111\u1ee1 c\u00f3 th\u1ec3 th\u00e1o l\u1eafp, thay \u0111\u1ed5i v\u1ecb tr\u00ed<\/span><\/li>\n<li style=\"font-weight: 400; text-align: justify;\"><span style=\"font-weight: 400; font-family: helvetica, arial, sans-serif;\">L\u00e0m l\u1ea1nh b\u1eb1ng qu\u1ea1t gi\u00f3 trao \u0111\u1ed5i nhi\u1ec7t t\u1ef1 nhi\u00ean<\/span><\/li>\n<li style=\"font-weight: 400; text-align: justify;\"><span style=\"font-weight: 400; font-family: helvetica, arial, sans-serif;\">Ch\u1ea5t l\u00e0m m\u00e1t R134a kh\u00f4ng ch\u1ea5t \u0111\u1ed9c h\u1ea1i<\/span><\/li>\n<li style=\"font-weight: 400; text-align: justify;\"><span style=\"font-weight: 400; font-family: helvetica, arial, sans-serif;\">R\u01a1-le t\u1ef1 \u0111\u1ed9ng ng\u1eaft khi c\u1eeda t\u1ee7 m\u1edf<\/span><\/li>\n<li style=\"font-weight: 400; text-align: justify;\"><span style=\"font-weight: 400; font-family: helvetica, arial, sans-serif;\">M\u00e0n h\u00ecnh LCD hi\u1ec3n th\u1ecb nhi\u1ec7t \u0111\u1ed9 tr\u00ean th\u00e2n t\u1ee7<\/span><\/li>\n<\/ul>\n","protected":false},"featured_media":39478,"comment_status":"open","ping_status":"closed","template":"","meta":[],"product_cat":[240,254],"product_tag":[],"_links":{"self":[{"href":"https:\/\/thucpham.com\/vinacom\/wp-json\/wp\/v2\/product\/11147"}],"collection":[{"href":"https:\/\/thucpham.com\/vinacom\/wp-json\/wp\/v2\/product"}],"about":[{"href":"https:\/\/thucpham.com\/vinacom\/wp-json\/wp\/v2\/types\/product"}],"replies":[{"embeddable":true,"href":"https:\/\/thucpham.com\/vinacom\/wp-json\/wp\/v2\/comments?post=11147"}],"wp:featuredmedia":[{"embeddable":true,"href":"https:\/\/thucpham.com\/vinacom\/wp-json\/wp\/v2\/media\/39478"}],"wp:attachment":[{"href":"https:\/\/thucpham.com\/vinacom\/wp-json\/wp\/v2\/media?parent=11147"}],"wp:term":[{"taxonomy":"product_cat","embeddable":true,"href":"https:\/\/thucpham.com\/vinacom\/wp-json\/wp\/v2\/product_cat?post=11147"},{"taxonomy":"product_tag","embeddable":true,"href":"https:\/\/thucpham.com\/vinacom\/wp-json\/wp\/v2\/product_tag?post=11147"}],"curies":[{"name":"wp","href":"https:\/\/api.w.org\/{rel}","templated":true}]}}