{"id":11012,"date":"2020-07-14T23:14:09","date_gmt":"2020-07-14T23:14:09","guid":{"rendered":"https:\/\/thucpham.com\/?post_type=product&#038;p=11012"},"modified":"2021-12-11T11:14:12","modified_gmt":"2021-12-11T04:14:12","slug":"tu-mat-1-canh-kinh-140l-alaska","status":"publish","type":"product","link":"https:\/\/thucpham.com\/vinacom\/tu-mat-1-canh-kinh-140l-alaska\/","title":{"rendered":"T\u1ee7 M\u00e1t 1 C\u00e1nh K\u00ednh 140L Alaska"},"content":{"rendered":"<p style=\"text-align: justify;\"><span style=\"font-family: helvetica, arial, sans-serif;\"><b><i>T\u1ee7 m\u00e1t 1 c\u00e1nh k\u00ednh 140L Alaska <\/i><\/b><b><i>LC-1416B<\/i><\/b><span style=\"font-weight: 400;\"> l\u00e0 d\u1ea1ng t\u1ee7 m\u00e1t c\u1ee1 nh\u1ecf ph\u00f9 h\u1ee3p cho vi\u1ec7c gi\u1eef l\u1ea1nh c\u00e1c lo\u1ea1i th\u1ef1c ph\u1ea9m, \u0111\u1ed3 u\u1ed1ng cho h\u1ed9 gia \u0111\u00ecnh, si\u00eau th\u1ecb mini, nh\u00e0 ngh\u1ec9 hay kh\u00e1ch s\u1ea1n nh\u1ecf. Chi\u1ebfc t\u1ee7 c\u00f3 thi\u1ebft k\u1ebf sang tr\u1ecdng, nh\u1ecf g\u1ecdn, d\u1ec5 d\u00e0ng b\u00e0i tr\u00ed \u1edf nhi\u1ec1u kh\u00f4ng gian. Ngo\u00e0i ra, c\u1eeda k\u00ednh 2 l\u1edbp h\u00fat ch\u00e2n kh\u00f4ng gi\u00fap c\u00e1nh c\u1eeda c\u00f3 \u0111\u1ed9 v\u1eefng ch\u1eafc v\u00e0 c\u00e1ch nhi\u1ec7t t\u1ed1t gi\u00fap t\u1ee7 m\u00e1t Alaska gi\u1eef l\u1ea1nh hi\u1ec7u qu\u1ea3 v\u00e0 ti\u1ebft ki\u1ec7m \u0111i\u1ec7n n\u0103ng.<\/span><\/span><\/p>\n<p><img class=\"size-full wp-image-12463 aligncenter\" src=\"https:\/\/thucpham.com\/wp-content\/uploads\/2020\/07\/tu-mat-1-canh-kinh-140l-alaska-banner.jpg\" alt=\"tu-mat-1-canh-kinh-140l-alaska\" width=\"820\" height=\"656\" srcset=\"https:\/\/thucpham.com\/vinacom\/wp-content\/uploads\/2020\/07\/tu-mat-1-canh-kinh-140l-alaska-banner.jpg 820w, https:\/\/thucpham.com\/vinacom\/wp-content\/uploads\/2020\/07\/tu-mat-1-canh-kinh-140l-alaska-banner-300x240.jpg 300w, https:\/\/thucpham.com\/vinacom\/wp-content\/uploads\/2020\/07\/tu-mat-1-canh-kinh-140l-alaska-banner-768x614.jpg 768w, https:\/\/thucpham.com\/vinacom\/wp-content\/uploads\/2020\/07\/tu-mat-1-canh-kinh-140l-alaska-banner-24x19.jpg 24w, https:\/\/thucpham.com\/vinacom\/wp-content\/uploads\/2020\/07\/tu-mat-1-canh-kinh-140l-alaska-banner-36x29.jpg 36w, https:\/\/thucpham.com\/vinacom\/wp-content\/uploads\/2020\/07\/tu-mat-1-canh-kinh-140l-alaska-banner-48x38.jpg 48w, https:\/\/thucpham.com\/vinacom\/wp-content\/uploads\/2020\/07\/tu-mat-1-canh-kinh-140l-alaska-banner-510x408.jpg 510w\" sizes=\"(max-width: 820px) 100vw, 820px\" title=\"\"><\/p>\n<p style=\"text-align: center;\"><span style=\"font-family: helvetica, arial, sans-serif;\"><em>Th\u00f4ng tin s\u1ea3n ph\u1ea9m t\u1ee7 m\u00e1t 1 c\u00e1nh k\u00ednh 140L LC-1416B<\/em><\/span><\/p>\n<p style=\"text-align: justify;\"><span style=\"font-family: helvetica, arial, sans-serif;\"><span style=\"font-weight: 400;\">B\u00ean c\u1ea1nh \u0111\u00f3, l\u00f2ng t\u1ee7 m\u00e1t Alaska LC-1416B \u0111\u01b0\u1ee3c \u0111\u00fac b\u1eb1ng nh\u1ef1a ABS cao c\u1ea5p, c\u00f3 \u0111\u1ed9 b\u1ec1n cao, \u00edt b\u00e1m b\u1ea9n, thu\u1eadn ti\u1ec7n khi lau ch\u00f9i. T\u1ee7 bao g\u1ed3m 3 k\u1ec7 c\u00f3 th\u1ec3 thay \u0111\u1ed5i v\u1ecb tr\u00ed, gi\u00fap b\u1ea1n t\u1eadn d\u1ee5ng t\u1ed1i \u0111a kh\u00f4ng gian \u0111\u1ec3 \u0111\u1ed3 v\u00e0 d\u1ec5 d\u00e0ng tr\u01b0ng b\u00e0y s\u1ea3n ph\u1ea9m trong t\u1ee7 hay s\u1eafp x\u1ebfp ph\u00e2n lo\u1ea1i \u0111\u1ed3. <\/span><b><i>T\u1ee7 m\u00e1t 1 c\u00e1nh k\u00ednh 140L <\/i><\/b><b><i>LC-1416B<\/i><\/b><span style=\"font-weight: 400;\"> c\u00f2n \u0111\u01b0\u1ee3c trang b\u1ecb h\u1ec7 th\u1ed1ng s\u01b0\u1edfi k\u00ednh, gi\u00fap m\u1eb7t k\u00ednh lu\u00f4n trong su\u1ed1t \u0111\u1ec3 nh\u00ecn r\u00f5 c\u00e1c s\u1ea3n ph\u1ea9m b\u00ean trong. N\u00fat \u0111i\u1ec1u ch\u1ec9nh nhi\u1ec7t \u0111\u1ed9 \u0111\u01b0\u1ee3c thi\u1ebft k\u1ebf ph\u00eda trong t\u1ee7 ngang t\u1ea7m m\u1eaft, cho ph\u00e9p b\u1ea1n \u0111i\u1ec1u ch\u1ec9nh nhi\u1ec7t \u0111\u1ed9 ph\u00f9 h\u1ee3p nh\u1ea5t. Kh\u00f4ng ch\u1ec9 v\u1eady, t\u1ee7 m\u00e1t Alaska 1 c\u00e1nh k\u00ednh s\u1eed d\u1ee5ng m\u00e1y n\u00e9n s\u1ea3n xu\u1ea5t theo c\u00f4ng ngh\u1ec7 Matsushita Nh\u1eadt B\u1ea3n gi\u00fap thi\u1ebft b\u1ecb ho\u1ea1t \u0111\u1ed9ng b\u1ec1n b\u1ec9,&nbsp; \u00eam \u00e1i trong th\u1eddi gian d\u00e0i.<\/span><\/span><\/p>\n","protected":false},"excerpt":{"rendered":"<ul>\n<li style=\"font-weight: 400;\"><span style=\"font-weight: 400; font-family: helvetica, arial, sans-serif;\">Ch\u1ee9c n\u0103ng v\u1eeba b\u1ea3o qu\u1ea3n v\u1eeba tr\u01b0ng b\u00e0y s\u1ea3n ph\u1ea9m<\/span><\/li>\n<li style=\"font-weight: 400;\"><span style=\"font-weight: 400; font-family: helvetica, arial, sans-serif;\">M\u00e1y n\u00e9n nh\u1eadp kh\u1ea9u l\u00e0m l\u1ea1nh nhanh v\u00e0 s\u00e2u<\/span><\/li>\n<li style=\"font-weight: 400;\"><span style=\"font-weight: 400; font-family: helvetica, arial, sans-serif;\">H\u1ec7 th\u1ed1ng s\u01b0\u1edfi k\u00ednh ch\u1ed1ng \u0111\u1ecdng s\u01b0\u01a1ng<\/span><\/li>\n<li style=\"font-weight: 400;\"><span style=\"font-weight: 400; font-family: helvetica, arial, sans-serif;\">Duy tr\u00ec nhi\u1ec7t \u0111\u1ed9 m\u00e1t trong kho\u1ea3ng t\u1eeb 0 \u0111\u1ebfn 10\u2103<\/span><\/li>\n<li style=\"font-weight: 400;\"><span style=\"font-weight: 400; font-family: helvetica, arial, sans-serif;\">H\u1ec7 th\u1ed1ng n\u00fat \u0111i\u1ec1u ch\u1ec9nh nhi\u1ec7t \u0111\u1ed9 d\u1ec5 d\u00e0ng<\/span><\/li>\n<li style=\"font-weight: 400;\"><span style=\"font-weight: 400; font-family: helvetica, arial, sans-serif;\">B\u00e1nh xe ch\u1ecbu l\u1ef1c, d\u1ec5 d\u00e0ng di chuy\u1ec3n<\/span><\/li>\n<\/ul>\n","protected":false},"featured_media":39527,"comment_status":"open","ping_status":"closed","template":"","meta":[],"product_cat":[240,254],"product_tag":[],"_links":{"self":[{"href":"https:\/\/thucpham.com\/vinacom\/wp-json\/wp\/v2\/product\/11012"}],"collection":[{"href":"https:\/\/thucpham.com\/vinacom\/wp-json\/wp\/v2\/product"}],"about":[{"href":"https:\/\/thucpham.com\/vinacom\/wp-json\/wp\/v2\/types\/product"}],"replies":[{"embeddable":true,"href":"https:\/\/thucpham.com\/vinacom\/wp-json\/wp\/v2\/comments?post=11012"}],"wp:featuredmedia":[{"embeddable":true,"href":"https:\/\/thucpham.com\/vinacom\/wp-json\/wp\/v2\/media\/39527"}],"wp:attachment":[{"href":"https:\/\/thucpham.com\/vinacom\/wp-json\/wp\/v2\/media?parent=11012"}],"wp:term":[{"taxonomy":"product_cat","embeddable":true,"href":"https:\/\/thucpham.com\/vinacom\/wp-json\/wp\/v2\/product_cat?post=11012"},{"taxonomy":"product_tag","embeddable":true,"href":"https:\/\/thucpham.com\/vinacom\/wp-json\/wp\/v2\/product_tag?post=11012"}],"curies":[{"name":"wp","href":"https:\/\/api.w.org\/{rel}","templated":true}]}}