{"id":10797,"date":"2020-07-13T19:51:50","date_gmt":"2020-07-13T19:51:50","guid":{"rendered":"https:\/\/thucpham.com\/?post_type=product&#038;p=10797"},"modified":"2024-09-12T08:52:41","modified_gmt":"2024-09-12T01:52:41","slug":"tu-trung-bay-nua-dong-nua-mat-3-canh-kinh-berjaya","status":"publish","type":"product","link":"https:\/\/thucpham.com\/vinacom\/tu-trung-bay-nua-dong-nua-mat-3-canh-kinh-berjaya\/","title":{"rendered":"T\u1ee7 Tr\u01b0ng B\u00e0y N\u1eeda \u0110\u00f4ng N\u1eeda M\u00e1t 3 C\u00e1nh K\u00ednh Berjaya"},"content":{"rendered":"<p style=\"text-align: justify\"><span style=\"font-family: helvetica, arial, sans-serif\"><b><i>T\u1ee7 tr\u01b0ng b\u00e0y n\u1eeda \u0111\u00f4ng n\u1eeda m\u00e1t 3 c\u00e1nh k\u00ednh Berjaya<\/i><\/b><span style=\"font-weight: 400\"> \u0111\u01b0\u1ee3c thi\u1ebft k\u1ebf 3 c\u00e1nh b\u1eb1ng k\u00ednh c\u01b0\u1eddng l\u1ef1c cao c\u1ea5p v\u1edbi dung t\u00edch l\u1edbn ph\u00f9 h\u1ee3p s\u1eed d\u1ee5ng t\u1ea1i c\u00e1c si\u00eau th\u1ecb, nh\u00e0 h\u00e0ng, c\u1eeda h\u00e0ng rau c\u1ee7 qu\u1ea3&#8230;\u0110\u00e2y l\u00e0 <\/span><span style=\"font-weight: 400\">d\u00f2ng t\u1ee7 tr\u01b0ng b\u00e0y c\u00f3 t\u00ednh n\u0103ng r\u00e3 \u0111\u00f4ng b\u1eb1ng s\u1ea5y \u0111i\u1ec7n v\u00e0 tu\u1ea7n ho\u00e0n kh\u00f4ng kh\u00ed, gi\u1eef cho th\u1ef1c ph\u1ea9m t\u01b0\u01a1i ngon, gi\u1eef nguy\u00ean d\u01b0\u1ee1ng ch\u1ea5t, h\u1ea1n ch\u1ebf \u0111\u00f3ng tuy\u1ebft m\u1ed9t c\u00e1ch t\u1ed1t nh\u1ea5t. Thi\u1ebft b\u1ecb \u0111\u01b0\u1ee3c s\u1ea3n xu\u1ea5t v\u00e0 l\u1eafp r\u00e1p b\u1eb1ng ch\u1ea5t li\u1ec7u inox cao c\u1ea5p, cho \u0111\u1ed9 b\u1ec1n cao, \u00edt b\u00e1m b\u1ee5i b\u1ea9n, d\u1ec5 d\u00e0ng v\u1ec7 sinh trong qu\u00e1 tr\u00ecnh s\u1eed d\u1ee5ng.<\/span><\/span><\/p>\n<p><img class=\"size-full wp-image-12502 aligncenter\" src=\"https:\/\/thucpham.com\/wp-content\/uploads\/2020\/07\/tu-trung-bay-nua-dong-nua-mat-3-canh-kinh-Berjaya-banner.jpg\" alt=\"tu-trung-bay-nua-dong-nua-mat-3-canh-kinh-Berjaya\" width=\"820\" height=\"656\" srcset=\"https:\/\/thucpham.com\/vinacom\/wp-content\/uploads\/2020\/07\/tu-trung-bay-nua-dong-nua-mat-3-canh-kinh-Berjaya-banner.jpg 820w, https:\/\/thucpham.com\/vinacom\/wp-content\/uploads\/2020\/07\/tu-trung-bay-nua-dong-nua-mat-3-canh-kinh-Berjaya-banner-300x240.jpg 300w, https:\/\/thucpham.com\/vinacom\/wp-content\/uploads\/2020\/07\/tu-trung-bay-nua-dong-nua-mat-3-canh-kinh-Berjaya-banner-768x614.jpg 768w, https:\/\/thucpham.com\/vinacom\/wp-content\/uploads\/2020\/07\/tu-trung-bay-nua-dong-nua-mat-3-canh-kinh-Berjaya-banner-24x19.jpg 24w, https:\/\/thucpham.com\/vinacom\/wp-content\/uploads\/2020\/07\/tu-trung-bay-nua-dong-nua-mat-3-canh-kinh-Berjaya-banner-36x29.jpg 36w, https:\/\/thucpham.com\/vinacom\/wp-content\/uploads\/2020\/07\/tu-trung-bay-nua-dong-nua-mat-3-canh-kinh-Berjaya-banner-48x38.jpg 48w, https:\/\/thucpham.com\/vinacom\/wp-content\/uploads\/2020\/07\/tu-trung-bay-nua-dong-nua-mat-3-canh-kinh-Berjaya-banner-510x408.jpg 510w\" sizes=\"(max-width: 820px) 100vw, 820px\" title=\"\"><\/p>\n<p style=\"text-align: center\"><span style=\"font-family: helvetica, arial, sans-serif\"><em>Th\u00f4ng tin s\u1ea3n ph\u1ea9m t\u1ee7 tr\u01b0ng b\u00e0y n\u1eeda \u0111\u00f4ng n\u1eeda m\u00e1t 3 c\u00e1nh k\u00ednh Berjaya<\/em><\/span><\/p>\n<p style=\"text-align: justify\"><span style=\"font-family: helvetica, arial, sans-serif\"><span style=\"font-weight: 400\">Ngo\u00e0i ra, h\u1ec7 th\u1ed1ng c\u00e1c khay ch\u1ee9a c\u00f3 th\u1ec3 d\u1ec5 d\u00e0ng th\u00e1o l\u1eafp v\u00e0 \u0111\u01b0\u1ee3c l\u00e0m b\u1eb1ng ch\u1ea5t li\u1ec7u nh\u1ef1a t\u1ed5ng h\u1ee3p, h\u1ea1n ch\u1ebf \u0103n m\u00f2n, kh\u00f4ng g\u00e2y m\u00f9i l\u1ea1 cho th\u1ef1c ph\u1ea9m, an to\u00e0n cho s\u1ee9c kh\u1ecfe con ng\u01b0\u1eddi. H\u1ec7 th\u1ed1ng l\u00e0m m\u00e1t \u0111\u01b0\u1ee3c trang b\u1ecb qu\u1ea1t t\u1ea3n nhi\u1ec7t cho ph\u00e9p lan t\u1ecfa nhi\u1ec7t l\u1ea1nh \u0111\u1ed3ng \u0111\u1ec1u kh\u1eafp t\u1ee7, k\u00e8m v\u1edbi l\u1edbp ph\u00e2n c\u00e1ch gi\u1eefa 2 ph\u1ea7n t\u1ee7 \u0111\u00f4ng v\u00e0 t\u1ee7 m\u00e1t l\u00e0m b\u1eb1ng ch\u1ea5t li\u1ec7u c\u00e1ch nhi\u1ec7t cao c\u1ea5p gi\u00fap gi\u1eef nguy\u00ean nhi\u1ec7t \u0111\u1ed9 l\u1ea1nh \u1edf m\u1ed7i ph\u1ea7n t\u1ee7 m\u00e0 kh\u00f4ng b\u1ecb h\u00f2a l\u1eabn. H\u01a1n th\u1ebf n\u1eefa, <\/span><b><i>t\u1ee7 tr\u01b0ng b\u00e0y n\u1eeda \u0111\u00f4ng n\u1eeda m\u00e1t 3 c\u00e1nh k\u00ednh Berjaya <\/i><\/b><span style=\"font-weight: 400\">s\u1eed d\u1ee5ng ch\u1ea5t l\u00e0m l\u1ea1nh R134a v\u00e0 R404a, an to\u00e0n v\u00e0 th\u00e2n thi\u1ec7n v\u1edbi m\u00f4i tr\u01b0\u1eddng.<\/span><\/span><\/p>\n","protected":false},"excerpt":{"rendered":"<ul>\n<li style=\"font-weight: 400\"><span style=\"font-weight: 400;font-family: helvetica, arial, sans-serif\">H\u1ec7 th\u1ed1ng l\u00e0m l\u1ea1nh t\u1ef1 \u0111\u1ed9ng c\u00e2n b\u1eb1ng nhi\u1ec7t<\/span><\/li>\n<li style=\"font-weight: 400\"><span style=\"font-weight: 400;font-family: helvetica, arial, sans-serif\">Ch\u1ea5t li\u1ec7u inox cao c\u1ea5p, b\u1ec1n ch\u1eafc, d\u1ec5 d\u00e0ng v\u1ec7 sinh<\/span><\/li>\n<li style=\"font-weight: 400\"><span style=\"font-weight: 400;font-family: helvetica, arial, sans-serif\">Ch\u1ea5t l\u00e0m l\u1ea1nh R134a v\u00e0 R404a th\u00e2n thi\u1ec7n v\u1edbi m\u00f4i tr\u01b0\u1eddng<\/span><\/li>\n<li style=\"font-weight: 400\"><span style=\"font-weight: 400;font-family: helvetica, arial, sans-serif\">C\u1eeda t\u1ee7 \u0111\u01b0\u1ee3c l\u00e0m b\u1eb1ng k\u00ednh ch\u1ecbu l\u1ef1c c\u00e1ch nhi\u1ec7t t\u1ed1t<\/span><\/li>\n<li style=\"font-weight: 400\"><span style=\"font-weight: 400;font-family: helvetica, arial, sans-serif\">Gi\u1ea3i nhi\u1ec7t c\u00e2n b\u1eb1ng t\u1ef1 \u0111\u1ed9ng gi\u00fap ti\u1ebft ki\u1ec7m n\u0103ng l\u01b0\u1ee3ng<\/span><\/li>\n<\/ul>\n","protected":false},"featured_media":39212,"comment_status":"open","ping_status":"closed","template":"","meta":[],"product_cat":[239,254,240,242,244],"product_tag":[],"_links":{"self":[{"href":"https:\/\/thucpham.com\/vinacom\/wp-json\/wp\/v2\/product\/10797"}],"collection":[{"href":"https:\/\/thucpham.com\/vinacom\/wp-json\/wp\/v2\/product"}],"about":[{"href":"https:\/\/thucpham.com\/vinacom\/wp-json\/wp\/v2\/types\/product"}],"replies":[{"embeddable":true,"href":"https:\/\/thucpham.com\/vinacom\/wp-json\/wp\/v2\/comments?post=10797"}],"wp:featuredmedia":[{"embeddable":true,"href":"https:\/\/thucpham.com\/vinacom\/wp-json\/wp\/v2\/media\/39212"}],"wp:attachment":[{"href":"https:\/\/thucpham.com\/vinacom\/wp-json\/wp\/v2\/media?parent=10797"}],"wp:term":[{"taxonomy":"product_cat","embeddable":true,"href":"https:\/\/thucpham.com\/vinacom\/wp-json\/wp\/v2\/product_cat?post=10797"},{"taxonomy":"product_tag","embeddable":true,"href":"https:\/\/thucpham.com\/vinacom\/wp-json\/wp\/v2\/product_tag?post=10797"}],"curies":[{"name":"wp","href":"https:\/\/api.w.org\/{rel}","templated":true}]}}