{"id":10781,"date":"2020-07-13T19:36:39","date_gmt":"2020-07-13T19:36:39","guid":{"rendered":"https:\/\/thucpham.com\/?post_type=product&#038;p=10781"},"modified":"2021-12-09T13:55:54","modified_gmt":"2021-12-09T06:55:54","slug":"tu-dong-6-canh-duc-minh","status":"publish","type":"product","link":"https:\/\/thucpham.com\/vinacom\/tu-dong-6-canh-duc-minh\/","title":{"rendered":"T\u1ee7 \u0110\u00f4ng 6 C\u00e1nh \u0110\u1ee9c Minh"},"content":{"rendered":"<p style=\"text-align: justify\"><span style=\"font-family: helvetica, arial, sans-serif\"><b><i>T\u1ee7 \u0111\u00f4ng 6 c\u00e1nh \u0110\u1ee9c Minh <\/i><\/b><b><i>DD1750-6I <\/i><\/b><span style=\"font-weight: 400\">l\u00e0 thi\u1ebft b\u1ecb b\u1ea3o qu\u1ea3n th\u1ef1c ph\u1ea9m c\u1ea7n thi\u1ebft trong nhi\u1ec1u nh\u00e0 h\u00e0ng, kh\u00e1ch s\u1ea1n, tr\u01b0\u1eddng h\u1ecdc, b\u1ebfp \u0103n c\u00f4ng nghi\u1ec7p&#8230;T\u1ee7 c\u00f3 dung t\u00edch l\u1edbn l\u00ean \u0111\u1ebfn 1750L \u0111\u00e1p \u1ee9ng nhu c\u1ea7u b\u1ea3o qu\u1ea3n v\u00e0 l\u01b0u tr\u1eef nhi\u1ec1u lo\u1ea1i th\u1ef1c ph\u1ea9m s\u1ed1 l\u01b0\u1ee3ng l\u1edbn. T\u1ee7 \u0111\u01b0\u1ee3c thi\u1ebft k\u1ebf v\u1edbi 6 c\u00e1nh m\u1edf ri\u00eang bi\u1ec7t v\u00e0 thu\u1eadn ti\u1ec7n, gi\u00fap b\u1ea1n d\u1ec5 d\u00e0ng s\u1eafp x\u1ebfp th\u1ef1c ph\u1ea9m,&nbsp; h\u00e0ng h\u00f3a b\u1ea3o qu\u1ea3n trong t\u1ee7.&nbsp;<\/span><\/span><\/p>\n<p><img class=\"size-full wp-image-12509 aligncenter\" src=\"https:\/\/thucpham.com\/wp-content\/uploads\/2020\/07\/tu-dong-6-canh-Duc-Minh-DD1750-6I-banner.jpg\" alt=\"tu-dong-6-canh-Duc-Minh-DD1750-6I\" width=\"820\" height=\"656\" srcset=\"https:\/\/thucpham.com\/vinacom\/wp-content\/uploads\/2020\/07\/tu-dong-6-canh-Duc-Minh-DD1750-6I-banner.jpg 820w, https:\/\/thucpham.com\/vinacom\/wp-content\/uploads\/2020\/07\/tu-dong-6-canh-Duc-Minh-DD1750-6I-banner-300x240.jpg 300w, https:\/\/thucpham.com\/vinacom\/wp-content\/uploads\/2020\/07\/tu-dong-6-canh-Duc-Minh-DD1750-6I-banner-768x614.jpg 768w, https:\/\/thucpham.com\/vinacom\/wp-content\/uploads\/2020\/07\/tu-dong-6-canh-Duc-Minh-DD1750-6I-banner-24x19.jpg 24w, https:\/\/thucpham.com\/vinacom\/wp-content\/uploads\/2020\/07\/tu-dong-6-canh-Duc-Minh-DD1750-6I-banner-36x29.jpg 36w, https:\/\/thucpham.com\/vinacom\/wp-content\/uploads\/2020\/07\/tu-dong-6-canh-Duc-Minh-DD1750-6I-banner-48x38.jpg 48w, https:\/\/thucpham.com\/vinacom\/wp-content\/uploads\/2020\/07\/tu-dong-6-canh-Duc-Minh-DD1750-6I-banner-510x408.jpg 510w\" sizes=\"(max-width: 820px) 100vw, 820px\" title=\"\"><\/p>\n<p style=\"text-align: center\"><span style=\"font-family: helvetica, arial, sans-serif\"><em>Th\u00f4ng tin s\u1ea3n ph\u1ea9m t\u1ee7 \u0111\u00f4ng 6 c\u00e1nh \u0110\u1ee9c Minh DD1750-6I<\/em><\/span><\/p>\n<p style=\"text-align: justify\"><span style=\"font-family: helvetica, arial, sans-serif\"><span style=\"font-weight: 400\">Ngo\u00e0i ra, t\u1eeb v\u1ecf ngo\u00e0i \u0111\u1ebfn khoang ch\u1ee9a b\u00ean trong c\u1ee7a <\/span><b><i>t\u1ee7 <\/i><\/b><b><i>\u0111\u00f4ng 6 c\u00e1nh \u0110\u1ee9c Minh <\/i><\/b><b><i>DD1750-6I<\/i><\/b><span style=\"font-weight: 400\"> \u0111\u01b0\u1ee3c l\u00e0m b\u1eb1ng ch\u1ea5t li\u1ec7u inox cao c\u1ea5p c\u00f3 \u0111\u1ed9 b\u1ec1n cao, d\u1ec5 lau ch\u00f9i, v\u1ec7 sinh s\u1ea1ch s\u1ebd, mang l\u1ea1i s\u1ef1 sang tr\u1ecdng, chuy\u00ean nghi\u1ec7p trong m\u1ed7i gian b\u1ebfp. V\u1edbi c\u01a1 ch\u1ebf trao \u0111\u1ed5i nhi\u1ec7t tr\u1ef1c ti\u1ebfp b\u1eb1ng h\u1ec7 th\u1ed1ng qu\u1ea1t gi\u00f3 \u0111\u1ed1i l\u01b0u cho nhi\u1ec7t \u0111\u1ed9 b\u1ea3o qu\u1ea3n xu\u1ed1ng t\u1edbi -20<\/span><span style=\"font-weight: 400\">o<\/span><span style=\"font-weight: 400\">C, t\u1ee7 \u0111\u00f4ng \u0110\u1ee9c Minh 6 c\u00e1nh gi\u00fap th\u1ef1c ph\u1ea9m lu\u00f4n gi\u1eef \u0111\u01b0\u1ee3c \u0111\u1ed9 t\u01b0\u01a1i ngon \u0111\u1ed3ng th\u1eddi tr\u00e1nh c\u00e1c vi khu\u1ea9n c\u00f3 h\u1ea1i cho s\u1ee9c kh\u1ecfe con ng\u01b0\u1eddi. H\u01a1n n\u1eefa, s\u1ea3n ph\u1ea9m \u0111\u01b0\u1ee3c trang b\u1ecb r\u01a1 le t\u1ef1 ng\u1eaft khi nhi\u1ec7t \u0111\u1ed9 \u0111\u1ea1t y\u00eau c\u1ea7u, nh\u1edd v\u1eady gi\u00fap ng\u01b0\u1eddi d\u00f9ng ti\u1ebft ki\u1ec7m t\u1ed1i \u0111a \u0111i\u1ec7n n\u0103ng trong qu\u00e1 tr\u00ecnh s\u1eed d\u1ee5ng. B\u1ed9 \u0111i\u1ec1u khi\u1ec3n nhi\u1ec7t \u0111\u1ed9 b\u1eb1ng k\u1ef9 thu\u1eadt s\u1ed1 v\u00e0 m\u00e0n h\u00ecnh LCD b\u00ean ngo\u00e0i cho ph\u00e9p b\u1ea1n ki\u1ec3m so\u00e1t v\u00e0 \u0111i\u1ec1u ch\u1ec9nh m\u1ee9c nhi\u1ec7t ph\u00f9 h\u1ee3p \u0111\u1ec3 b\u1ea3o qu\u1ea3n th\u1ef1c ph\u1ea9m \u0111\u01b0\u1ee3c t\u1ed1t nh\u1ea5t.<\/span><\/span><\/p>\n","protected":false},"excerpt":{"rendered":"<ul>\n<li style=\"font-weight: 400\"><span style=\"font-weight: 400;font-family: helvetica, arial, sans-serif\">Dung t\u00edch 1750L, c\u00f3 th\u1ec3 ch\u1ee9a m\u1ed9t l\u01b0\u1ee3ng th\u1ef1c ph\u1ea9m l\u1edbn<\/span><\/li>\n<li style=\"font-weight: 400\"><span style=\"font-weight: 400;font-family: helvetica, arial, sans-serif\">Ch\u1ea5t li\u1ec7u inox ch\u1ea5t l\u01b0\u1ee3ng cao, kh\u00f4ng han g\u1ec9<\/span><\/li>\n<li style=\"font-weight: 400\"><span style=\"font-weight: 400;font-family: helvetica, arial, sans-serif\">R\u01a1 le t\u1ef1 ng\u1eaft khi nhi\u1ec7t \u0111\u1ed9 \u0111\u00e3 \u0111\u1ea1t y\u00eau c\u1ea7u<\/span><\/li>\n<li style=\"font-weight: 400\"><span style=\"font-weight: 400;font-family: helvetica, arial, sans-serif\">M\u00e0n h\u00ecnh LCD d\u1ec5 d\u00e0ng quan s\u00e1t<\/span><\/li>\n<li style=\"font-weight: 400\"><span style=\"font-weight: 400;font-family: helvetica, arial, sans-serif\">L\u00e0m l\u1ea1nh nhanh, gi\u1eef nhi\u1ec7t l\u00e2u d\u00e0i<\/span><\/li>\n<\/ul>\n","protected":false},"featured_media":39116,"comment_status":"open","ping_status":"closed","template":"","meta":[],"product_cat":[239,254],"product_tag":[],"_links":{"self":[{"href":"https:\/\/thucpham.com\/vinacom\/wp-json\/wp\/v2\/product\/10781"}],"collection":[{"href":"https:\/\/thucpham.com\/vinacom\/wp-json\/wp\/v2\/product"}],"about":[{"href":"https:\/\/thucpham.com\/vinacom\/wp-json\/wp\/v2\/types\/product"}],"replies":[{"embeddable":true,"href":"https:\/\/thucpham.com\/vinacom\/wp-json\/wp\/v2\/comments?post=10781"}],"wp:featuredmedia":[{"embeddable":true,"href":"https:\/\/thucpham.com\/vinacom\/wp-json\/wp\/v2\/media\/39116"}],"wp:attachment":[{"href":"https:\/\/thucpham.com\/vinacom\/wp-json\/wp\/v2\/media?parent=10781"}],"wp:term":[{"taxonomy":"product_cat","embeddable":true,"href":"https:\/\/thucpham.com\/vinacom\/wp-json\/wp\/v2\/product_cat?post=10781"},{"taxonomy":"product_tag","embeddable":true,"href":"https:\/\/thucpham.com\/vinacom\/wp-json\/wp\/v2\/product_tag?post=10781"}],"curies":[{"name":"wp","href":"https:\/\/api.w.org\/{rel}","templated":true}]}}