{"id":10746,"date":"2020-07-13T18:58:03","date_gmt":"2020-07-13T18:58:03","guid":{"rendered":"https:\/\/thucpham.com\/?post_type=product&#038;p=10746"},"modified":"2024-03-13T08:45:39","modified_gmt":"2024-03-13T01:45:39","slug":"tu-dong-trung-bay-3-canh-kinh-berjaya","status":"publish","type":"product","link":"https:\/\/thucpham.com\/vinacom\/tu-dong-trung-bay-3-canh-kinh-berjaya\/","title":{"rendered":"T\u1ee7 \u0110\u00f4ng Tr\u01b0ng B\u00e0y 3 C\u00e1nh K\u00ednh Berjaya"},"content":{"rendered":"<p style=\"text-align: justify;\"><span style=\"font-family: helvetica, arial, sans-serif;\"><b><i>T\u1ee7 \u0111\u00f4ng tr\u01b0ng b\u00e0y 3 c\u00e1nh k\u00ednh Berjaya<\/i><\/b><span style=\"font-weight: 400;\"> \u0111\u01b0\u1ee3c thi\u1ebft k\u1ebf d\u1ea1ng \u0111\u1ee9ng sang tr\u1ecdng v\u00e0 hi\u1ec7n \u0111\u1ea1i, ph\u00f9 h\u1ee3p v\u1edbi c\u00e1c si\u00eau th\u1ecb, c\u1eeda h\u00e0ng t\u1ea1p h\u00f3a, nh\u00e0 h\u00e0ng\u2026T\u1ee7 c\u00f3 thi\u1ebft k\u1ebf 3 c\u1eeda k\u00ednh b\u1eb1ng k\u00ednh c\u01b0\u1eddng l\u1ef1c ch\u1eafc ch\u1eafn mang \u0111\u1ebfn kh\u00f4ng gian ch\u1ee9a tho\u1ea3i m\u00e1i, m\u1ed7i c\u1eeda c\u00f3 5 k\u1ec7 ch\u1ee9a <\/span><span style=\"font-weight: 400;\">gi\u00fap b\u1ea1n tho\u1ea3i m\u00e1i ph\u00e2n lo\u1ea1i v\u00e0 tr\u01b0ng b\u00e0y th\u1ef1c ph\u1ea9m, h\u00e0ng h\u00f3a. To\u00e0n b\u1ed9 ph\u1ea7n n\u1ed9i th\u1ea5t v\u00e0 ngo\u1ea1i th\u1ea5t c\u1ee7a s\u1ea3n ph\u1ea9m \u0111\u1ec1u \u0111\u01b0\u1ee3c l\u00e0m b\u1eb1ng ch\u1ea5t li\u1ec7u inox \u0111\u1eb7c bi\u1ec7t, kh\u00f4ng b\u1ecb han g\u1ec9 hay bi\u1ebfn ch\u1ea5t trong m\u1ecdi m\u00f4i tr\u01b0\u1eddng n\u00ean c\u00f3 tu\u1ed5i th\u1ecd cao.&nbsp;<\/span><\/span><\/p>\n<p><img class=\"size-full wp-image-12526 aligncenter\" src=\"https:\/\/thucpham.com\/wp-content\/uploads\/2020\/07\/tu-dong-trung-bay-3-canh-kinh-berjaya-banner.jpg\" alt=\"tu-dong-trung-bay-3-canh-kinh-berjaya\" width=\"820\" height=\"656\" srcset=\"https:\/\/thucpham.com\/vinacom\/wp-content\/uploads\/2020\/07\/tu-dong-trung-bay-3-canh-kinh-berjaya-banner.jpg 820w, https:\/\/thucpham.com\/vinacom\/wp-content\/uploads\/2020\/07\/tu-dong-trung-bay-3-canh-kinh-berjaya-banner-300x240.jpg 300w, https:\/\/thucpham.com\/vinacom\/wp-content\/uploads\/2020\/07\/tu-dong-trung-bay-3-canh-kinh-berjaya-banner-768x614.jpg 768w, https:\/\/thucpham.com\/vinacom\/wp-content\/uploads\/2020\/07\/tu-dong-trung-bay-3-canh-kinh-berjaya-banner-24x19.jpg 24w, https:\/\/thucpham.com\/vinacom\/wp-content\/uploads\/2020\/07\/tu-dong-trung-bay-3-canh-kinh-berjaya-banner-36x29.jpg 36w, https:\/\/thucpham.com\/vinacom\/wp-content\/uploads\/2020\/07\/tu-dong-trung-bay-3-canh-kinh-berjaya-banner-48x38.jpg 48w, https:\/\/thucpham.com\/vinacom\/wp-content\/uploads\/2020\/07\/tu-dong-trung-bay-3-canh-kinh-berjaya-banner-510x408.jpg 510w\" sizes=\"(max-width: 820px) 100vw, 820px\" title=\"\"><\/p>\n<p style=\"text-align: center;\"><em><span style=\"font-family: helvetica, arial, sans-serif;\">Th\u00f4ng tin s\u1ea3n ph\u1ea9m t\u1ee7 \u0111\u00f4ng tr\u01b0ng b\u00e0y 3 c\u00e1nh k\u00ednh Berjaya<\/span><\/em><\/p>\n<p style=\"text-align: justify;\"><span style=\"font-family: helvetica, arial, sans-serif;\"><span style=\"font-weight: 400;\">Ngo\u00e0i ra, t\u1ee7 \u0111\u00f4ng Berjaya 3 c\u00e1nh k\u00ednh c\u00f3 kh\u1ea3 n\u0103ng duy tr\u00ec nhi\u1ec7t \u0111\u1ed9 \u00e2m s\u00e2u \u0111\u1ebfn -14 \u0111\u1ed9 C n\u00ean c\u00f3 th\u1ec3 l\u00e0m l\u1ea1nh nhanh v\u00e0 s\u00e2u, b\u1ea3o qu\u1ea3n th\u1ef1c ph\u1ea9m \u1edf ch\u1ebf \u0111\u1ed9 t\u1ed1t nh\u1ea5t. Th\u00eam v\u00e0o \u0111\u00f3, vi\u1ec7c ki\u1ec3m tra v\u00e0 \u0111i\u1ec1u ch\u1ec9nh nhi\u1ec7t \u0111\u1ed9 c\u1ee7a t\u1ee7 v\u00f4 c\u00f9ng d\u1ec5 d\u00e0ng nh\u1edd c\u00f3 b\u1ed9 \u0111i\u1ec1u khi\u1ec3n nhi\u1ec7t \u0111\u1ed9 k\u1ef9 thu\u1eadt s\u1ed1 hi\u1ec7n \u0111\u1ea1i v\u00e0 m\u00e0n h\u00ecnh LCD. T\u1ee7 c\u00f2n \u0111\u01b0\u1ee3c l\u1eafp \u0111\u1eb7t 4 b\u00e1nh xe ch\u1ecbu l\u1ef1c,&nbsp; ch\u1eafc ch\u1eafn, gi\u00fap b\u1ea1n d\u1ec5 di chuy\u1ec3n v\u1ecb tr\u00ed c\u1ee7a t\u1ee7 m\u00e0 kh\u00f4ng g\u1eb7p kh\u00f3 kh\u0103n n\u00e0o. \u0110\u1eb7c bi\u1ec7t, <\/span><b><i>t\u1ee7 \u0111\u00f4ng tr\u01b0ng b\u00e0y 3 c\u00e1nh k\u00ednh Berjaya<\/i><\/b><span style=\"font-weight: 400;\"> \u1ee9ng d\u1ee5ng c\u00f4ng ngh\u1ec7 <\/span><span style=\"font-weight: 400;\">Cyclo-isopentane v\u00e0 s\u1eed d\u1ee5ng m\u00f4i ch\u1ea5t l\u00e0m l\u1ea1nh R404a, v\u1eeba gi\u1ea3m chi ph\u00ed v\u1eadn h\u00e0nh v\u1eeba th\u00e2n thi\u1ec7n v\u1edbi m\u00f4i tr\u01b0\u1eddng.<\/span><\/span><\/p>\n","protected":false},"excerpt":{"rendered":"<ul>\n<li style=\"font-weight: 400;\"><span style=\"font-weight: 400; font-family: helvetica, arial, sans-serif;\">S\u1ea3n xu\u1ea5t b\u1eb1ng ch\u1ea5t li\u1ec7u inox \u0111\u1eb7c bi\u1ec7t<\/span><\/li>\n<li style=\"font-weight: 400;\"><span style=\"font-weight: 400; font-family: helvetica, arial, sans-serif;\">C\u1eeda t\u1ee7 b\u1eb1ng k\u00ednh c\u01b0\u1eddng l\u1ef1c 2 l\u1edbp h\u00fat ch\u00e2n kh\u00f4ng \u1edf gi\u1eefa<\/span><\/li>\n<li style=\"font-weight: 400;\"><span style=\"font-weight: 400; font-family: helvetica, arial, sans-serif;\">B\u1ed9 \u0111i\u1ec1u khi\u1ec3n nhi\u1ec7t \u0111\u1ed9 k\u1ef9 thu\u1eadt s\u1ed1 hi\u1ec7n \u0111\u1ea1i<\/span><\/li>\n<li style=\"font-weight: 400;\"><span style=\"font-weight: 400; font-family: helvetica, arial, sans-serif;\">Trang b\u1ecb 4 b\u00e1nh xe ch\u1eafc ch\u1eafn, ch\u1ecbu l\u1ef1c t\u1ed1t<\/span><\/li>\n<li style=\"font-weight: 400;\"><span style=\"font-weight: 400; font-family: helvetica, arial, sans-serif;\">M\u00f4i ch\u1ea5t l\u00e0m l\u1ea1nh R404a th\u00e2n thi\u1ec7n v\u1edbi m\u00f4i tr\u01b0\u1eddng<\/span><\/li>\n<li style=\"font-weight: 400;\"><span style=\"font-weight: 400; font-family: helvetica, arial, sans-serif;\">Kh\u1ea3 n\u0103ng l\u00e0m l\u1ea1nh nhanh v\u00e0 s\u00e2u<\/span><\/li>\n<\/ul>\n","protected":false},"featured_media":39177,"comment_status":"open","ping_status":"closed","template":"","meta":[],"product_cat":[244,254,239],"product_tag":[],"_links":{"self":[{"href":"https:\/\/thucpham.com\/vinacom\/wp-json\/wp\/v2\/product\/10746"}],"collection":[{"href":"https:\/\/thucpham.com\/vinacom\/wp-json\/wp\/v2\/product"}],"about":[{"href":"https:\/\/thucpham.com\/vinacom\/wp-json\/wp\/v2\/types\/product"}],"replies":[{"embeddable":true,"href":"https:\/\/thucpham.com\/vinacom\/wp-json\/wp\/v2\/comments?post=10746"}],"wp:featuredmedia":[{"embeddable":true,"href":"https:\/\/thucpham.com\/vinacom\/wp-json\/wp\/v2\/media\/39177"}],"wp:attachment":[{"href":"https:\/\/thucpham.com\/vinacom\/wp-json\/wp\/v2\/media?parent=10746"}],"wp:term":[{"taxonomy":"product_cat","embeddable":true,"href":"https:\/\/thucpham.com\/vinacom\/wp-json\/wp\/v2\/product_cat?post=10746"},{"taxonomy":"product_tag","embeddable":true,"href":"https:\/\/thucpham.com\/vinacom\/wp-json\/wp\/v2\/product_tag?post=10746"}],"curies":[{"name":"wp","href":"https:\/\/api.w.org\/{rel}","templated":true}]}}