{"id":10734,"date":"2020-07-13T18:47:19","date_gmt":"2020-07-13T18:47:19","guid":{"rendered":"https:\/\/thucpham.com\/?post_type=product&#038;p=10734"},"modified":"2021-12-09T13:08:58","modified_gmt":"2021-12-09T06:08:58","slug":"tu-dong-am-sau-unique-fd-240-sf","status":"publish","type":"product","link":"https:\/\/thucpham.com\/vinacom\/tu-dong-am-sau-unique-fd-240-sf\/","title":{"rendered":"T\u1ee7 \u0110\u00f4ng \u00c2m S\u00e2u Unique FD-240-SF"},"content":{"rendered":"<p style=\"text-align: justify\"><span style=\"font-family: helvetica, arial, sans-serif\"><span style=\"font-weight: 400\">T\u1ee7 \u0111\u00f4ng l\u00e0 m\u1ed9t trong nh\u1eefng thi\u1ebft b\u1ecb quan tr\u1ecdng v\u00e0 kh\u00f4ng th\u1ec3 thi\u1ebfu t\u1ea1i c\u00e1c gian b\u1ebfp kh\u00e1ch s\u1ea1n v\u00e0 nh\u00e0 h\u00e0ng. Trong \u0111\u00f3, <\/span><b><i>t\u1ee7 <\/i><\/b><b><i>\u0111\u00f4ng \u00e2m s\u00e2u Unique FD-240-SF<\/i><\/b><span style=\"font-weight: 400\"> l\u00e0 d\u00f2ng s\u1ea3n ph\u1ea9m t\u1ee7 \u0111\u00f4ng \u0111ang \u0111\u01b0\u1ee3c \u01b0a chu\u1ed9ng t\u1ea1i Vi\u1ec7t nam. Chi\u1ebfc t\u1ee7 c\u00f3 <\/span><span style=\"font-weight: 400\">dung t\u00edch 200L v\u1edbi kh\u1ea3 n\u0103ng l\u00e0m l\u1ea1nh \u1edf nhi\u1ec7t \u0111\u1ed9 -52\u00b0C, chuy\u00ean d\u00f9ng d\u00f9ng \u0111\u1ec3 l\u01b0u tr\u1eef, b\u1ea3o qu\u1ea3n, v\u00e0 c\u1ea5p \u0111\u00f4ng th\u1ef1c ph\u1ea9m \u1edf nhi\u1ec7t l\u1ea1nh s\u00e2u t\u1ed1t nh\u1ea5t.&nbsp;<\/span><\/span><\/p>\n<p><img class=\"size-full wp-image-12535 aligncenter\" src=\"https:\/\/thucpham.com\/wp-content\/uploads\/2020\/07\/tu-dong-am-sau-unique-fd-240-sf-banner.jpg\" alt=\"tu-dong-am-sau-unique-fd-240-sf\" width=\"820\" height=\"656\" srcset=\"https:\/\/thucpham.com\/vinacom\/wp-content\/uploads\/2020\/07\/tu-dong-am-sau-unique-fd-240-sf-banner.jpg 820w, https:\/\/thucpham.com\/vinacom\/wp-content\/uploads\/2020\/07\/tu-dong-am-sau-unique-fd-240-sf-banner-300x240.jpg 300w, https:\/\/thucpham.com\/vinacom\/wp-content\/uploads\/2020\/07\/tu-dong-am-sau-unique-fd-240-sf-banner-768x614.jpg 768w, https:\/\/thucpham.com\/vinacom\/wp-content\/uploads\/2020\/07\/tu-dong-am-sau-unique-fd-240-sf-banner-24x19.jpg 24w, https:\/\/thucpham.com\/vinacom\/wp-content\/uploads\/2020\/07\/tu-dong-am-sau-unique-fd-240-sf-banner-36x29.jpg 36w, https:\/\/thucpham.com\/vinacom\/wp-content\/uploads\/2020\/07\/tu-dong-am-sau-unique-fd-240-sf-banner-48x38.jpg 48w, https:\/\/thucpham.com\/vinacom\/wp-content\/uploads\/2020\/07\/tu-dong-am-sau-unique-fd-240-sf-banner-510x408.jpg 510w\" sizes=\"(max-width: 820px) 100vw, 820px\" title=\"\"><\/p>\n<p style=\"text-align: center\"><em><span style=\"font-family: helvetica, arial, sans-serif\">Th\u00f4ng tin s\u1ea3n ph\u1ea9m t\u1ee7 \u0111\u00f4ng \u00e2m s\u00e2u Unique FD-240-SF<\/span><\/em><\/p>\n<p style=\"text-align: justify\"><span style=\"font-family: helvetica, arial, sans-serif\"><span style=\"font-weight: 400\">Th\u1ebf m\u1ea1nh h\u00e0ng \u0111\u1ea7u c\u1ee7a <\/span><b><i>t\u1ee7 \u0111\u00f4ng <\/i><\/b><b><i>\u00e2m s\u00e2u Unique FD-240-SF <\/i><\/b><span style=\"font-weight: 400\">ch\u00ednh l\u00e0 2 ch\u1ebf \u0111\u1ed9 l\u00e0m l\u1ea1nh cao c\u1ea5p v\u00e0 chuy\u00ean nghi\u1ec7p. \u0110\u1ea7u ti\u00ean l\u00e0 ch\u1ebf \u0111\u1ed9 l\u00e0m l\u1ea1nh tr\u1ef1c ti\u1ebfp v\u1edbi cu\u1ed9n l\u00e0m m\u00e1t \u0111\u01b0\u1ee3c thi\u1ebft k\u1ebf tr\u1ef1c ti\u1ebfp t\u00edch h\u1ee3p l\u00ean c\u00e1c th\u00e0nh t\u1ee7. Th\u1ee9 hai l\u00e0 ch\u1ebf \u0111\u1ed9 l\u00e0m l\u1ea1nh gi\u00e1n ti\u1ebfp b\u1eb1ng kh\u00f4ng kh\u00ed l\u1ea1nh \u0111\u01b0\u1ee3c phun ra t\u1eeb m\u00e1y l\u00e0m m\u00e1t t\u1edbi qu\u1ea1t. Ngo\u00e0i ra, s\u1ea3n ph\u1ea9m n\u00e0y c\u00f2n \u1ee9ng d\u1ee5ng c\u00f4ng ngh\u1ec7 l\u00e0m l\u1ea1nh Polyurethane h\u00e0ng \u0111\u1ea7u, gi\u00fap h\u01a1i l\u1ea1nh ng\u1ea5m s\u00e2u v\u00e0o trong th\u1ef1c ph\u1ea9m \u0111\u1ec3 duy tr\u00ec \u0111\u1ed9 t\u01b0\u01a1i ngon. <\/span><span style=\"font-weight: 400\">&nbsp;T\u1ee7 Unique FD-240-SF c\u00f2n <\/span><span style=\"font-weight: 400\">\u0111\u01b0\u1ee3c trang b\u1ecb m\u00e0n h\u00ecnh LCD k\u1ef9 thu\u1eadt s\u1ed1, hi\u1ec3n th\u1ecb c\u00e1c th\u00f4ng s\u1ed1 r\u00f5 r\u00e0ng, cho ph\u00e9p b\u1ea1n \u0111i\u1ec1u ch\u1ec9nh ho\u1eb7c gi\u00e1m s\u00e1t thi\u1ebft b\u1ecb d\u1ec5 d\u00e0ng. H\u01a1n n\u1eefa, t\u1ee7 \u0111\u00f4ng c\u00f2n \u0111\u01b0\u1ee3c l\u1eafp \u0111\u1eb7t 4 b\u00e1nh xe xoay ti\u1ec7n l\u1ee3i c\u00f3 ch\u1ed1t kh\u00f3a, gi\u00fap cho vi\u1ec7c di chuy\u1ec3n kh\u00f4ng qu\u00e1 kh\u00f3 kh\u0103n.&nbsp;<\/span><\/span><\/p>\n","protected":false},"excerpt":{"rendered":"<ul>\n<li style=\"font-weight: 400\"><span style=\"font-weight: 400;font-family: helvetica, arial, sans-serif\">L\u00e0m l\u1ea1nh gi\u00e1n ti\u1ebfp b\u1eb1ng kh\u00f4ng kh\u00ed l\u1ea1nh<\/span><\/li>\n<li style=\"font-weight: 400\"><span style=\"font-weight: 400;font-family: helvetica, arial, sans-serif\">L\u00e0m l\u1ea1nh tr\u1ef1c ti\u1ebfp b\u1eb1ng cu\u1ed9n l\u00e0m m\u00e1t<\/span><\/li>\n<li style=\"font-weight: 400\"><span style=\"font-weight: 400;font-family: helvetica, arial, sans-serif\">\u1ee8ng d\u1ee5ng c\u00f4ng ngh\u1ec7 l\u00e0m l\u1ea1nh Polyurethane hi\u1ec7n \u0111\u1ea1i<\/span><\/li>\n<li style=\"font-weight: 400\"><span style=\"font-weight: 400;font-family: helvetica, arial, sans-serif\">Trang b\u1ecb 4 b\u00e1nh xe xoay ti\u1ec7n l\u1ee3i c\u00f3 ch\u1ed1t kh\u00f3a<\/span><\/li>\n<li style=\"font-weight: 400\"><span style=\"font-weight: 400;font-family: helvetica, arial, sans-serif\">Ti\u1ebft ki\u1ec7m \u0111i\u1ec7n, th\u00e2n thi\u1ec7n v\u1edbi m\u00f4i tr\u01b0\u1eddng<\/span><\/li>\n<\/ul>\n","protected":false},"featured_media":39043,"comment_status":"open","ping_status":"closed","template":"","meta":[],"product_cat":[239,254],"product_tag":[],"_links":{"self":[{"href":"https:\/\/thucpham.com\/vinacom\/wp-json\/wp\/v2\/product\/10734"}],"collection":[{"href":"https:\/\/thucpham.com\/vinacom\/wp-json\/wp\/v2\/product"}],"about":[{"href":"https:\/\/thucpham.com\/vinacom\/wp-json\/wp\/v2\/types\/product"}],"replies":[{"embeddable":true,"href":"https:\/\/thucpham.com\/vinacom\/wp-json\/wp\/v2\/comments?post=10734"}],"wp:featuredmedia":[{"embeddable":true,"href":"https:\/\/thucpham.com\/vinacom\/wp-json\/wp\/v2\/media\/39043"}],"wp:attachment":[{"href":"https:\/\/thucpham.com\/vinacom\/wp-json\/wp\/v2\/media?parent=10734"}],"wp:term":[{"taxonomy":"product_cat","embeddable":true,"href":"https:\/\/thucpham.com\/vinacom\/wp-json\/wp\/v2\/product_cat?post=10734"},{"taxonomy":"product_tag","embeddable":true,"href":"https:\/\/thucpham.com\/vinacom\/wp-json\/wp\/v2\/product_tag?post=10734"}],"curies":[{"name":"wp","href":"https:\/\/api.w.org\/{rel}","templated":true}]}}