{"id":10725,"date":"2020-07-13T18:38:55","date_gmt":"2020-07-13T18:38:55","guid":{"rendered":"https:\/\/thucpham.com\/?post_type=product&#038;p=10725"},"modified":"2021-12-09T11:42:40","modified_gmt":"2021-12-09T04:42:40","slug":"tu-dong-1-canh-kinh-dung-450l-alaska","status":"publish","type":"product","link":"https:\/\/thucpham.com\/vinacom\/tu-dong-1-canh-kinh-dung-450l-alaska\/","title":{"rendered":"T\u1ee7 \u0110\u00f4ng 1 C\u00e1nh K\u00ednh \u0110\u1ee9ng 450L Alaska"},"content":{"rendered":"<p style=\"text-align: justify\"><span style=\"font-family: helvetica, arial, sans-serif\"><b><i>T\u1ee7 \u0111\u00f4ng 1 c\u00e1nh k\u00ednh \u0111\u1ee9ng 450L Alaska <\/i><\/b><b><i>FC-45G<\/i><\/b><span style=\"font-weight: 400\"> c\u00f3 thi\u1ebft k\u1ebf hi\u1ec7n \u0111\u1ea1i v\u00e0 \u0111\u1ea1t ti\u00eau chu\u1ea9n Ch\u00e2u \u00c2u, ki\u1ec3u d\u00e1ng sang tr\u1ecdng, m\u1eb7t n\u1ea1 m\u00e0u v\u00e0ng \u0111\u1ed3ng, s\u1ebd l\u00e0m cho kh\u00f4ng gian c\u1eeda h\u00e0ng, nh\u00e0 h\u00e0ng c\u1ee7a b\u1ea1n tr\u1edf n\u00ean n\u1ed5i b\u1eadt, thu h\u00fat \u00e1nh nh\u00ecn c\u1ee7a kh\u00e1ch h\u00e0ng. T\u1ee7 c\u00f3 thi\u1ebft k\u1ebf 5 ng\u0103n r\u1ed9ng r\u00e3i, 4 gi\u00e1 \u0111\u1ec3 \u0111\u1ed3 v\u00e0 dung t\u00edch 450L, gi\u00fap b\u1ea1n l\u01b0u tr\u1eef v\u00e0 b\u1ea3o qu\u1ea3n \u0111\u01b0\u1ee3c nhi\u1ec1u th\u1ef1c ph\u1ea9m.&nbsp;<\/span><\/span><\/p>\n<p><img class=\"size-full wp-image-12497 aligncenter\" src=\"https:\/\/thucpham.com\/wp-content\/uploads\/2020\/07\/tu-dong-1-canh-kinh-dung-450l-alsaka-banner.jpg\" alt=\"tu-dong-1-canh-kinh-dung-450l-alsaka\" width=\"820\" height=\"656\" srcset=\"https:\/\/thucpham.com\/vinacom\/wp-content\/uploads\/2020\/07\/tu-dong-1-canh-kinh-dung-450l-alsaka-banner.jpg 820w, https:\/\/thucpham.com\/vinacom\/wp-content\/uploads\/2020\/07\/tu-dong-1-canh-kinh-dung-450l-alsaka-banner-300x240.jpg 300w, https:\/\/thucpham.com\/vinacom\/wp-content\/uploads\/2020\/07\/tu-dong-1-canh-kinh-dung-450l-alsaka-banner-768x614.jpg 768w, https:\/\/thucpham.com\/vinacom\/wp-content\/uploads\/2020\/07\/tu-dong-1-canh-kinh-dung-450l-alsaka-banner-24x19.jpg 24w, https:\/\/thucpham.com\/vinacom\/wp-content\/uploads\/2020\/07\/tu-dong-1-canh-kinh-dung-450l-alsaka-banner-36x29.jpg 36w, https:\/\/thucpham.com\/vinacom\/wp-content\/uploads\/2020\/07\/tu-dong-1-canh-kinh-dung-450l-alsaka-banner-48x38.jpg 48w, https:\/\/thucpham.com\/vinacom\/wp-content\/uploads\/2020\/07\/tu-dong-1-canh-kinh-dung-450l-alsaka-banner-510x408.jpg 510w\" sizes=\"(max-width: 820px) 100vw, 820px\" title=\"\"><\/p>\n<p style=\"text-align: center\"><span style=\"font-family: helvetica, arial, sans-serif\"><em>Th\u00f4ng tin s\u1ea3n ph\u1ea9m t\u1ee7 \u0111\u00f4ng 1 c\u00e1nh k\u00ednh \u0111\u1ee9ng 450L Alaska FC-45G<\/em><\/span><\/p>\n<p style=\"text-align: justify\"><span style=\"font-family: helvetica, arial, sans-serif\"><b><i>T\u1ee7 \u0111\u00f4ng 1 c\u00e1nh k\u00ednh \u0111\u1ee9ng 450L Alaska <\/i><\/b><b><i>FC-45G<\/i><\/b><span style=\"font-weight: 400\"> s\u1eed d\u1ee5ng d\u00e0n l\u1ea1nh \u1ed1ng \u0111\u1ed3ng cho hi\u1ec7u qu\u1ea3 l\u00e0m l\u1ea1nh nhanh v\u00e0 s\u00e2u h\u01a1n so v\u1edbi d\u00e0n l\u1ea1nh b\u1eb1ng nh\u00f4m. Th\u00eam v\u00e0o \u0111\u00f3, t\u1ee7 c\u00f2n \u0111\u01b0\u1ee3c trang b\u1ecb qu\u1ea1t l\u1ed3ng s\u00f3c, \u0111\u1ea3m b\u1ea3o \u0111\u1ed9 l\u1ea1nh \u0111\u01b0\u1ee3c lan t\u1ecfa kh\u1eafp c\u00e1c ng\u00f5 ng\u00e1ch b\u00ean trong t\u1ee7, l\u00e0m l\u1ea1nh nhanh h\u01a1n v\u00e0 kh\u00f4ng b\u1ecb \u0111\u1ecdng s\u01b0\u01a1ng.&nbsp; \u0110\u1eb7c bi\u1ec7t, thi\u1ebft b\u1ecb s\u1eed d\u1ee5ng gas R290, v\u1eeba th\u00e2n thi\u1ec7n v\u1edbi m\u00f4i tr\u01b0\u1eddng v\u1eeba an to\u00e0n cho ng\u01b0\u1eddi d\u00f9ng. B\u00ean c\u1ea1nh \u0111\u00f3, t\u1ee7 Alaska <\/span><span style=\"font-weight: 400\">Alaska <\/span><span style=\"font-weight: 400\">FC-45G c\u00f3 c\u1eeda k\u00ednh 3 l\u1edbp theo c\u00f4ng ngh\u1ec7 Low-E k\u1ebft h\u1ee3p v\u1edbi&nbsp; h\u1ec7 th\u1ed1ng \u0111\u00e8n LED, \u0111\u1ea3m b\u1ea3o d\u1ec5 d\u00e0ng nh\u00ecn th\u1ea5y nh\u1eefng th\u1ef1c ph\u1ea9m b\u00ean trong t\u1ee7 khi s\u1eed d\u1ee5ng \u1edf v\u1ecb tr\u00ed thi\u1ebfu \u00e1nh s\u00e1ng. H\u01a1n n\u1eefa, s\u1ea3n ph\u1ea9m c\u00f2n trang b\u1ecb m\u00e1y n\u00e9n \u0111\u1ebfn t\u1eeb th\u01b0\u01a1ng hi\u1ec7u Danfoss \u2013 \u0110an M\u1ea1ch cho kh\u1ea3 n\u0103ng v\u1eadn h\u00e0nh c\u1ef1c \u00eam \u00e1i, kh\u00f4ng g\u00e2y ti\u1ebfng \u1ed3n g\u00e2y \u1ea3nh h\u01b0\u1edfng \u0111\u1ebfn kh\u00f4ng gian xung quanh.<\/span><\/span><\/p>\n","protected":false},"excerpt":{"rendered":"<ul>\n<li style=\"font-weight: 400\"><span style=\"font-weight: 400;font-family: helvetica, arial, sans-serif\">Thi\u1ebft k\u1ebf hi\u1ec7n \u0111\u1ea1i, trang nh\u00e3<\/span><\/li>\n<li style=\"font-weight: 400\"><span style=\"font-weight: 400;font-family: helvetica, arial, sans-serif\">V\u1eadn h\u00e0nh \u1ed5n \u0111\u1ecbnh, \u00edt h\u1ecfng h\u00f3c<\/span><\/li>\n<li><span style=\"font-weight: 400;font-family: helvetica, arial, sans-serif\">S\u1eed d\u1ee5ng m\u00e1y n\u00e9n Danfoss \u2013 \u0110an M\u1ea1ch<\/span><\/li>\n<li><span style=\"font-weight: 400;font-family: helvetica, arial, sans-serif\">M\u1eb7t k\u00ednh 3 l\u1edbp ch\u1ecbu l\u1ef1c s\u00e1ng r\u00f5<\/span><\/li>\n<li><span style=\"font-weight: 400;font-family: helvetica, arial, sans-serif\">Thi\u1ebft k\u1ebf 5 ng\u0103n r\u1ed9ng r\u00e3i ti\u1ec7n l\u1ee3i khi x\u1ebfp \u0111\u1ed3<\/span><\/li>\n<li style=\"font-weight: 400\"><span style=\"font-weight: 400;font-family: helvetica, arial, sans-serif\">D\u00e0n l\u1ea1nh \u1ed1ng \u0111\u1ed3ng cho kh\u1ea3 n\u0103ng l\u00e0m l\u1ea1nh nhanh<\/span><\/li>\n<\/ul>\n","protected":false},"featured_media":39001,"comment_status":"open","ping_status":"closed","template":"","meta":[],"product_cat":[239,254],"product_tag":[],"_links":{"self":[{"href":"https:\/\/thucpham.com\/vinacom\/wp-json\/wp\/v2\/product\/10725"}],"collection":[{"href":"https:\/\/thucpham.com\/vinacom\/wp-json\/wp\/v2\/product"}],"about":[{"href":"https:\/\/thucpham.com\/vinacom\/wp-json\/wp\/v2\/types\/product"}],"replies":[{"embeddable":true,"href":"https:\/\/thucpham.com\/vinacom\/wp-json\/wp\/v2\/comments?post=10725"}],"wp:featuredmedia":[{"embeddable":true,"href":"https:\/\/thucpham.com\/vinacom\/wp-json\/wp\/v2\/media\/39001"}],"wp:attachment":[{"href":"https:\/\/thucpham.com\/vinacom\/wp-json\/wp\/v2\/media?parent=10725"}],"wp:term":[{"taxonomy":"product_cat","embeddable":true,"href":"https:\/\/thucpham.com\/vinacom\/wp-json\/wp\/v2\/product_cat?post=10725"},{"taxonomy":"product_tag","embeddable":true,"href":"https:\/\/thucpham.com\/vinacom\/wp-json\/wp\/v2\/product_tag?post=10725"}],"curies":[{"name":"wp","href":"https:\/\/api.w.org\/{rel}","templated":true}]}}