{"id":10722,"date":"2020-07-13T18:35:19","date_gmt":"2020-07-13T18:35:19","guid":{"rendered":"https:\/\/thucpham.com\/?post_type=product&#038;p=10722"},"modified":"2021-12-09T13:27:05","modified_gmt":"2021-12-09T06:27:05","slug":"tu-nua-dong-nua-mat-4-canh-duc-minh","status":"publish","type":"product","link":"https:\/\/thucpham.com\/vinacom\/tu-nua-dong-nua-mat-4-canh-duc-minh\/","title":{"rendered":"T\u1ee7 N\u1eeda \u0110\u00f4ng N\u1eeda M\u00e1t 4 C\u00e1nh \u0110\u1ee9c Minh"},"content":{"rendered":"<p style=\"text-align: justify\"><span style=\"font-family: helvetica, arial, sans-serif\"><b><i>T\u1ee7 n\u1eeda \u0111\u00f4ng n\u1eeda m\u00e1t 4 c\u00e1nh \u0110\u1ee9c Minh <\/i><\/b><b><i>DM1100-4I<\/i><\/b><span style=\"font-weight: 400\"> s\u1edf h\u1eefu dung t\u00edch t\u1ee7 l\u1edbn l\u00ean \u0111\u1ebfn 1100L c\u00f3 ch\u1ee9c n\u0103ng b\u1ea3o qu\u1ea3n m\u00e1t v\u00e0 b\u1ea3o qu\u1ea3n l\u1ea1nh th\u1ef1c ph\u1ea9m, ph\u00f9 h\u1ee3p v\u1edbi c\u00e1c kh\u00e1ch s\u1ea1n v\u00e0 nh\u00e0 h\u00e0ng. Chi\u1ebfc t\u1ee7 n\u00e0y \u0111\u01b0\u1ee3c b\u1ed1 tr\u00ed khoa h\u1ecdc, ti\u1ec7n l\u1ee3i v\u1edbi 2 t\u1ea7ng v\u00e0 4 c\u00e1nh m\u1edf t\u00e1ch bi\u1ec7t, cho ph\u00e9p b\u1ea1n ph\u00e2n lo\u1ea1i v\u00e0 s\u1eafp x\u1ebfp th\u1ef1c ph\u1ea9m m\u1ed9t c\u00e1ch ng\u0103n n\u1eafp. S\u1ea3n ph\u1ea9m \u0111\u01b0\u1ee3c thi\u1ebft k\u1ebf vu\u00f4ng v\u1eafn, g\u1ecdn g\u00e0ng n\u00ean thu\u1eadn ti\u1ec7n \u0111\u1ec3 l\u1eafp \u0111\u1eb7t \u1edf nhi\u1ec1u di\u1ec7n t\u00edch, quy m\u00f4 b\u1ebfp.&nbsp;<\/span><\/span><\/p>\n<p><img class=\"size-full wp-image-12540 aligncenter\" src=\"https:\/\/thucpham.com\/wp-content\/uploads\/2020\/07\/tu-nua-dong-nua-mat-4-canh-Duc-Minh-DM1100-4I-banner.jpg\" alt=\"tu-nua-dong-nua-mat-4-canh-Duc-Minh-DM1100-4I\" width=\"820\" height=\"656\" srcset=\"https:\/\/thucpham.com\/vinacom\/wp-content\/uploads\/2020\/07\/tu-nua-dong-nua-mat-4-canh-Duc-Minh-DM1100-4I-banner.jpg 820w, https:\/\/thucpham.com\/vinacom\/wp-content\/uploads\/2020\/07\/tu-nua-dong-nua-mat-4-canh-Duc-Minh-DM1100-4I-banner-300x240.jpg 300w, https:\/\/thucpham.com\/vinacom\/wp-content\/uploads\/2020\/07\/tu-nua-dong-nua-mat-4-canh-Duc-Minh-DM1100-4I-banner-768x614.jpg 768w, https:\/\/thucpham.com\/vinacom\/wp-content\/uploads\/2020\/07\/tu-nua-dong-nua-mat-4-canh-Duc-Minh-DM1100-4I-banner-24x19.jpg 24w, https:\/\/thucpham.com\/vinacom\/wp-content\/uploads\/2020\/07\/tu-nua-dong-nua-mat-4-canh-Duc-Minh-DM1100-4I-banner-36x29.jpg 36w, https:\/\/thucpham.com\/vinacom\/wp-content\/uploads\/2020\/07\/tu-nua-dong-nua-mat-4-canh-Duc-Minh-DM1100-4I-banner-48x38.jpg 48w, https:\/\/thucpham.com\/vinacom\/wp-content\/uploads\/2020\/07\/tu-nua-dong-nua-mat-4-canh-Duc-Minh-DM1100-4I-banner-510x408.jpg 510w\" sizes=\"(max-width: 820px) 100vw, 820px\" title=\"\"><\/p>\n<p style=\"text-align: center\"><span style=\"font-family: helvetica, arial, sans-serif\"><em>Th\u00f4ng tin s\u1ea3n ph\u1ea9m t\u1ee7 n\u1eeda \u0111\u00f4ng n\u1eeda m\u00e1t 4 c\u00e1nh \u0110\u1ee9c Minh DM1100-4I<\/em><\/span><\/p>\n<p style=\"text-align: justify\"><span style=\"font-family: helvetica, arial, sans-serif\"><span style=\"font-weight: 400\">To\u00e0n b\u1ed9 ph\u1ea7n v\u1ecf ngo\u00e0i c\u1ee7a thi\u1ebft b\u1ecb \u0111\u01b0\u1ee3c s\u1ea3n xu\u1ea5t b\u1eb1ng inox 430 cao c\u1ea5p, c\u00f3 kh\u1ea3 n\u0103ng c\u00e1ch nhi\u1ec7t t\u1ed1t \u0111\u1ed3ng th\u1eddi t\u0103ng kh\u1ea3 n\u0103ng l\u00e0m l\u1ea1nh. Ch\u1ea5t li\u1ec7u n\u00e0y \u00edt b\u1ecb hoen g\u1ec9 hay \u0103n m\u00f2n trong m\u1ecdi \u0111i\u1ec1u ki\u1ec7n m\u00f4i tr\u01b0\u1eddng, t\u0103ng tu\u1ed5i th\u1ecd s\u1eed d\u1ee5ng cho s\u1ea3n ph\u1ea9m. H\u01a1n n\u1eefa, nh\u1edd h\u1ec7 th\u1ed1ng qu\u1ea1t gi\u00f3 b\u00ean trong t\u1ee7 gi\u00fap duy tr\u00ec nhi\u1ec7t \u0111\u1ed9 \u0111\u1ed3ng \u0111\u1ec1u v\u00e0 c\u00e1c nan gi\u00e1 b\u1eb1ng inox ch\u1ecbu l\u1ef1c t\u1ed1t, \u0111\u1ea3m b\u1ea3o th\u1ef1c ph\u1ea9m \u0111\u01b0\u1ee3c b\u1ea3o qu\u1ea3n \u1edf ch\u1ebf \u0111\u1ed9 t\u1ed1t nh\u1ea5t. Ngo\u00e0i ra, <\/span><b><i>t\u1ee7 n\u1eeda \u0111\u00f4ng n\u1eeda m\u00e1t 4 c\u00e1nh \u0110\u1ee9c Minh <\/i><\/b><b><i>DM1100-4I<\/i><\/b><span style=\"font-weight: 400\"> \u0111\u01b0\u1ee3c trang b\u1ecb b\u1ed9 \u0111i\u1ec1u khi\u1ec3n nhi\u1ec7t \u0111\u1ed9 k\u1ef9 thu\u1eadt s\u1ed1, hi\u1ec3n th\u1ecb nhi\u1ec7t \u0111\u1ed9 b\u1eb1ng LCD, cho ph\u00e9p b\u1ea1n d\u1ec5 d\u00e0ng ki\u1ec3m so\u00e1t nhi\u1ec7t \u0111\u1ed9 b\u00ean trong t\u1ee7. Ch\u00e2n t\u1ee7 \u0111\u01b0\u1ee3c l\u1eafp \u0111\u1eb7t h\u1ec7 th\u1ed1ng b\u00e1nh xe gi\u00fap di chuy\u1ec3n d\u1ec5 d\u00e0ng \u0111\u1ed3ng th\u1eddi c\u00f3 ch\u00e2n \u0111\u1ecbnh v\u1ecb \u0111\u1ec3 t\u0103ng ch\u1ec9nh cao th\u1ea5p \u0111\u1ec3 t\u1ee7 lu\u00f4n c\u00e2n b\u1eb1ng.<\/span><\/span><\/p>\n","protected":false},"excerpt":{"rendered":"<ul>\n<li style=\"font-weight: 400\"><span style=\"font-weight: 400;font-family: helvetica, arial, sans-serif\">H\u1ec7 th\u1ed1ng c\u1ea5p \u0111\u00f4ng hi\u1ec7n \u0111\u1ea1i, th\u00f4ng minh<\/span><\/li>\n<li style=\"font-weight: 400\"><span style=\"font-weight: 400;font-family: helvetica, arial, sans-serif\">Ph\u1ea7n v\u1ecf ngo\u00e0i l\u00e0m b\u1eb1ng inox 430 c\u00e1ch nhi\u1ec7t t\u1ed1t<\/span><\/li>\n<li style=\"font-weight: 400\"><span style=\"font-weight: 400;font-family: helvetica, arial, sans-serif\">Trang b\u1ecb r\u01a1-le t\u1ef1 ng\u1eaft khi nhi\u1ec7t \u0111\u1ed9 \u0111\u1ea1t m\u1ee9c c\u00e0i \u0111\u1eb7t<\/span><\/li>\n<li style=\"font-weight: 400\"><span style=\"font-weight: 400;font-family: helvetica, arial, sans-serif\">Ch\u1ea5t l\u00e0m l\u1ea1nh R134A an to\u00e0n v\u1ec7 sinh<\/span><\/li>\n<li style=\"font-weight: 400\"><span style=\"font-weight: 400;font-family: helvetica, arial, sans-serif\">B\u1ed9 \u0111i\u1ec1u khi\u1ec3n b\u1eb1ng k\u1ef9 thu\u1eadt s\u1ed1 d\u1ec5 d\u00e0ng \u0111i\u1ec1u ch\u1ec9nh<\/span><\/li>\n<li style=\"font-weight: 400\"><span style=\"font-weight: 400;font-family: helvetica, arial, sans-serif\">H\u00e0ng Vi\u1ec7t Nam ch\u1ea5t l\u01b0\u1ee3ng cao<\/span><\/li>\n<\/ul>\n","protected":false},"featured_media":39058,"comment_status":"open","ping_status":"closed","template":"","meta":[],"product_cat":[242,254,239,240],"product_tag":[],"_links":{"self":[{"href":"https:\/\/thucpham.com\/vinacom\/wp-json\/wp\/v2\/product\/10722"}],"collection":[{"href":"https:\/\/thucpham.com\/vinacom\/wp-json\/wp\/v2\/product"}],"about":[{"href":"https:\/\/thucpham.com\/vinacom\/wp-json\/wp\/v2\/types\/product"}],"replies":[{"embeddable":true,"href":"https:\/\/thucpham.com\/vinacom\/wp-json\/wp\/v2\/comments?post=10722"}],"wp:featuredmedia":[{"embeddable":true,"href":"https:\/\/thucpham.com\/vinacom\/wp-json\/wp\/v2\/media\/39058"}],"wp:attachment":[{"href":"https:\/\/thucpham.com\/vinacom\/wp-json\/wp\/v2\/media?parent=10722"}],"wp:term":[{"taxonomy":"product_cat","embeddable":true,"href":"https:\/\/thucpham.com\/vinacom\/wp-json\/wp\/v2\/product_cat?post=10722"},{"taxonomy":"product_tag","embeddable":true,"href":"https:\/\/thucpham.com\/vinacom\/wp-json\/wp\/v2\/product_tag?post=10722"}],"curies":[{"name":"wp","href":"https:\/\/api.w.org\/{rel}","templated":true}]}}