{"id":10701,"date":"2020-07-13T18:14:51","date_gmt":"2020-07-13T18:14:51","guid":{"rendered":"https:\/\/thucpham.com\/?post_type=product&#038;p=10701"},"modified":"2025-03-12T12:06:32","modified_gmt":"2025-03-12T05:06:32","slug":"may-pos-ban-hang-shangchen","status":"publish","type":"product","link":"https:\/\/thucpham.com\/vinacom\/may-pos-ban-hang-shangchen\/","title":{"rendered":"M\u00e1y Pos B\u00e1n H\u00e0ng Shangchen"},"content":{"rendered":"<p style=\"text-align: justify\"><span style=\"font-family: helvetica, arial, sans-serif\"><a href=\"https:\/\/barcodejp.com\/may-ban-hang-pos\" rel=\"nofollow noopener\" target=\"_blank\"><b><i>M\u00e1y Pos b\u00e1n h\u00e0ng<\/i><\/b><\/a><b><i> Shangchen SC-110A<\/i><\/b><span style=\"font-weight: 400\"> \u00e1p d\u1ee5ng nhi\u1ec1u c\u00f4ng ngh\u1ec7 ti\u00ean ti\u1ebfn, \u0111\u01b0\u1ee3c nh\u1eadp kh\u1ea9u ch\u00ednh h\u00e3ng v\u1edbi ch\u1ea5t l\u01b0\u1ee3ng t\u1ed1t nh\u1ea5t. \u0110\u00e2y l\u00e0 m\u1ed9t thi\u1ebft b\u1ecb h\u1ed7 tr\u1ee3 \u0111\u1eafc l\u1ef1c t\u1ea1i c\u1eeda h\u00e0ng b\u00e1n l\u1ebb, si\u00eau th\u1ecb, h\u1ed7 tr\u1ee3 nh\u00e2n vi\u00ean t\u1ea1i qu\u1ea7y thu ng\u00e2n qu\u1ea3n l\u00fd h\u00e0ng h\u00f3a d\u1ec5 d\u00e0ng v\u00e0 ti\u1ebft ki\u1ec7m th\u1eddi gian h\u01a1n. M\u00e1y Shangchen c\u00f3 thi\u1ebft k\u1ebf 2 m\u00e0n h\u00ecnh LED ch\u00ednh v\u00e0 ph\u1ee5 15 inch \u1ee9ng d\u1ee5ng c\u00f4ng ngh\u1ec7 c\u1ea3m \u1ee9ng \u0111i\u1ec7n rung gi\u00fap ng\u01b0\u1eddi d\u00f9ng thao t\u00e1c tr\u1ef1c ti\u1ebfp nhanh ch\u00f3ng tr\u00ean m\u00e1y m\u00e0 kh\u00f4ng c\u1ea7n d\u00f9ng b\u00e0n ph\u00edm. H\u01a1n n\u1eefa, \u0111\u1ed9 ph\u00e2n gi\u1ea3i l\u00ean \u0111\u1ebfn 1024\u00d7768 pixel \u0111em l\u1ea1i h\u00ecnh \u1ea3nh s\u1eafc n\u00e9t v\u00e0 r\u00f5 r\u00e0ng. Nh\u1edd v\u1eady m\u00e0 qu\u00e1 tr\u00ecnh thanh to\u00e1n tr\u1edf n\u00ean thu\u1eadn ti\u1ec7n, nhanh g\u1ecdn v\u00e0 chuy\u00ean nghi\u1ec7p h\u01a1n trong m\u1eaft kh\u00e1ch h\u00e0ng.&nbsp;<\/span><\/span><\/p>\n<p><img class=\"size-full wp-image-12559 aligncenter\" src=\"https:\/\/thucpham.com\/wp-content\/uploads\/2020\/07\/may-pos-ban-hang-shangchen-sc-110a-banner.jpg\" alt=\"may-pos-ban-hang-shangchen-sc-110a\" width=\"820\" height=\"656\" srcset=\"https:\/\/thucpham.com\/vinacom\/wp-content\/uploads\/2020\/07\/may-pos-ban-hang-shangchen-sc-110a-banner.jpg 820w, https:\/\/thucpham.com\/vinacom\/wp-content\/uploads\/2020\/07\/may-pos-ban-hang-shangchen-sc-110a-banner-300x240.jpg 300w, https:\/\/thucpham.com\/vinacom\/wp-content\/uploads\/2020\/07\/may-pos-ban-hang-shangchen-sc-110a-banner-768x614.jpg 768w, https:\/\/thucpham.com\/vinacom\/wp-content\/uploads\/2020\/07\/may-pos-ban-hang-shangchen-sc-110a-banner-24x19.jpg 24w, https:\/\/thucpham.com\/vinacom\/wp-content\/uploads\/2020\/07\/may-pos-ban-hang-shangchen-sc-110a-banner-36x29.jpg 36w, https:\/\/thucpham.com\/vinacom\/wp-content\/uploads\/2020\/07\/may-pos-ban-hang-shangchen-sc-110a-banner-48x38.jpg 48w, https:\/\/thucpham.com\/vinacom\/wp-content\/uploads\/2020\/07\/may-pos-ban-hang-shangchen-sc-110a-banner-510x408.jpg 510w\" sizes=\"(max-width: 820px) 100vw, 820px\" title=\"\"><\/p>\n<p style=\"text-align: center\"><span style=\"font-family: helvetica, arial, sans-serif\"><em>Th\u00f4ng tin s\u1ea3n ph\u1ea9m <a href=\"https:\/\/barcodejp.com\/may-ban-hang-pos\" rel=\"nofollow noopener\" target=\"_blank\">m\u00e1y Pos b\u00e1n h\u00e0ng<\/a> Shangchen SC-110A<\/em><\/span><\/p>\n<p style=\"text-align: justify\"><span style=\"font-family: helvetica, arial, sans-serif\"><a href=\"https:\/\/barcodejp.com\/may-ban-hang-pos\" rel=\"nofollow noopener\" target=\"_blank\"><b><i>M\u00e1y Pos b\u00e1n h\u00e0ng<\/i><\/b><\/a><b><i> Shangchen SC-110A<\/i><\/b><\/span><span style=\"font-weight: 400\"><span style=\"font-family: helvetica, arial, sans-serif\"> c\u00f3 k\u00edch th\u01b0\u1edbc g\u1ecdn g\u00e0ng, m\u00e0u s\u1eafc \u0111en sang tr\u1ecdng, d\u1ec5 d\u00e0ng \u0111\u1ec3 b\u1ed1 tr\u00ed, \u0111\u1eb7t \u1edf c\u00e1c qu\u1ea7y thu ng\u00e2n m\u00e0 kh\u00f4ng lo chi\u1ebfm di\u1ec7n t\u00edch. Ngo\u00e0i ra, chi\u1ebfc m\u00e1y n\u00e0y c\u00f2n cho ph\u00e9p \u0111a k\u1ebft n\u1ed1i c\u00e1c thi\u1ebft b\u1ecb ngo\u1ea1i vi nh\u01b0 USB, VGA, LAN, COM&#8230;gi\u00fap k\u1ebft n\u1ed1i v\u1edbi m\u00e1y in h\u00f3a \u0111\u01a1n, k\u00e9t t\u00ednh ti\u1ec1n hay m\u00e1y qu\u00e9t m\u00e3 v\u1ea1ch. B\u00ean c\u1ea1nh \u0111\u00f3, Shangchen SC-110A \u0111\u01b0\u1ee3c trang b\u1ecb b\u1ed9 nh\u1edb l\u00ean \u0111\u1ebfn 64G gi\u00fap b\u1ea1n l\u01b0u tr\u1eef d\u1eef li\u1ec7u v\u00e0 th\u00f4ng tin d\u1ec5 d\u00e0ng h\u01a1n.<\/span> <\/span><\/p>\n","protected":false},"excerpt":{"rendered":"<ul>\n<li style=\"font-weight: 400\"><span style=\"font-weight: 400;font-family: helvetica, arial, sans-serif\">C\u00f4ng ngh\u1ec7 c\u1ea3m \u1ee9ng \u0111i\u1ec7n rung<\/span><\/li>\n<li style=\"font-weight: 400\"><span style=\"font-weight: 400;font-family: helvetica, arial, sans-serif\">2 m\u00e0n h\u00ecnh LED ch\u00ednh \u2013 ph\u1ee5\u00a0<\/span><\/li>\n<li style=\"font-weight: 400\"><span style=\"font-weight: 400;font-family: helvetica, arial, sans-serif\">\u0110\u1ed9 ph\u00e2n gi\u1ea3i l\u00ean \u0111\u1ebfn 1024 x 768 r\u00f5 n\u00e9t<\/span><\/li>\n<li style=\"font-weight: 400\"><span style=\"font-weight: 400;font-family: helvetica, arial, sans-serif\">\u0110a d\u1ea1ng c\u1ed5ng k\u1ebft n\u1ed1i: c\u1ed5ng USB, VGA, LAN, COM\u2026<\/span><\/li>\n<li style=\"font-weight: 400\"><span style=\"font-weight: 400;font-family: helvetica, arial, sans-serif\">Thi\u1ebft k\u1ebf b\u1eaft m\u1eaft, hi\u1ec7n \u0111\u1ea1i<\/span><\/li>\n<li style=\"font-weight: 400\"><span style=\"font-weight: 400;font-family: helvetica, arial, sans-serif\">Nh\u1eadp kh\u1ea9u ch\u00ednh h\u00e3ng v\u1edbi ch\u1ea5t l\u01b0\u1ee3ng t\u1ed1t nh\u1ea5t<\/span><\/li>\n<\/ul>\n","protected":false},"featured_media":38969,"comment_status":"open","ping_status":"closed","template":"","meta":[],"product_cat":[237],"product_tag":[],"_links":{"self":[{"href":"https:\/\/thucpham.com\/vinacom\/wp-json\/wp\/v2\/product\/10701"}],"collection":[{"href":"https:\/\/thucpham.com\/vinacom\/wp-json\/wp\/v2\/product"}],"about":[{"href":"https:\/\/thucpham.com\/vinacom\/wp-json\/wp\/v2\/types\/product"}],"replies":[{"embeddable":true,"href":"https:\/\/thucpham.com\/vinacom\/wp-json\/wp\/v2\/comments?post=10701"}],"wp:featuredmedia":[{"embeddable":true,"href":"https:\/\/thucpham.com\/vinacom\/wp-json\/wp\/v2\/media\/38969"}],"wp:attachment":[{"href":"https:\/\/thucpham.com\/vinacom\/wp-json\/wp\/v2\/media?parent=10701"}],"wp:term":[{"taxonomy":"product_cat","embeddable":true,"href":"https:\/\/thucpham.com\/vinacom\/wp-json\/wp\/v2\/product_cat?post=10701"},{"taxonomy":"product_tag","embeddable":true,"href":"https:\/\/thucpham.com\/vinacom\/wp-json\/wp\/v2\/product_tag?post=10701"}],"curies":[{"name":"wp","href":"https:\/\/api.w.org\/{rel}","templated":true}]}}