{"id":10575,"date":"2020-07-13T14:47:30","date_gmt":"2020-07-13T14:47:30","guid":{"rendered":"https:\/\/thucpham.com\/?post_type=product&#038;p=10575"},"modified":"2021-12-08T16:39:26","modified_gmt":"2021-12-08T09:39:26","slug":"bep-au-2-hong-dung-gas-berjaya","status":"publish","type":"product","link":"https:\/\/thucpham.com\/vinacom\/bep-au-2-hong-dung-gas-berjaya\/","title":{"rendered":"B\u1ebfp \u00c2u 2 H\u1ecdng D\u00f9ng Gas Berjaya"},"content":{"rendered":"<p style=\"text-align: justify\"><span style=\"font-family: helvetica, arial, sans-serif\"><b><i>B\u1ebfp \u00e2u 2 h\u1ecdng d\u00f9ng gas Berjaya <\/i><\/b><b><i>OB2S<\/i><\/b><span style=\"font-weight: 400\"> \u0111\u01b0\u1ee3c thi\u1ebft k\u1ebf 2 h\u1ecdng gas ri\u00eang bi\u1ec7t, chuy\u00ean d\u00f9ng ch\u1ebf bi\u1ebfn c\u00e1c m\u00f3n \u00c2u chu\u1ea9n v\u1ecb. S\u1ea3n ph\u1ea9m \u0111\u01b0\u1ee3c nh\u1eadp kh\u1ea9u tr\u1ef1c ti\u1ebfp t\u1eeb Malaysia, thi\u1ebft k\u1ebf ki\u1ec3u d\u00e1ng c\u00f4ng nghi\u1ec7p hi\u1ec7n \u0111\u1ea1i ph\u00f9 h\u1ee3p v\u1edbi m\u1ecdi kh\u00f4ng gian kh\u00e1ch s\u1ea1n hay nh\u00e0 h\u00e0ng sang tr\u1ecdng. V\u1edbi thi\u1ebft k\u1ebf ph\u1ea7n v\u1ecf b\u1eb1ng inox, c\u00f3 \u0111\u1ed9 s\u00e1ng b\u00f3ng, l\u00e0m b\u1eebng s\u00e1ng c\u0103n b\u1ebfp c\u1ee7a b\u1ea1n \u0111\u1ed3ng th\u1eddi kh\u01a1i d\u1eady ngu\u1ed3n c\u1ea3m h\u1ee9ng trong vi\u1ec7c s\u00e1ng t\u1ea1o ra nh\u1eefng m\u00f3n \u0103n th\u01a1m ngon v\u00e0 h\u1ea5p d\u1eabn th\u1ef1c kh\u00e1ch.<\/span><\/span><\/p>\n<p><img class=\"size-full wp-image-12232 aligncenter\" src=\"https:\/\/thucpham.com\/wp-content\/uploads\/2020\/07\/bep-au-2-hong-OB2S-banner.jpg\" alt=\"bep-au-2-hong-OB2S\" width=\"820\" height=\"656\" srcset=\"https:\/\/thucpham.com\/vinacom\/wp-content\/uploads\/2020\/07\/bep-au-2-hong-OB2S-banner.jpg 820w, https:\/\/thucpham.com\/vinacom\/wp-content\/uploads\/2020\/07\/bep-au-2-hong-OB2S-banner-300x240.jpg 300w, https:\/\/thucpham.com\/vinacom\/wp-content\/uploads\/2020\/07\/bep-au-2-hong-OB2S-banner-768x614.jpg 768w, https:\/\/thucpham.com\/vinacom\/wp-content\/uploads\/2020\/07\/bep-au-2-hong-OB2S-banner-24x19.jpg 24w, https:\/\/thucpham.com\/vinacom\/wp-content\/uploads\/2020\/07\/bep-au-2-hong-OB2S-banner-36x29.jpg 36w, https:\/\/thucpham.com\/vinacom\/wp-content\/uploads\/2020\/07\/bep-au-2-hong-OB2S-banner-48x38.jpg 48w, https:\/\/thucpham.com\/vinacom\/wp-content\/uploads\/2020\/07\/bep-au-2-hong-OB2S-banner-510x408.jpg 510w\" sizes=\"(max-width: 820px) 100vw, 820px\" title=\"\"><\/p>\n<p style=\"text-align: center\"><em>Th\u00f4ng tin s\u1ea3n ph\u1ea9m <span style=\"font-family: helvetica, arial, sans-serif\">b\u1ebfp \u00e2u 2 h\u1ecdng d\u00f9ng gas Berjaya OB2S<\/span><\/em><\/p>\n<p style=\"text-align: justify\"><span style=\"font-family: helvetica, arial, sans-serif\"><b><i>B\u1ebfp \u00e2u 2 h\u1ecdng d\u00f9ng gas Berjaya <\/i><\/b><b><i>OB2S<\/i><\/b><span style=\"font-weight: 400\"> \u0111\u01b0\u1ee3c trang b\u1ecb h\u1ec7 th\u1ed1ng \u0111\u00e1nh l\u1eeda Piezo cao c\u1ea5p, cho ng\u1ecdn l\u1eeda m\u1ea1nh v\u00e0 \u0111\u1ec1u, gi\u00fap c\u00e1c m\u00f3n \u0103n ch\u00edn nhanh v\u00e0 gi\u1eef nguy\u00ean h\u01b0\u01a1ng v\u1ecb. Ki\u1ec1ng b\u1ebfp \u0111\u01b0\u1ee3c l\u00e0m b\u1eb1ng gan, cho kh\u1ea3 n\u0103ng ch\u1ecbu \u0111\u01b0\u1ee3c nhi\u1ec7t \u0111\u1ed9 cao v\u00e0 c\u00f3 \u0111\u1ed9 b\u1ec1n l\u1edbn. Th\u00eam v\u00e0o \u0111\u00f3, b\u1ed9 ph\u1eadn khay inox h\u1ee9ng m\u1ee1 th\u1eeba d\u1ec5 d\u00e0ng th\u00e1o r\u1eddi \u0111\u1ec3 v\u1ec7 sinh s\u1ea1ch s\u1ebd. S\u1eed d\u1ee5ng b\u1ebfp B<\/span><span style=\"font-weight: 400\">erjaya <\/span><span style=\"font-weight: 400\">OB2S c\u00f3 hi\u1ec7u su\u1ea5t cao c\u00f2n gi\u00fap ti\u1ebft ki\u1ec7m nhi\u00ean li\u1ec7u v\u1edbi nhi\u1ec1u ch\u1ebf \u0111\u1ed9 \u0111i\u1ec1u ch\u1ec9nh. S\u1ea3n ph\u1ea9m n\u00e0y th\u1ef1c s\u1ef1 l\u00e0 m\u1ed9t s\u1ef1 l\u1ef1a ch\u1ecdn t\u1ed1i \u01b0u cho b\u1ebfp nh\u00e0 h\u00e0ng \u2013 kh\u00e1ch s\u1ea1n.<\/span><\/span><\/p>\n","protected":false},"excerpt":{"rendered":"<ul>\n<li style=\"font-weight: 400\"><span style=\"font-weight: 400;font-family: helvetica, arial, sans-serif\">H\u1ec7 th\u1ed1ng \u0111\u00e1nh l\u1eeda Piezo v\u00e0 van gas an to\u00e0n<\/span><\/li>\n<li style=\"font-weight: 400\"><span style=\"font-weight: 400;font-family: helvetica, arial, sans-serif\">Khay h\u1ee9ng m\u1ee1 th\u1eeba l\u00e0m b\u1eb1ng inox<\/span><\/li>\n<li style=\"font-weight: 400\"><span style=\"font-weight: 400;font-family: helvetica, arial, sans-serif\">D\u1ec5 d\u00e0ng th\u00e1o r\u1eddi \u0111\u1ec3 v\u1ec7 sinh s\u1ea1ch s\u1ebd<\/span><\/li>\n<li style=\"font-weight: 400\"><span style=\"font-weight: 400;font-family: helvetica, arial, sans-serif\">Ch\u1ea5t li\u1ec7u inox ch\u1eafc ch\u1eafn, b\u1ec1n b\u1ec9<\/span><\/li>\n<li style=\"font-weight: 400\"><span style=\"font-weight: 400;font-family: helvetica, arial, sans-serif\">Th\u00e2n b\u1ebfp b\u1eb1ng inox cao c\u1ea5p<\/span><\/li>\n<li style=\"font-weight: 400\"><span style=\"font-weight: 400;font-family: helvetica, arial, sans-serif\">Ti\u1ebft ki\u1ec7m gas nh\u1edd m\u1ee9c ti\u00eau th\u1ee5 nhi\u00ean li\u1ec7u th\u1ea5p<\/span><\/li>\n<\/ul>\n","protected":false},"featured_media":38756,"comment_status":"open","ping_status":"closed","template":"","meta":[],"product_cat":[234,247],"product_tag":[],"_links":{"self":[{"href":"https:\/\/thucpham.com\/vinacom\/wp-json\/wp\/v2\/product\/10575"}],"collection":[{"href":"https:\/\/thucpham.com\/vinacom\/wp-json\/wp\/v2\/product"}],"about":[{"href":"https:\/\/thucpham.com\/vinacom\/wp-json\/wp\/v2\/types\/product"}],"replies":[{"embeddable":true,"href":"https:\/\/thucpham.com\/vinacom\/wp-json\/wp\/v2\/comments?post=10575"}],"wp:featuredmedia":[{"embeddable":true,"href":"https:\/\/thucpham.com\/vinacom\/wp-json\/wp\/v2\/media\/38756"}],"wp:attachment":[{"href":"https:\/\/thucpham.com\/vinacom\/wp-json\/wp\/v2\/media?parent=10575"}],"wp:term":[{"taxonomy":"product_cat","embeddable":true,"href":"https:\/\/thucpham.com\/vinacom\/wp-json\/wp\/v2\/product_cat?post=10575"},{"taxonomy":"product_tag","embeddable":true,"href":"https:\/\/thucpham.com\/vinacom\/wp-json\/wp\/v2\/product_tag?post=10575"}],"curies":[{"name":"wp","href":"https:\/\/api.w.org\/{rel}","templated":true}]}}