{"id":10383,"date":"2020-07-12T13:42:53","date_gmt":"2020-07-12T13:42:53","guid":{"rendered":"https:\/\/thucpham.com\/?post_type=product&#038;p=10383"},"modified":"2021-12-08T10:32:34","modified_gmt":"2021-12-08T03:32:34","slug":"may-xay-thit-cong-nghiep-sirman-tc-12e","status":"publish","type":"product","link":"https:\/\/thucpham.com\/vinacom\/may-xay-thit-cong-nghiep-sirman-tc-12e\/","title":{"rendered":"M\u00e1y Xay Th\u1ecbt C\u00f4ng Nghi\u1ec7p Sirman TC 12E"},"content":{"rendered":"<p style=\"text-align: justify\"><span style=\"font-family: helvetica, arial, sans-serif\"><b><i>M\u00e1y xay th\u1ecbt <\/i><\/b><b><i>c\u00f4ng nghi\u1ec7p Sirman TC <\/i><\/b><b><i>12E<\/i><\/b><span style=\"font-weight: 400\"> l\u00e0 d\u00f2ng m\u00e1y xay th\u1ecbt ch\u1ea5t l\u01b0\u1ee3ng cao \u0111\u01b0\u1ee3c ThucPham.com nh\u1eadp kh\u1ea9u tr\u1ef1c ti\u1ebfp t\u1eeb th\u01b0\u01a1ng hi\u1ec7u Sirman, \u00dd. V\u1edbi thi\u1ebft k\u1ebf g\u1ecdn, nh\u1eb9 v\u00e0 t\u00ednh n\u0103ng xay th\u1ecbt, c\u00e1, rau, c\u1ee7\u2026 v\u1edbi s\u1ed1 l\u01b0\u1ee3ng nhi\u1ec1u, m\u00e1y xay <\/span><span style=\"font-weight: 400\">th\u1ecbt c\u00f4ng nghi\u1ec7p Sirman TC 12E l\u00e0 thi\u1ebft b\u1ecb kh\u00f4ng th\u1ec3 thi\u1ebfu trong c\u00e1c b\u1ebfp \u0103n t\u1eadp th\u1ec3, nh\u00e0 h\u00e0ng, c\u1eeda h\u00e0ng gi\u00f2 ch\u1ea3, x\u00fac x\u00edch.&nbsp;<\/span><\/span><\/p>\n<p><img class=\"size-full wp-image-12234 aligncenter\" src=\"https:\/\/thucpham.com\/wp-content\/uploads\/2020\/07\/may-xay-thit-cong-nghiep-sirman-tc-12e-banner.jpg\" alt=\"may-xay-thit-cong-nghiep-sirman-tc-12e\" width=\"820\" height=\"656\" srcset=\"https:\/\/thucpham.com\/vinacom\/wp-content\/uploads\/2020\/07\/may-xay-thit-cong-nghiep-sirman-tc-12e-banner.jpg 820w, https:\/\/thucpham.com\/vinacom\/wp-content\/uploads\/2020\/07\/may-xay-thit-cong-nghiep-sirman-tc-12e-banner-300x240.jpg 300w, https:\/\/thucpham.com\/vinacom\/wp-content\/uploads\/2020\/07\/may-xay-thit-cong-nghiep-sirman-tc-12e-banner-768x614.jpg 768w, https:\/\/thucpham.com\/vinacom\/wp-content\/uploads\/2020\/07\/may-xay-thit-cong-nghiep-sirman-tc-12e-banner-24x19.jpg 24w, https:\/\/thucpham.com\/vinacom\/wp-content\/uploads\/2020\/07\/may-xay-thit-cong-nghiep-sirman-tc-12e-banner-36x29.jpg 36w, https:\/\/thucpham.com\/vinacom\/wp-content\/uploads\/2020\/07\/may-xay-thit-cong-nghiep-sirman-tc-12e-banner-48x38.jpg 48w, https:\/\/thucpham.com\/vinacom\/wp-content\/uploads\/2020\/07\/may-xay-thit-cong-nghiep-sirman-tc-12e-banner-510x408.jpg 510w\" sizes=\"(max-width: 820px) 100vw, 820px\" title=\"\"><\/p>\n<p style=\"text-align: center\"><em>Th\u00f4ng tin s\u1ea3n ph\u1ea9m <span style=\"font-family: helvetica, arial, sans-serif\">m\u00e1y xay th\u1ecbt c\u00f4ng nghi\u1ec7p Sirman TC 12E<\/span><\/em><\/p>\n<p style=\"text-align: justify\"><span style=\"font-family: helvetica, arial, sans-serif\"><span style=\"font-weight: 400\">Ch\u1ea5t li\u1ec7u c\u1ea5u th\u00e0nh c\u1ee7a m\u00e1y Sirman TC <\/span><span style=\"font-weight: 400\">12E ch\u1ee7 y\u1ebfu l\u00e0 b\u1eb1ng inox cao c\u1ea5p, c\u00f3 \u0111\u1ed9 s\u00e1ng cao, mang m\u1ed9t v\u1ebb ngo\u00e0i sang tr\u1ecdng, hi\u1ec7n \u0111\u1ea1i v\u00e0 chuy\u00ean nghi\u1ec7p. D\u00f9 TC 12E c\u00f3 thi\u1ebft k\u1ebf \u0111\u01a1n gi\u1ea3n nh\u01b0ng ch\u1ea5t li\u1ec7u inox \u0111em l\u1ea1i cho m\u00e1y v\u1ebb c\u1ee9ng c\u00e1p, d\u00e0y d\u1eb7n, an to\u00e0n v\u00e0 mang l\u1ea1i hi\u1ec7u qu\u1ea3 cao. V\u1edbi k\u00edch th\u01b0\u1edbc kh\u00e1 nh\u1ecf ch\u1ec9 430 x 215 x 520 mm v\u00e0 tr\u1ecdng l\u01b0\u1ee3ng 18kg nh\u01b0ng chi\u1ebfc m\u00e1y n\u00e0y l\u1ea1i cho n\u0103ng su\u1ea5t xay th\u1ecbt l\u00ean \u0111\u1ebfn 150kg\/ gi\u1edd. B\u00ean c\u1ea1nh \u0111\u00f3, b\u1ed9 ph\u1eadn l\u01b0\u1ee1i dao l\u00e0m b\u1eb1ng ch\u1ea5t li\u1ec7u th\u00e9p \u0111\u00fac kh\u00f4ng g\u1ec9 cho \u0111\u1ed9 b\u1ec1n cao, s\u1eafc b\u00e9n mang l\u1ea1i kh\u1ea3 n\u0103ng xay th\u1ecbt nhanh ch\u00f3ng, nhuy\u1ec5n \u0111\u1ec1u. Ngo\u00e0i ra, tr\u1ee5c nghi\u1ec1n c\u1ee7a m\u00e1y \u0111\u01b0\u1ee3c s\u1ea3n xu\u1ea5t b\u1eb1ng ch\u1ea5t li\u1ec7u h\u1ee3p kim c\u1ee9ng, ch\u1eafc gi\u00fap cho hi\u1ec7u qu\u1ea3 nghi\u1ec1n cao. H\u1ec7 th\u1ed1ng qu\u1ea1t t\u1ea3n nhi\u1ec7t th\u00f4ng minh \u0111\u01b0\u1ee3c trang b\u1ecb b\u00ean trong \u0111\u1ed9ng c\u01a1 cho ph\u00e9p m\u00e1y ho\u1ea1t \u0111\u1ed9ng li\u00ean t\u1ee5c m\u00e0 kh\u00f4ng b\u1ecb n\u00f3ng. C\u00e1c b\u1ed9 ph\u1eadn c\u1ee7a <\/span><b><i>m\u00e1y xay th\u1ecbt <\/i><\/b><b><i>c\u00f4ng nghi\u1ec7p Sirman TC <\/i><\/b><b><i>12E <\/i><\/b><span style=\"font-weight: 400\">c\u00f3 th\u1ec3 th\u00e1o r\u1eddi d\u1ec5 d\u00e0ng \u0111\u1ec3 v\u1ec7 sinh.<\/span><\/span><\/p>\n","protected":false},"excerpt":{"rendered":"<ul>\n<li style=\"font-weight: 400\"><span style=\"font-weight: 400;font-family: helvetica, arial, sans-serif\">L\u01b0\u1ee1i dao b\u1eb1ng th\u00e9p, s\u1eafc b\u00e9n<\/span><\/li>\n<li style=\"font-weight: 400\"><span style=\"font-weight: 400;font-family: helvetica, arial, sans-serif\">C\u00f3 kh\u1ea3 n\u0103ng xay \u0111\u00f9n t\u1eeb c\u00e1c lo\u1ea1i th\u1ecbt \u0111\u1ebfn rau c\u1ee7 qu\u1ea3<\/span><\/li>\n<li style=\"font-weight: 400\"><span style=\"font-weight: 400;font-family: helvetica, arial, sans-serif\">H\u1ec7 th\u1ed1ng qu\u1ea1t t\u1ea3n nhi\u1ec7t th\u00f4ng minh<\/span><\/li>\n<li style=\"font-weight: 400\"><span style=\"font-weight: 400;font-family: helvetica, arial, sans-serif\">K\u00edch th\u01b0\u1edbc nh\u1ecf g\u1ecdn, k\u1ebft c\u1ea5u ch\u1eafc ch\u1eafn<\/span><\/li>\n<li style=\"font-weight: 400\"><span style=\"font-weight: 400;font-family: helvetica, arial, sans-serif\">S\u1ea3n xu\u1ea5t v\u00e0 nh\u1eadp kh\u1ea9u nguy\u00ean chi\u1ebfc t\u1eeb \u00dd<\/span><\/li>\n<\/ul>\n","protected":false},"featured_media":38470,"comment_status":"open","ping_status":"closed","template":"","meta":[],"product_cat":[231,256],"product_tag":[],"_links":{"self":[{"href":"https:\/\/thucpham.com\/vinacom\/wp-json\/wp\/v2\/product\/10383"}],"collection":[{"href":"https:\/\/thucpham.com\/vinacom\/wp-json\/wp\/v2\/product"}],"about":[{"href":"https:\/\/thucpham.com\/vinacom\/wp-json\/wp\/v2\/types\/product"}],"replies":[{"embeddable":true,"href":"https:\/\/thucpham.com\/vinacom\/wp-json\/wp\/v2\/comments?post=10383"}],"wp:featuredmedia":[{"embeddable":true,"href":"https:\/\/thucpham.com\/vinacom\/wp-json\/wp\/v2\/media\/38470"}],"wp:attachment":[{"href":"https:\/\/thucpham.com\/vinacom\/wp-json\/wp\/v2\/media?parent=10383"}],"wp:term":[{"taxonomy":"product_cat","embeddable":true,"href":"https:\/\/thucpham.com\/vinacom\/wp-json\/wp\/v2\/product_cat?post=10383"},{"taxonomy":"product_tag","embeddable":true,"href":"https:\/\/thucpham.com\/vinacom\/wp-json\/wp\/v2\/product_tag?post=10383"}],"curies":[{"name":"wp","href":"https:\/\/api.w.org\/{rel}","templated":true}]}}