{"id":10370,"date":"2020-07-12T13:27:22","date_gmt":"2020-07-12T06:27:22","guid":{"rendered":"https:\/\/thucpham.com\/?post_type=product&#038;p=10370"},"modified":"2021-12-08T10:36:04","modified_gmt":"2021-12-08T03:36:04","slug":"may-danh-nhuyen-thit-kingsun-ks-tq5","status":"publish","type":"product","link":"https:\/\/thucpham.com\/vinacom\/may-danh-nhuyen-thit-kingsun-ks-tq5\/","title":{"rendered":"M\u00e1y \u0110\u00e1nh Nhuy\u1ec5n Th\u1ecbt Kingsun KS-TQ5"},"content":{"rendered":"<p style=\"text-align: justify\"><b><i>M\u00e1y \u0111\u00e1nh nhuy\u1ec5n th\u1ecbt Kingsun KS-TQ5<\/i><\/b><span style=\"font-weight: 400\"> l\u00e0 d\u00f2ng m\u00e1y xay th\u1ecbt c\u00f3 thi\u1ebft k\u1ebf sang tr\u1ecdng, \u0111\u1eb9p m\u1eaft, c\u00f3 \u0111\u1ed9 b\u1ec1n cao, chuy\u00ean d\u00f9ng trong c\u00e1c qu\u00e1n \u0103n, nh\u00e0 h\u00e0ng, khu c\u0103ng tin hay trong gia \u0111\u00ecnh. <\/span><span style=\"font-weight: 400\">Thi\u1ebft b\u1ecb&nbsp; c\u00f3 th\u1ec3 thay th\u1ebf r\u1ea5t nhi\u1ec1u nh\u00e2n c\u00f4ng l\u00e0m vi\u1ec7c c\u00f9ng m\u1ed9t l\u00fac, \u0111\u1ea3m b\u1ea3o v\u1ec7 sinh an to\u00e0n th\u1ef1c ph\u1ea9m khi ch\u1ebf bi\u1ebfn.&nbsp; M\u1ed9t gi\u1edd m\u00e1y c\u00f3 th\u1ec3 cho s\u1ea3n l\u01b0\u1ee3ng th\u1ecbt xay l\u00ean \u0111\u1ebfn 80kg, \u0111\u00e1p \u1ee9ng \u0111\u1ee7 nhu c\u1ea7u ch\u1ebf bi\u1ebfn v\u00e0 ph\u1ee5c v\u1ee5 su\u1ea5t \u0103n v\u1edbi s\u1ed1 l\u01b0\u1ee3ng l\u1edbn trong c\u00e1c m\u00f4 h\u00ecnh b\u1ebfp c\u00f4ng nghi\u1ec7p.&nbsp;<\/span><\/p>\n<p><img class=\"wp-image-12032 size-full aligncenter\" src=\"https:\/\/thucpham.com\/wp-content\/uploads\/2020\/07\/may-danh-nhuyen-thit-kingsun-ks-tq5-banner.jpg\" alt=\"may-danh-nhuyen-thit-kingsun-ks-tq5\" width=\"820\" height=\"656\" srcset=\"https:\/\/thucpham.com\/vinacom\/wp-content\/uploads\/2020\/07\/may-danh-nhuyen-thit-kingsun-ks-tq5-banner.jpg 820w, https:\/\/thucpham.com\/vinacom\/wp-content\/uploads\/2020\/07\/may-danh-nhuyen-thit-kingsun-ks-tq5-banner-300x240.jpg 300w, https:\/\/thucpham.com\/vinacom\/wp-content\/uploads\/2020\/07\/may-danh-nhuyen-thit-kingsun-ks-tq5-banner-768x614.jpg 768w, https:\/\/thucpham.com\/vinacom\/wp-content\/uploads\/2020\/07\/may-danh-nhuyen-thit-kingsun-ks-tq5-banner-24x19.jpg 24w, https:\/\/thucpham.com\/vinacom\/wp-content\/uploads\/2020\/07\/may-danh-nhuyen-thit-kingsun-ks-tq5-banner-36x29.jpg 36w, https:\/\/thucpham.com\/vinacom\/wp-content\/uploads\/2020\/07\/may-danh-nhuyen-thit-kingsun-ks-tq5-banner-48x38.jpg 48w, https:\/\/thucpham.com\/vinacom\/wp-content\/uploads\/2020\/07\/may-danh-nhuyen-thit-kingsun-ks-tq5-banner-510x408.jpg 510w\" sizes=\"(max-width: 820px) 100vw, 820px\" title=\"\"><\/p>\n<p style=\"text-align: center\"><em>Th\u00f4ng tin s\u1ea3n ph\u1ea9m m\u00e1y \u0111\u00e1nh nhuy\u1ec5n th\u1ecbt Kingsun KS-TQ5<\/em><\/p>\n<p style=\"text-align: justify\"><span style=\"font-weight: 400\">K\u00edch th\u01b0\u1edbc c\u1ee7a m\u00e1y g\u1ecdn g\u00e0ng, ph\u00f9 h\u1ee3p \u0111\u1ec3 l\u1eafp \u0111\u1eb7t tr\u00ean m\u1eb7t b\u00e0n b\u1ebfp ho\u1eb7c b\u1ea5t k\u1ef3 v\u1ecb tr\u00ed n\u00e0o trong kh\u00f4ng gian ch\u1ebf bi\u1ebfn. To\u00e0n b\u1ed9 ph\u1ea7n th\u00e2n m\u00e1y \u0111\u01b0\u1ee3c s\u1ea3n xu\u1ea5t b\u1eb1ng ch\u1ea5t li\u1ec7u th\u00e9p kh\u00f4ng g\u1ec9, ch\u1ecbu \u0111\u01b0\u1ee3c l\u1ef1c va \u0111\u1eadp m\u1ea1nh, \u0111\u1eb7c bi\u1ec7t m\u00e1y v\u1eabn \u0111\u1ea3m b\u1ea3o ho\u1ea1t \u0111\u1ed9ng \u00eam \u00e1i d\u00f9 ph\u1ea3i xay l\u01b0\u1ee3ng th\u1ecbt l\u1edbn. Chuy\u1ec3n \u0111\u1ed9ng ch\u00ednh c\u1ee7a thi\u1ebft b\u1ecb g\u1ed3m bowl \u0111\u1ef1ng th\u1ecbt v\u00e0 dao ch\u00e9m quay xung quanh tr\u1ee5c. Khi <\/span><b><i>m\u00e1y \u0111\u00e1nh nhuy\u1ec5n th\u1ecbt <\/i><\/b><b><i>Kingsun KS-TQ5 <\/i><\/b><span style=\"font-weight: 400\">ho\u1ea1t \u0111\u1ed9ng t\u1ea1o ra m\u1ed9t qu\u00e1 tr\u00ecnh xay nhuy\u1ec5n \u0111\u1ec1u, m\u1ecdi v\u1ecb tr\u00ed \u0111\u1ec1u \u0111\u01b0\u1ee3c dao ch\u00e9m t\u1edbi, gi\u00fap th\u1ecbt xay nhuy\u1ec5n c\u00f3 ch\u1ea5t l\u01b0\u1ee3ng \u0111\u1ed3ng \u0111\u1ec1u.&nbsp; <\/span><span style=\"font-weight: 400\">Kingsun KS-TQ5 ho\u1ea1t \u0111\u1ed9ng <\/span><span style=\"font-weight: 400\">theo c\u01a1 ch\u1ebf t\u1ef1 \u0111\u1ed9ng v\u1edbi c\u00e1c n\u00fat \u0111i\u1ec1u khi\u1ec3n hi\u1ec3n th\u1ecb ch\u00ednh x\u00e1c tr\u00ean th\u00e2n m\u00e1y, cho ph\u00e9p ng\u01b0\u1eddi d\u00f9ng \u0111i\u1ec1u khi\u1ec3n v\u00e0 ki\u1ec3m so\u00e1t qu\u00e1 tr\u00ecnh xay th\u1ecbt d\u1ec5 d\u00e0ng. <\/span><\/p>\n","protected":false},"excerpt":{"rendered":"<ul>\n<li style=\"font-weight: 400\"><span style=\"font-weight: 400\">Thi\u1ebft k\u1ebf \u0111\u1eb9p m\u1eaft, c\u00f3 \u0111\u1ed9 b\u1ec1n cao<\/span><\/li>\n<li style=\"font-weight: 400\"><span style=\"font-weight: 400\">M\u00e1y ho\u1ea1t \u0111\u1ed9ng \u00eam \u00e1i, nh\u1eb9 nh\u00e0ng<\/span><\/li>\n<li style=\"font-weight: 400\"><span style=\"font-weight: 400\">S\u1ea3n l\u01b0\u1ee3ng th\u1ecbt xay l\u00ean \u0111\u1ebfn 80kg\/h<\/span><\/li>\n<li style=\"font-weight: 400\"><span style=\"font-weight: 400\">4 ch\u00e2n \u0111\u1ebf c\u00f3 b\u1ecdc cao su, ch\u1eafc ch\u1eafn khi v\u1eadn h\u00e0nh<\/span><\/li>\n<li style=\"font-weight: 400\"><span style=\"font-weight: 400\">Th\u00e2n m\u00e1y s\u00e1ng b\u00f3ng, lau ch\u00f9i d\u1ec5 d\u00e0ng<\/span><\/li>\n<li style=\"font-weight: 400\"><span style=\"font-weight: 400\">S\u1eed d\u1ee5ng \u0111\u01a1n gi\u1ea3n, ch\u1ec9 c\u1ea7n \u1ea5n n\u00fat<\/span><\/li>\n<\/ul>\n","protected":false},"featured_media":38432,"comment_status":"open","ping_status":"closed","template":"","meta":[],"product_cat":[230,256],"product_tag":[],"_links":{"self":[{"href":"https:\/\/thucpham.com\/vinacom\/wp-json\/wp\/v2\/product\/10370"}],"collection":[{"href":"https:\/\/thucpham.com\/vinacom\/wp-json\/wp\/v2\/product"}],"about":[{"href":"https:\/\/thucpham.com\/vinacom\/wp-json\/wp\/v2\/types\/product"}],"replies":[{"embeddable":true,"href":"https:\/\/thucpham.com\/vinacom\/wp-json\/wp\/v2\/comments?post=10370"}],"wp:featuredmedia":[{"embeddable":true,"href":"https:\/\/thucpham.com\/vinacom\/wp-json\/wp\/v2\/media\/38432"}],"wp:attachment":[{"href":"https:\/\/thucpham.com\/vinacom\/wp-json\/wp\/v2\/media?parent=10370"}],"wp:term":[{"taxonomy":"product_cat","embeddable":true,"href":"https:\/\/thucpham.com\/vinacom\/wp-json\/wp\/v2\/product_cat?post=10370"},{"taxonomy":"product_tag","embeddable":true,"href":"https:\/\/thucpham.com\/vinacom\/wp-json\/wp\/v2\/product_tag?post=10370"}],"curies":[{"name":"wp","href":"https:\/\/api.w.org\/{rel}","templated":true}]}}