{"id":10367,"date":"2020-07-12T13:24:04","date_gmt":"2020-07-12T13:24:04","guid":{"rendered":"https:\/\/thucpham.com\/?post_type=product&#038;p=10367"},"modified":"2021-12-08T10:04:30","modified_gmt":"2021-12-08T03:04:30","slug":"may-xay-cafe-mythos-basic-nouva-simonelli","status":"publish","type":"product","link":"https:\/\/thucpham.com\/vinacom\/may-xay-cafe-mythos-basic-nouva-simonelli\/","title":{"rendered":"M\u00e1y Xay Cafe Mythos Basic Nouva Simonelli"},"content":{"rendered":"<p style=\"text-align: justify\"><b><i>M\u00e1y xay cafe Mythos Basic Nouva Simonelli<\/i><\/b><span style=\"font-weight: 400\"> \u0111\u01b0\u1ee3c bi\u1ebft \u0111\u1ebfn l\u00e0 d\u00f2ng m\u00e1y xay cafe chuy\u00ean nghi\u1ec7p c\u1ee7a th\u01b0\u01a1ng hi\u1ec7u n\u1ed5i ti\u1ebfng <\/span><span style=\"font-weight: 400\">Nuova Simonelli, Italia, chuy\u00ean d\u00f9ng t\u1ea1i c\u00e1c c\u1eeda h\u00e0ng c\u00e0 ph\u00ea, kh\u00e1ch s\u1ea1n hay nh\u00e0 h\u00e0ng v\u1edbi l\u01b0\u1ee3ng kh\u00e1ch h\u00e0ng ph\u1ee5c v\u1ee5 l\u1edbn m\u1ed7i ng\u00e0y. Chi\u1ebfc m\u00e1y n\u00e0y c\u00f3 th\u1ec3 xay l\u01b0\u1ee3ng cafe nhi\u1ec1u hay \u00edt t\u00f9y theo nhu c\u1ea7u c\u1ee7a ng\u01b0\u1eddi d\u00f9ng, v\u1edbi t\u1ed1c \u0111\u1ed9 cao m\u00e0 v\u1eabn \u0111\u1ea3m b\u1ea3o ch\u1ea5t l\u01b0\u1ee3ng nh\u1ea5t qu\u00e1n c\u1ee7a cafe.<\/span><\/p>\n<p><img class=\"size-full wp-image-12035 aligncenter\" src=\"https:\/\/thucpham.com\/wp-content\/uploads\/2020\/07\/may-xay-cafe-mythos-basic-nouva-simonelli-banner.jpg\" alt=\"may-xay-cafe-mythos-basic-nouva-simonelli\" width=\"820\" height=\"656\" srcset=\"https:\/\/thucpham.com\/vinacom\/wp-content\/uploads\/2020\/07\/may-xay-cafe-mythos-basic-nouva-simonelli-banner.jpg 820w, https:\/\/thucpham.com\/vinacom\/wp-content\/uploads\/2020\/07\/may-xay-cafe-mythos-basic-nouva-simonelli-banner-300x240.jpg 300w, https:\/\/thucpham.com\/vinacom\/wp-content\/uploads\/2020\/07\/may-xay-cafe-mythos-basic-nouva-simonelli-banner-768x614.jpg 768w, https:\/\/thucpham.com\/vinacom\/wp-content\/uploads\/2020\/07\/may-xay-cafe-mythos-basic-nouva-simonelli-banner-24x19.jpg 24w, https:\/\/thucpham.com\/vinacom\/wp-content\/uploads\/2020\/07\/may-xay-cafe-mythos-basic-nouva-simonelli-banner-36x29.jpg 36w, https:\/\/thucpham.com\/vinacom\/wp-content\/uploads\/2020\/07\/may-xay-cafe-mythos-basic-nouva-simonelli-banner-48x38.jpg 48w, https:\/\/thucpham.com\/vinacom\/wp-content\/uploads\/2020\/07\/may-xay-cafe-mythos-basic-nouva-simonelli-banner-510x408.jpg 510w\" sizes=\"(max-width: 820px) 100vw, 820px\" title=\"\"><\/p>\n<p style=\"text-align: center\"><em>Th\u00f4ng tin s\u1ea3n ph\u1ea9m m\u00e1y xay cafe Mythos Basic Nouva Simonelli<\/em><\/p>\n<p style=\"text-align: justify\"><span style=\"font-weight: 400\">Mythos Basic c\u00f3 h\u1ed9c ch\u1ee9a l\u1edbn c\u00f3 th\u1ec3 ch\u1ee9a 3.2kg cafe c\u00f9ng l\u00fac, m\u1ed7i gi\u1edd c\u00f3 kh\u1ea3 n\u0103ng xay l\u00ean \u0111\u1ebfn 18kg cafe, \u0111\u00e1p \u1ee9ng \u0111\u1ee7 v\u00e0 k\u1ecbp th\u1eddi nh\u1eefng l\u00fac \u0111\u00f4ng kh\u00e1ch. Ngo\u00e0i ra, <\/span><b><i>m\u00e1y xay cafe Mythos Basic Nouva Simonelli<\/i><\/b><span style=\"font-weight: 400\"> d\u1ec5 d\u00e0ng l\u1eadp tr\u00ecnh \u0111\u1ec3 xay t\u1ef1 \u0111\u1ed9ng v\u00e0 cho ra l\u01b0\u1ee3ng cafe theo 3 c\u00e1ch kh\u00e1c nhau ho\u1eb7c xay th\u1ee7 c\u00f4ng nh\u1edd ch\u1ee9c n\u0103ng <\/span><span style=\"font-weight: 400\">\u201cStop &amp; Go\u201d gi\u00fap thi\u1ebft b\u1ecb c\u00f3 th\u1ec3 xay ho\u1eb7c t\u1ea1m d\u1eebng.Th\u00eam v\u00e0o \u0111\u00f3, l\u01b0\u1ee1i dao 75mm b\u1eb1ng th\u00e9p kh\u00f4ng g\u1ec9, s\u1eafc b\u00e9n, kh\u00f4ng ch\u1ec9 gi\u00fap t\u0103ng h\u01b0\u01a1ng v\u1ecb cafe b\u1ed9t xay ra m\u00e0 c\u00f2n kh\u00f4ng l\u00e0m ch\u00e1y, kh\u00e9t cafe sau khi xay. Th\u00e2n m\u00e1y thi\u1ebft k\u1ebf b\u1eb1ng th\u00e9p kh\u00f4ng g\u1ec9 n\u00ean r\u1ea5t v\u1eefng ch\u1eafc v\u00e0 cho \u0111\u1ed9 b\u1ec1n cao. C\u00e1c ch\u1ee9c n\u0103ng xay \u0111\u1ec1u \u0111\u01b0\u1ee3c hi\u1ec3n th\u1ecb tr\u00ean m\u00e0n h\u00ecnh LCD, gi\u00fap ng\u01b0\u1eddi s\u1eed d\u1ee5ng d\u1ec5 d\u00e0ng \u0111i\u1ec1u ch\u1ec9nh v\u00e0 quan s\u00e1t c\u00e1c th\u00f4ng s\u1ed1 ho\u1ea1t \u0111\u1ed9ng c\u1ee7a m\u00e1y. Ngo\u00e0i ra,&nbsp; s\u1ea3n ph\u1ea9m c\u00f2n \u0111\u01b0\u1ee3c trang b\u1ecb h\u1ec7 th\u1ed1ng t\u1ea3n nhi\u1ec7t, v\u00ec v\u1eady khi xay v\u1edbi c\u01b0\u1eddng \u0111\u1ed9 cao hay xay li\u00ean t\u1ee5c kh\u00f4ng g\u00e2y ra hi\u1ec7n t\u01b0\u1ee3ng n\u00f3ng m\u00e1y, n\u00e2ng cao tu\u1ed5i th\u1ecd c\u1ee7a m\u00e1y.<\/span><\/p>\n","protected":false},"excerpt":{"rendered":"<ul>\n<li style=\"font-weight: 400\"><span style=\"font-weight: 400\">H\u1ed9c ch\u1ee9a c\u00e0 ph\u00ea 2 ng\u0103n ri\u00eang bi\u1ec7t<\/span><\/li>\n<li style=\"font-weight: 400\"><span style=\"font-weight: 400\">M\u00e0n h\u00ecnh\u00a0 LCD hi\u1ec3n th\u1ecb ch\u1ee9c n\u0103ng<\/span><\/li>\n<li style=\"font-weight: 400\"><span style=\"font-weight: 400\">L\u1eadp tr\u00ecnh ch\u1ebf \u0111\u1ed9 xay th\u00f4ng minh<\/span><\/li>\n<li style=\"font-weight: 400\"><span style=\"font-weight: 400\">\u0110i\u1ec1u ch\u1ec9nh \u0111\u1ed9 xay m\u1ecbn r\u1ea5t ch\u00ednh x\u00e1c<\/span><\/li>\n<li style=\"font-weight: 400\"><span style=\"font-weight: 400\">M\u00e1y ho\u1ea1t \u0111\u1ed9ng r\u1ea5t \u00eam \u00e1i v\u00e0 b\u1ec1n b\u1ec9<\/span><\/li>\n<li style=\"font-weight: 400\"><span style=\"font-weight: 400\">L\u01b0\u1ee1i xay s\u1eafc b\u00e9n, c\u00f3 \u0111\u1ed9 b\u1ec1n cao<\/span><\/li>\n<\/ul>\n","protected":false},"featured_media":38426,"comment_status":"open","ping_status":"closed","template":"","meta":[],"product_cat":[229,248],"product_tag":[],"_links":{"self":[{"href":"https:\/\/thucpham.com\/vinacom\/wp-json\/wp\/v2\/product\/10367"}],"collection":[{"href":"https:\/\/thucpham.com\/vinacom\/wp-json\/wp\/v2\/product"}],"about":[{"href":"https:\/\/thucpham.com\/vinacom\/wp-json\/wp\/v2\/types\/product"}],"replies":[{"embeddable":true,"href":"https:\/\/thucpham.com\/vinacom\/wp-json\/wp\/v2\/comments?post=10367"}],"wp:featuredmedia":[{"embeddable":true,"href":"https:\/\/thucpham.com\/vinacom\/wp-json\/wp\/v2\/media\/38426"}],"wp:attachment":[{"href":"https:\/\/thucpham.com\/vinacom\/wp-json\/wp\/v2\/media?parent=10367"}],"wp:term":[{"taxonomy":"product_cat","embeddable":true,"href":"https:\/\/thucpham.com\/vinacom\/wp-json\/wp\/v2\/product_cat?post=10367"},{"taxonomy":"product_tag","embeddable":true,"href":"https:\/\/thucpham.com\/vinacom\/wp-json\/wp\/v2\/product_tag?post=10367"}],"curies":[{"name":"wp","href":"https:\/\/api.w.org\/{rel}","templated":true}]}}