{"id":10325,"date":"2020-07-11T22:34:44","date_gmt":"2020-07-11T22:34:44","guid":{"rendered":"https:\/\/thucpham.com\/?post_type=product&#038;p=10325"},"modified":"2021-12-07T15:43:42","modified_gmt":"2021-12-07T08:43:42","slug":"may-thai-thit-sirman-mirra-250c","status":"publish","type":"product","link":"https:\/\/thucpham.com\/vinacom\/may-thai-thit-sirman-mirra-250c\/","title":{"rendered":"M\u00e1y Th\u00e1i Th\u1ecbt Sirman MIRRA 250C"},"content":{"rendered":"<p style=\"text-align: justify\"><span style=\"font-family: helvetica, arial, sans-serif\"><b><i>M\u00e1y th\u00e1i th\u1ecbt Sirman MIRRA 250C<\/i><\/b><span style=\"font-weight: 400\"> l\u00e0 m\u1ed9t trong nhi\u1ec1u d\u00f2ng m\u00e1y cao c\u1ea5p c\u1ee7a th\u01b0\u01a1ng hi\u1ec7u Sirman, Italy, c\u00f3 \u0111\u1ed9 b\u1ec1n cao, ho\u1ea1t \u0111\u1ed9ng c\u00f4ng su\u1ea5t l\u1edbn v\u00e0 v\u1eadn h\u00e0nh \u00eam \u00e1i. \u0110\u00e2y l\u00e0 m\u1ed9t trong nh\u1eefng&nbsp; thi\u1ebft b\u1ecb v\u00f4 c\u00f9ng h\u1eefu \u00edch v\u00e0 c\u1ea7n thi\u1ebft trong vi\u1ec7c ch\u1ebf bi\u1ebfn c\u00e1c th\u1ee9c \u0103n trong b\u1ebfp nh\u00e0 h\u00e0ng, qu\u00e1n \u0103n hay b\u1ebfp c\u00f4ng nghi\u1ec7p.&nbsp;<\/span><\/span><\/p>\n<p><img class=\"size-full wp-image-12170 aligncenter\" src=\"https:\/\/thucpham.com\/wp-content\/uploads\/2020\/07\/may-thai-thit-sirman-mirra-250c-banner.jpg\" alt=\"may-thai-thit-sirman-mirra-250c\" width=\"820\" height=\"656\" srcset=\"https:\/\/thucpham.com\/vinacom\/wp-content\/uploads\/2020\/07\/may-thai-thit-sirman-mirra-250c-banner.jpg 820w, https:\/\/thucpham.com\/vinacom\/wp-content\/uploads\/2020\/07\/may-thai-thit-sirman-mirra-250c-banner-300x240.jpg 300w, https:\/\/thucpham.com\/vinacom\/wp-content\/uploads\/2020\/07\/may-thai-thit-sirman-mirra-250c-banner-768x614.jpg 768w, https:\/\/thucpham.com\/vinacom\/wp-content\/uploads\/2020\/07\/may-thai-thit-sirman-mirra-250c-banner-24x19.jpg 24w, https:\/\/thucpham.com\/vinacom\/wp-content\/uploads\/2020\/07\/may-thai-thit-sirman-mirra-250c-banner-36x29.jpg 36w, https:\/\/thucpham.com\/vinacom\/wp-content\/uploads\/2020\/07\/may-thai-thit-sirman-mirra-250c-banner-48x38.jpg 48w, https:\/\/thucpham.com\/vinacom\/wp-content\/uploads\/2020\/07\/may-thai-thit-sirman-mirra-250c-banner-510x408.jpg 510w\" sizes=\"(max-width: 820px) 100vw, 820px\" title=\"\"><\/p>\n<p style=\"text-align: center\"><em>Th\u00f4ng tin s\u1ea3n ph\u1ea9m <span style=\"font-family: helvetica, arial, sans-serif\">m\u00e1y th\u00e1i th\u1ecbt Sirman MIRRA 250C<\/span><\/em><\/p>\n<p style=\"text-align: justify\"><span style=\"font-family: helvetica, arial, sans-serif\"><span style=\"font-weight: 400\">Th\u00e2n m\u00e1y \u0111\u01b0\u1ee3c c\u1ea5u t\u1ea1o b\u1eb1ng h\u1ee3p kim nh\u00f4m \u0111\u00fac \u0111\u1eb7c bi\u1ec7t, v\u1eefng ch\u1eafc, c\u00f3 l\u01b0\u1ee1i dao b\u1eb1ng th\u00e9p r\u1ea5t s\u1eafc b\u00e9n, kh\u00f4ng g\u1ec9, t\u1ea1o ra c\u00e1c l\u00e1t th\u1ecbt c\u1eaft \u0111\u1ed3ng \u0111\u1ec1u, kh\u00f4ng b\u1ecb n\u00e1t v\u1ee5n. L\u01b0\u1ee1i dao \u0111\u01b0\u1ee3c thi\u1ebft k\u1ebf c\u00f3 th\u1ec3 \u0111i\u1ec1u ch\u1ec9nh \u0111\u1ed9 m\u1ecfng c\u1ee7a l\u00e1t th\u1ecbt t\u1eeb 0-13mm. Ngo\u00e0i ra, s\u1ea3n ph\u1ea9m \u0111\u01b0\u1ee3c trang b\u1ecb b\u1ed9 ph\u1eadn m\u00e0i l\u01b0\u1ee1i dao \u0111i k\u00e8m. <\/span><span style=\"font-weight: 400\">Sirman&nbsp; MIRRA 250C \u0111\u01b0\u1ee3c thi\u1ebft k\u1ebf t\u1ea3n nhi\u1ec7t th\u00f4ng minh gi\u00fap motor ho\u1ea1t \u0111\u1ed9ng li\u00ean t\u1ee5c m\u00e0 kh\u00f4ng b\u1ecb n\u00f3ng m\u00e1y. <\/span><span style=\"font-weight: 400\">C\u00e1c b\u1ed9 ph\u1eadn c\u1ee7a m\u00e1y \u0111\u1ec1u c\u00f3 th\u1ec3 th\u00e1o l\u1eafp d\u1ec5 d\u00e0ng, thu\u1eadn ti\u1ec7n cho c\u00f4ng vi\u1ec7c v\u1ec7 sinh m\u00e1y.&nbsp;<\/span><\/span><\/p>\n<p style=\"text-align: justify\"><span style=\"font-family: helvetica, arial, sans-serif\"><b>ThucPham.com<\/b><span style=\"font-weight: 400\"> \u0111\u1ea3m b\u1ea3o cung c\u1ea5p s\u1ea3n ph\u1ea9m <\/span><b><i>m\u00e1y th\u00e1i th\u1ecbt Sirman MIRRA 250C <\/i><\/b><span style=\"font-weight: 400\">ch\u00ednh h\u00e3ng \u0111\u1ebfn tay ng\u01b0\u1eddi ti\u00eau d\u00f9ng v\u1edbi ch\u1ebf \u0111\u1ed9 b\u1ea3o h\u00e0nh b\u1ea3o tr\u00ec nhanh ch\u00f3ng, tr\u1ecdn \u0111\u1eddi.<\/span><\/span><\/p>\n","protected":false},"excerpt":{"rendered":"<ul>\n<li style=\"font-weight: 400\"><span style=\"font-weight: 400\">S\u1ea3n xu\u1ea5t b\u1eb1ng h\u1ee3p kim nh\u00f4m \u0111\u00fac, ch\u1eafc ch\u1eafn, b\u1ec1n b\u1ec9<\/span><\/li>\n<li style=\"font-weight: 400\"><span style=\"font-weight: 400\">Linh ho\u1ea1t t\u00f9y ch\u1ec9nh \u0111\u1ed9 m\u1ecfng c\u1ee7a l\u00e1t th\u1ecbt<\/span><\/li>\n<li style=\"font-weight: 400\"><span style=\"font-weight: 400\">C\u00f4ng su\u1ea5t l\u1edbn, v\u1eadn h\u00e0nh \u00eam \u00e1i<\/span><\/li>\n<li style=\"font-weight: 400\"><span style=\"font-weight: 400\">L\u01b0\u1ee1i dao s\u1eafc b\u00e9n gi\u00fap th\u00e1i th\u1ecbt nhanh ch\u00f3ng, \u0111\u1ed3ng \u0111\u1ec1u<\/span><\/li>\n<li style=\"font-weight: 400\"><span style=\"font-weight: 400\">D\u00f2ng m\u00e1y cao c\u1ea5p c\u1ee7a th\u01b0\u01a1ng hi\u1ec7u Sirman, \u00dd<\/span><\/li>\n<\/ul>\n","protected":false},"featured_media":38265,"comment_status":"open","ping_status":"closed","template":"","meta":[],"product_cat":[226,256],"product_tag":[],"_links":{"self":[{"href":"https:\/\/thucpham.com\/vinacom\/wp-json\/wp\/v2\/product\/10325"}],"collection":[{"href":"https:\/\/thucpham.com\/vinacom\/wp-json\/wp\/v2\/product"}],"about":[{"href":"https:\/\/thucpham.com\/vinacom\/wp-json\/wp\/v2\/types\/product"}],"replies":[{"embeddable":true,"href":"https:\/\/thucpham.com\/vinacom\/wp-json\/wp\/v2\/comments?post=10325"}],"wp:featuredmedia":[{"embeddable":true,"href":"https:\/\/thucpham.com\/vinacom\/wp-json\/wp\/v2\/media\/38265"}],"wp:attachment":[{"href":"https:\/\/thucpham.com\/vinacom\/wp-json\/wp\/v2\/media?parent=10325"}],"wp:term":[{"taxonomy":"product_cat","embeddable":true,"href":"https:\/\/thucpham.com\/vinacom\/wp-json\/wp\/v2\/product_cat?post=10325"},{"taxonomy":"product_tag","embeddable":true,"href":"https:\/\/thucpham.com\/vinacom\/wp-json\/wp\/v2\/product_tag?post=10325"}],"curies":[{"name":"wp","href":"https:\/\/api.w.org\/{rel}","templated":true}]}}