{"id":10256,"date":"2020-07-11T18:18:24","date_gmt":"2020-07-11T11:18:24","guid":{"rendered":"https:\/\/thucpham.com\/?post_type=product&#038;p=10256"},"modified":"2023-12-19T13:27:39","modified_gmt":"2023-12-19T06:27:39","slug":"bep-ham-nong-cafe-2-bep-berjaya","status":"publish","type":"product","link":"https:\/\/thucpham.com\/vinacom\/bep-ham-nong-cafe-2-bep-berjaya\/","title":{"rendered":"B\u1ebfp H\u00e2m N\u00f3ng Cafe 2 B\u1ebfp Berjaya"},"content":{"rendered":"<p style=\"text-align: justify\"><b><i>B\u1ebfp h\u00e2m n\u00f3ng cafe 2 b\u1ebfp Berjaya<\/i><\/b><span style=\"font-weight: 400\"> l\u00e0 gi\u1ea3i ph\u00e1p hi\u1ec7u qu\u1ea3 v\u00e0 ti\u1ec7n l\u1ee3i v\u1edbi c\u00f4ng d\u1ee5ng l\u00e0m h\u00e2m n\u00f3ng v\u00e0 gi\u1eef nhi\u1ec7t cho cafe gi\u00fap b\u1ea1n kh\u00f4ng ph\u1ea3i m\u1ea5t th\u1eddi gian, c\u00f4ng s\u1ee9c pha cafe nhi\u1ec1u l\u1ea7n m\u00e0 v\u1eabn c\u00f3 nh\u1eefng ly cafe n\u00f3ng h\u1ed5i h\u1ea5p d\u1eabn v\u00e0 th\u01a1m ngon. Ngo\u00e0i cafe, b\u1ea1n c\u00f2n c\u00f3 th\u1ec3 h\u00e2m n\u00f3ng c\u00e1c lo\u1ea1i th\u1ef1c ph\u1ea9m,\u0111\u1ed3 u\u1ed1ng kh\u00e1c nh\u01b0 ch\u00e1o, s\u00fap&#8230; v\u1edbi chi\u1ebfc b\u1ebfp n\u00e0y. V\u1edbi 2 b\u00e0n b\u1ebfp c\u00f3 c\u00f4ng t\u1eafc b\u1eadt\/t\u1eaft ho\u1ea1t \u0111\u1ed9ng ri\u00eang bi\u1ec7t, b\u1ebfp h\u00e2m n\u00f3ng cafe Berjaya cho ph\u00e9p b\u1ea1n c\u00f3 th\u1ec3 c\u00f9ng l\u00fac l\u00e0m n\u00f3ng 1 ho\u1eb7c 2 b\u00ecnh ch\u1ee9a c\u00f9ng l\u00fac m\u00e0 kh\u00f4ng s\u1ee3 nhi\u1ec7t \u0111\u1ed9 c\u1ee7a b\u1ebfp n\u00e0y s\u1ebd \u1ea3nh h\u01b0\u1edfng \u0111\u1ebfn nhi\u1ec7t \u0111\u1ed9 c\u1ee7a b\u1ebfp kia.&nbsp;<\/span><\/p>\n<p><img class=\"size-full wp-image-11999 aligncenter\" src=\"https:\/\/thucpham.com\/wp-content\/uploads\/2020\/07\/bep-ham-nong-cafe-2-bep-berjaya-CW2W-banner.jpg\" alt=\"bep-ham-nong-cafe-2-bep-berjaya-CW2W\" width=\"820\" height=\"656\" srcset=\"https:\/\/thucpham.com\/vinacom\/wp-content\/uploads\/2020\/07\/bep-ham-nong-cafe-2-bep-berjaya-CW2W-banner.jpg 820w, https:\/\/thucpham.com\/vinacom\/wp-content\/uploads\/2020\/07\/bep-ham-nong-cafe-2-bep-berjaya-CW2W-banner-300x240.jpg 300w, https:\/\/thucpham.com\/vinacom\/wp-content\/uploads\/2020\/07\/bep-ham-nong-cafe-2-bep-berjaya-CW2W-banner-768x614.jpg 768w, https:\/\/thucpham.com\/vinacom\/wp-content\/uploads\/2020\/07\/bep-ham-nong-cafe-2-bep-berjaya-CW2W-banner-24x19.jpg 24w, https:\/\/thucpham.com\/vinacom\/wp-content\/uploads\/2020\/07\/bep-ham-nong-cafe-2-bep-berjaya-CW2W-banner-36x29.jpg 36w, https:\/\/thucpham.com\/vinacom\/wp-content\/uploads\/2020\/07\/bep-ham-nong-cafe-2-bep-berjaya-CW2W-banner-48x38.jpg 48w, https:\/\/thucpham.com\/vinacom\/wp-content\/uploads\/2020\/07\/bep-ham-nong-cafe-2-bep-berjaya-CW2W-banner-510x408.jpg 510w\" sizes=\"(max-width: 820px) 100vw, 820px\" title=\"\"><\/p>\n<p style=\"text-align: center\"><em>Th\u00f4ng tin s\u1ea3n ph\u1ea9m b\u1ebfp h\u00e2m n\u00f3ng cafe 2 b\u1ebfp Berjaya<\/em><\/p>\n<p style=\"text-align: justify\"><span style=\"font-weight: 400\">B\u1ec1 m\u1eb7t b\u1ebfp \u0111\u01b0\u1ee3c k\u1ebft c\u1ea5u b\u1eb1ng inox ch\u1ea5t l\u01b0\u1ee3ng cao kh\u00f4ng nh\u1eefng gi\u00fap \u0111\u1ea3m b\u1ea3o ch\u1ea5t l\u01b0\u1ee3ng v\u1ec7 sinh an to\u00e0n th\u1ef1c ph\u1ea9m m\u00e0 c\u00f2n l\u00e0m cho qu\u1ea7y bar, kh\u00f4ng gian b\u1ebfp c\u1ee7a b\u1ea1n tr\u1edf n\u00ean sang tr\u1ecdng, \u0111\u1eb9p m\u1eaft h\u01a1n v\u1edbi thi\u1ebft k\u1ebf tinh t\u1ebf c\u1ee7a n\u00f3. Ngo\u00e0i ra, ph\u1ea7n b\u1ebfp \u0111un c\u1ee7a <\/span><b><i>b\u1ebfp h\u00e2m n\u00f3ng cafe 2 b\u1ebfp Berjaya <\/i><\/b><span style=\"font-weight: 400\">\u0111\u01b0\u1ee3c b\u1ecdc b\u1eb1ng 2 t\u1ea5m g\u1ed1m v\u1edbi kh\u1ea3 n\u0103ng truy\u1ec1n nhi\u1ec7t v\u00e0 gi\u1eef nhi\u1ec7t hi\u1ec7u qu\u1ea3. Th\u00eam v\u00e0o \u0111\u00f3, b\u1ebfp kh\u00f4ng ti\u00eau hao nhi\u1ec1u n\u0103ng l\u01b0\u1ee3ng \u0111\u1ec3 truy\u1ec1n nhi\u1ec7t nh\u1edd c\u1ea5u t\u1ea1o b\u00e0n b\u1ebfp gi\u1eef nhi\u1ec7t l\u00e2u, \u0111\u1ea3m b\u1ea3o hi\u1ec7u qu\u1ea3 h\u00e2m n\u00f3ng m\u1ea1nh m\u1ebd, nhanh ch\u00f3ng.<\/span><\/p>\n","protected":false},"excerpt":{"rendered":"<ul>\n<li style=\"font-weight: 400\"><span style=\"font-weight: 400\">C\u00f4ng t\u1eafc b\u1eadt\/t\u1eaft ri\u00eang cho t\u1eebng b\u1ebfp, linh ho\u1ea1t s\u1eed d\u1ee5ng<\/span><\/li>\n<li style=\"font-weight: 400\"><span style=\"font-weight: 400\">B\u1ec1 m\u1eb7t b\u1ebfp b\u1eb1ng inox kh\u00f4ng g\u1ec9, d\u1ec5 d\u00e0ng v\u1ec7 sinh<\/span><\/li>\n<li style=\"font-weight: 400\"><span style=\"font-weight: 400\">Thi\u1ebft k\u1ebf g\u1ecdn g\u00e0ng, v\u1eadn h\u00e0nh \u0111\u01a1n gi\u1ea3n<\/span><\/li>\n<li style=\"font-weight: 400\"><span style=\"font-weight: 400\">Th\u1eddi gian h\u00e2m n\u00f3ng cafe nhanh, gi\u1eef nhi\u1ec7t l\u00e2u<\/span><\/li>\n<li style=\"font-weight: 400\"><span style=\"font-weight: 400\">L\u00e0m n\u00f3ng \u0111\u1ed3ng th\u1eddi 2 b\u00ecnh \u0111\u1ef1ng c\u00f9ng m\u1ed9t l\u00fac<\/span><\/li>\n<\/ul>\n","protected":false},"featured_media":38166,"comment_status":"open","ping_status":"closed","template":"","meta":[],"product_cat":[223,248],"product_tag":[],"_links":{"self":[{"href":"https:\/\/thucpham.com\/vinacom\/wp-json\/wp\/v2\/product\/10256"}],"collection":[{"href":"https:\/\/thucpham.com\/vinacom\/wp-json\/wp\/v2\/product"}],"about":[{"href":"https:\/\/thucpham.com\/vinacom\/wp-json\/wp\/v2\/types\/product"}],"replies":[{"embeddable":true,"href":"https:\/\/thucpham.com\/vinacom\/wp-json\/wp\/v2\/comments?post=10256"}],"wp:featuredmedia":[{"embeddable":true,"href":"https:\/\/thucpham.com\/vinacom\/wp-json\/wp\/v2\/media\/38166"}],"wp:attachment":[{"href":"https:\/\/thucpham.com\/vinacom\/wp-json\/wp\/v2\/media?parent=10256"}],"wp:term":[{"taxonomy":"product_cat","embeddable":true,"href":"https:\/\/thucpham.com\/vinacom\/wp-json\/wp\/v2\/product_cat?post=10256"},{"taxonomy":"product_tag","embeddable":true,"href":"https:\/\/thucpham.com\/vinacom\/wp-json\/wp\/v2\/product_tag?post=10256"}],"curies":[{"name":"wp","href":"https:\/\/api.w.org\/{rel}","templated":true}]}}